000
CXUS53 KLSX 011600
CF6JEF
PRELIMINARY LOCAL CLIMATOLOGICAL DATA (WS FORM: F-6)

                                          STATION:   JEFFERSON CITY
                                          MONTH:     NOVEMBER
                                          YEAR:      2013
                                          LATITUDE:   38 35 N
                                          LONGITUDE:  92 10 W

  TEMPERATURE IN F:       :PCPN:    SNOW:  WIND      :SUNSHINE: SKY     :PK WND
================================================================================
1   2   3   4   5  6A  6B    7    8   9   10  11  12  13   14  15   16   17  18
                                     12Z  AVG MX 2MIN
DY MAX MIN AVG DEP HDD CDD  WTR  SNW DPTH SPD SPD DIR MIN PSBL S-S WX    SPD DR
================================================================================

 1  62  45  54   2  11   0 0.00  0.0    0  6.6 20 290   M    M   2 8      25 270
 2  54  34  44  -8  21   0 0.00  0.0    0  6.1 16 300   M    M   5 1      21 290
 3  61  29  45  -6  20   0 0.00  0.0    0  8.2 18 150   M    M   2 12     23 140
 4  64  50  57   6   8   0 0.03  0.0    0  9.4 17 170   M    M   5        25 160
 5  59  52  56   6   9   0 0.44  0.0    0  8.4 16 160   M    M  10 1      22 160
 6  62  35  49  -1  16   0 0.30  0.0    0  9.2 23 290   M    M   8 1      32 310
 7  57  30  44  -6  21   0 0.00  0.0    0  4.0 16 280   M    M   0 18     22 310
 8  63  27  45  -4  20   0 0.00  0.0    0  8.1 21 170   M    M   1 1      25 160
 9  67  38  53   4  12   0 0.00  0.0    0  3.8 16 270   M    M   0 8      24 290
10  59  36  48   0  17   0 0.00  0.0    0  2.1 14 360   M    M   0        18 360
11  65  31  48   0  17   0 0.03  0.0    0  8.1 25  10   M    M   9 18     31 360
12  38  20  29 -18  36   0 0.00  0.0    0  6.3 17 360   M    M   2        24 360
13  49  18  34 -13  31   0 0.00  0.0    0  5.6 16 200   M    M   0 8      18 190
14  59  29  44  -2  21   0 0.00  0.0    0  6.5 17 200   M    M   0        22 210
15  58  42  50   4  15   0 0.06  0.0    0  6.4 15 170   M    M   6 8      20 160
16  69  53  61  15   4   0 0.04  0.0    0 12.2 21 190   M    M   4 3      31 180
17  77  44  61  16   4   0    T  0.0    0 15.3 39 260   M    M   2 3      53 250
18  56  32  44   0  21   0 0.00  0.0    0  3.9 16 290   M    M   0        23 290
19  56  27  42  -2  23   0 0.00  0.0    0  6.0 15 130   M    M   1        20 130
20  49  40  45   1  20   0 0.12  0.0    0  8.3 15 120   M    M  10        20 120
21  52  44  48   5  17   0 0.24  0.0    0  4.2 15 340   M    M  10 1      20 340
22  44  31  38  -5  27   0    T  0.0    0  8.2 16 320   M    M  10 18     22 330
23  33  17  25 -17  40   0 0.00  0.0    0  8.2 17 350   M    M   0        23 330
24  29  12  21 -21  44   0 0.00  0.0    0  2.9  8 120   M    M   0 8      10 110
25  37  29  33  -8  32   0 0.00  0.0    0  4.4 10 190   M    M  10 8      13 190
26  41  23  32  -9  33   0 0.00  0.0    0  7.5 20 340   M    M   3        26 340
27  31  18  25 -15  40   0 0.00  0.0    0  5.7 13 340   M    M   0        17 350
28  47  23  35  -5  30   0 0.00  0.0    0  5.3 17 270   M    M   0        22 260
29  50  19  35  -5  30   0 0.00  0.0    0  4.6 12 120   M    M   0 8      14 110
30  60  26  43   4  22   0 0.00  0.0    0  4.4 12 180   M    M   0 1      16 210
================================================================================
SM 1608  954       662   0  1.26     0.0 199.9          M      100
================================================================================
AV 53.6 31.8                               6.7 FASTST   M    M   3    MAX(MPH)
                                 MISC ---->  # 39 260               # 53  250
================================================================================
NOTES:
# LAST OF SEVERAL OCCURRENCES

COLUMN 17 PEAK WIND IN M.P.H.

PRELIMINARY LOCAL CLIMATOLOGICAL DATA (WS FORM: F-6) , PAGE 2

                                          STATION:  JEFFERSON CITY
                                          MONTH:    NOVEMBER
                                          YEAR:     2013
                                          LATITUDE:   38 35 N
                                          LONGITUDE:  92 10 W

[TEMPERATURE DATA]      [PRECIPITATION DATA]       SYMBOLS USED IN COLUMN 16

AVERAGE MONTHLY: 42.7   TOTAL FOR MONTH:   1.26    1 = FOG OR MIST
DPTR FM NORMAL:  -2.9   DPTR FM NORMAL:   -2.54    2 = FOG REDUCING VISIBILITY
HIGHEST:    77 ON 17    GRTST 24HR  1.24 ON 31- 1      TO 1/4 MILE OR LESS
LOWEST:     12 ON 24                               3 = THUNDER
                        SNOW, ICE PELLETS, HAIL    4 = ICE PELLETS
                        TOTAL MONTH:   0.0 INCH    5 = HAIL
                        GRTST 24HR     0.0         6 = FREEZING RAIN OR DRIZZLE
                        GRTST DEPTH:   0           7 = DUSTSTORM OR SANDSTORM:
                                                       VSBY 1/2 MILE OR LESS
                                                   8 = SMOKE OR HAZE
[NO. OF DAYS WITH]      [WEATHER - DAYS WITH]      9 = BLOWING SNOW
                                                   X = TORNADO
MAX 32 OR BELOW:   2    0.01 INCH OR MORE:   8
MAX 90 OR ABOVE:   0    0.10 INCH OR MORE:   4
MIN 32 OR BELOW:  18    0.50 INCH OR MORE:   0
MIN  0 OR BELOW:   0    1.00 INCH OR MORE:   0

[HDD (BASE 65) ]
TOTAL THIS MO.   662    CLEAR  (SCALE 0-3)  18
DPTR FM NORMAL    79    PTCLDY (SCALE 4-7)   6
TOTAL FM JUL 1   990    CLOUDY (SCALE 8-10)  6
DPTR FM NORMAL    94

[CDD (BASE 65) ]
TOTAL THIS MO.     0
DPTR FM NORMAL    -2    [PRESSURE DATA]
TOTAL FM JAN 1  1392    HIGHEST SLP 30.84 ON 12
DPTR FM NORMAL    36    LOWEST  SLP 29.39 ON 17

[REMARKS]
#FINAL-11-13#
