000
CXUS53 KLSX 011600
CF6JEF
PRELIMINARY LOCAL CLIMATOLOGICAL DATA (WS FORM: F-6)

                                          STATION:   JEFFERSON CITY
                                          MONTH:     DECEMBER
                                          YEAR:      2015
                                          LATITUDE:   38 35 N
                                          LONGITUDE:  92 10 W

  TEMPERATURE IN F:       :PCPN:    SNOW:  WIND      :SUNSHINE: SKY     :PK WND
================================================================================
1   2   3   4   5  6A  6B    7    8   9   10  11  12  13   14  15   16   17  18
                                     12Z  AVG MX 2MIN
DY MAX MIN AVG DEP HDD CDD  WTR  SNW DPTH SPD SPD DIR MIN PSBL S-S WX    SPD DR
================================================================================

 1  50  33  42   3  23   0 0.00  0.0    0  8.7 20 290   M    M   2        26 230
 2  41  30  36  -2  29   0    T    M    0 10.4 22 270   M    M   9        30 280
 3  49  27  38   0  27   0 0.00  0.0    0  0.1  6 210   M    M   2         9 210
 4  54  24  39   1  26   0 0.00  0.0    0  4.7 12 140   M    M   1 18     14 140
 5  58  27  43   6  22   0 0.00  0.0    0  8.3 16 160   M    M   0        19 160
 6  53  30  42   5  23   0 0.00  0.0    0  3.2 10 260   M    M   6 1      13 250
 7  51  35  43   7  22   0 0.00  0.0    0  5.1 12 120   M    M   5 18     13 120
 8  64  43  54  18  11   0 0.00  0.0    0  6.0 14 160   M    M   0        18 170
 9  59  37  48  12  17   0 0.00  0.0    0  3.5 10 270   M    M   0        13 270
10  67  35  51  15  14   0 0.00  0.0    0  6.8 23 280   M    M   0        31 240
11  65  30  48  13  17   0 0.00  0.0    0  6.9 18 160   M    M   1 12     22 170
12  70  44  57  22   8   0    T  0.0    0  7.9 15 160   M    M   6 128    21 150
13  69  55  62  27   3   0 1.81  0.0    0 12.3 20 130   M    M  10 1      25 130
14  55  44  50  16  15   0 0.04  0.0    0 14.0 28 270   M    M   9 1      36 260
15  57  43  50  16  15   0 0.00  0.0    0 10.0 18 130   M    M   6        22 120
16  56  32  44  10  21   0 0.00  0.0    0 11.8 24 270   M    M   0        30 260
17  36  29  33  -1  32   0 0.00  0.0    0  6.3 14 290   M    M   7        16 290
18  42  25  34   0  31   0 0.00  0.0    0  9.5 23 260   M    M   1        29 260
19  52  23  38   5  27   0 0.00  0.0    0  6.0 14 160   M    M   0        19 160
20  57  42  50  17  15   0 0.07  0.0    0 13.5 26 190   M    M   2        36 190
21  60  38  49  16  16   0 0.11  0.0    0 11.1 21 240   M    M   8 1      28 240
22  58  37  48  15  17   0 0.00  0.0    0  8.4 16 130   M    M   5        20 130
23  69  40  55  22  10   0 0.19    M    0 14.2 33 270   M    M   5 1      45 280
24  51  30  41   9  24   0    T  0.0    0  4.8 16 120   M    M   4        19 110
25  46  27  37   5  28   0 0.00  0.0    0  6.6 16  70   M    M   2        22  80
26  50  42  46  14  19   0 2.47  0.0    0  8.7 24 350   M    M  10 1      34 360
27  42  37  40   8  25   0 1.82  0.0    0 11.2 18 360   M    M  10 1      27  60
28  40  31  36   4  29   0 0.88    M    0 12.0 24  80   M    M  10 1      35  80
29  31  28  30  -2  35   0 0.00  0.0    0  8.8 23 270   M    M  10        29 280
30  32  28  30  -2  35   0    T    M    0  5.8 12 270   M    M  10        16 300
31  37  28  33   1  32   0 0.00  0.0    0  5.5 14 310   M    M   6        18 320
================================================================================
SM 1621 1054       668   0  7.39     0.0 252.1          M      147
================================================================================
AV 52.3 34.0                               8.1 FASTST   M    M   5    MAX(MPH)
                                 MISC ---->  # 33 270               # 45  280
================================================================================
NOTES:
# LAST OF SEVERAL OCCURRENCES

COLUMN 17 PEAK WIND IN M.P.H.

PRELIMINARY LOCAL CLIMATOLOGICAL DATA (WS FORM: F-6) , PAGE 2

                                          STATION:  JEFFERSON CITY
                                          MONTH:    DECEMBER
                                          YEAR:     2015
                                          LATITUDE:   38 35 N
                                          LONGITUDE:  92 10 W

[TEMPERATURE DATA]      [PRECIPITATION DATA]       SYMBOLS USED IN COLUMN 16

AVERAGE MONTHLY: 43.1   TOTAL FOR MONTH:   7.39    1 = FOG OR MIST
DPTR FM NORMAL:   8.7   DPTR FM NORMAL:    4.74    2 = FOG REDUCING VISIBILITY
HIGHEST:    70 ON 12    GRTST 24HR  3.09 ON 26-27      TO 1/4 MILE OR LESS
LOWEST:     23 ON 19                               3 = THUNDER
                        SNOW, ICE PELLETS, HAIL    4 = ICE PELLETS
                        TOTAL MONTH:   0.0 INCH    5 = HAIL
                        GRTST 24HR     0.0         6 = FREEZING RAIN OR DRIZZLE
                        GRTST DEPTH:   0           7 = DUSTSTORM OR SANDSTORM:
                                                       VSBY 1/2 MILE OR LESS
                                                   8 = SMOKE OR HAZE
[NO. OF DAYS WITH]      [WEATHER - DAYS WITH]      9 = BLOWING SNOW
                                                   X = TORNADO
MAX 32 OR BELOW:   2    0.01 INCH OR MORE:   8
MAX 90 OR ABOVE:   0    0.10 INCH OR MORE:   6
MIN 32 OR BELOW:  16    0.50 INCH OR MORE:   4
MIN  0 OR BELOW:   0    1.00 INCH OR MORE:   3

[HDD (BASE 65) ]
TOTAL THIS MO.   668    CLEAR  (SCALE 0-3)  13
DPTR FM NORMAL  -280    PTCLDY (SCALE 4-7)   9
TOTAL FM JUL 1  1394    CLOUDY (SCALE 8-10)  9
DPTR FM NORMAL  -450

[CDD (BASE 65) ]
TOTAL THIS MO.     0
DPTR FM NORMAL     0    [PRESSURE DATA]
TOTAL FM JAN 1  1463    HIGHEST SLP 30.57 ON  4
DPTR FM NORMAL   107    LOWEST  SLP 29.08 ON 23

[REMARKS]
#FINAL-12-15#
