000
CXUS53 KLSX 011600
CF6JEF
PRELIMINARY LOCAL CLIMATOLOGICAL DATA (WS FORM: F-6)

                                          STATION:   JEFFERSON CITY
                                          MONTH:     OCTOBER
                                          YEAR:      2013
                                          LATITUDE:   38 35 N
                                          LONGITUDE:  92 10 W

  TEMPERATURE IN F:       :PCPN:    SNOW:  WIND      :SUNSHINE: SKY     :PK WND
================================================================================
1   2   3   4   5  6A  6B    7    8   9   10  11  12  13   14  15   16   17  18
                                     12Z  AVG MX 2MIN
DY MAX MIN AVG DEP HDD CDD  WTR  SNW DPTH SPD SPD DIR MIN PSBL S-S WX    SPD DR
================================================================================

 1  83  62  73  11   0   8 0.00  0.0    0  3.3 13 230   M    M   4 18     16 230
 2  84  61  73  11   0   8 0.00  0.0    0  3.3 14 170   M    M   6 1238   18 170
 3  85  66  76  14   0  11    T  0.0    0  7.0 15 170   M    M   3 38     21 170
 4  87  69  78  17   0  13 0.00  0.0    0  9.1 17 160   M    M   1 18     23 190
 5  76  49  63   2   2   0 0.84  0.0    0  5.5 21 290   M    M   5 1      30 290
 6  58  45  52  -9  13   0 0.00  0.0    0 10.4 21 250   M    M   6 18     28 250
 7  71  48  60   0   5   0 0.00  0.0    0  3.8 14 300   M    M   4 18     18 300
 8  75  42  59  -1   6   0 0.00  0.0    0  5.6 14 170   M    M   0 18     18 140
 9  74  43  59  -1   6   0 0.00  0.0    0  2.8 10 120   M    M   0 18     16 120
10  78  45  62   2   3   0 0.00  0.0    0  5.4 13 130   M    M   1 128     M  M
11  80  54  67   8   0   2 0.00  0.0    0  8.4 20 170   M    M   2 1      24 170
12  75  48  62   3   3   0 0.05  0.0    0  4.6 14 280   M    M   3        20 300
13  75  41  58   0   7   0 0.00  0.0    0  2.5 12  40   M    M   0        16  40
14  67  42  55  -3  10   0 0.03  0.0    0  6.6 15 110   M    M   2        18 120
15  65  49  57  -1   8   0 0.11  0.0    0  6.5 14 260   M    M   3 1      20 270
16  59  42  51  -7  14   0 0.01  0.0    0  4.6 14 270   M    M   6        20 280
17  64  46  55  -2  10   0 0.03  0.0    0  4.6 16 270   M    M   4 1      22 250
18  58  41  50  -7  15   0 0.07  0.0    0  5.9 13 290   M    M   3        18 310
19  58  38  48  -9  17   0 0.04  0.0    0  7.4 17 250   M    M   4        24 260
20  71  44  58   2   7   0 0.00  0.0    0  6.2 22 250   M    M   0        28 240
21  55  35  45 -11  20   0 0.00  0.0    0  4.6 16 290   M    M   2        21 290
22  65  33  49  -7  16   0    T  0.0    0  9.4 29 290   M    M   6        38 280
23  51  33  42 -13  23   0 0.00  0.0    0  4.0 14 320   M    M   5        23 250
24  50  28  39 -16  26   0 0.00  0.0    0  6.7 21 340   M    M   3 8      30 350
25  56  24  40 -15  25   0 0.00  0.0    0  3.5 13 190   M    M   1 1      17 170
26  64  34  49  -5  16   0 0.00  0.0    0  6.2 18 280   M    M   1        24 290
27  63  26  45  -9  20   0 0.00  0.0    0  0.8 10 190   M    M   1 12      M  M
28  72  29  51  -3  14   0 0.00  0.0    0  1.4  9 130   M    M   0 8      14 130
29  61  44  53   0  12   0 0.66  0.0    0  6.4 15 130   M    M   8 1      20 130
30  73  58  66  13   0   1 0.06  0.0    0  6.7 13 200   M    M   7 13     22 170
31  66  47  57   5   8   0 1.26  0.0    0  6.4 22 270   M    M   8 1      26 270
================================================================================
SM 2119 1366       306  43  3.16     0.0 169.6          M       99
================================================================================
AV 68.4 44.1                               5.5 FASTST   M    M   3    MAX(MPH)
                                 MISC ---->  # 29 290               # 38  280
================================================================================
NOTES:
# LAST OF SEVERAL OCCURRENCES

COLUMN 17 PEAK WIND IN M.P.H.

PRELIMINARY LOCAL CLIMATOLOGICAL DATA (WS FORM: F-6) , PAGE 2

                                          STATION:  JEFFERSON CITY
                                          MONTH:    OCTOBER
                                          YEAR:     2013
                                          LATITUDE:   38 35 N
                                          LONGITUDE:  92 10 W

[TEMPERATURE DATA]      [PRECIPITATION DATA]       SYMBOLS USED IN COLUMN 16

AVERAGE MONTHLY: 56.2   TOTAL FOR MONTH:   3.16    1 = FOG OR MIST
DPTR FM NORMAL:  -1.3   DPTR FM NORMAL:   -0.38    2 = FOG REDUCING VISIBILITY
HIGHEST:    87 ON  4    GRTST 24HR  1.28 ON 30-31      TO 1/4 MILE OR LESS
LOWEST:     24 ON 25                               3 = THUNDER
                        SNOW, ICE PELLETS, HAIL    4 = ICE PELLETS
                        TOTAL MONTH:   0.0 INCH    5 = HAIL
                        GRTST 24HR     0.0         6 = FREEZING RAIN OR DRIZZLE
                        GRTST DEPTH:   0           7 = DUSTSTORM OR SANDSTORM:
                                                       VSBY 1/2 MILE OR LESS
                                                   8 = SMOKE OR HAZE
[NO. OF DAYS WITH]      [WEATHER - DAYS WITH]      9 = BLOWING SNOW
                                                   X = TORNADO
MAX 32 OR BELOW:   0    0.01 INCH OR MORE:  11
MAX 90 OR ABOVE:   0    0.10 INCH OR MORE:   4
MIN 32 OR BELOW:   4    0.50 INCH OR MORE:   3
MIN  0 OR BELOW:   0    1.00 INCH OR MORE:   1

[HDD (BASE 65) ]
TOTAL THIS MO.   306    CLEAR  (SCALE 0-3)  16
DPTR FM NORMAL    43    PTCLDY (SCALE 4-7)  15
TOTAL FM JUL 1   328    CLOUDY (SCALE 8-10)  0
DPTR FM NORMAL    15

[CDD (BASE 65) ]
TOTAL THIS MO.    43
DPTR FM NORMAL    13    [PRESSURE DATA]
TOTAL FM JAN 1  1392    HIGHEST SLP 30.51 ON 25
DPTR FM NORMAL    38    LOWEST  SLP 29.41 ON 31

[REMARKS]
#FINAL-10-13#
