000
CXUS53 KLSX 011600
CF6JEF
PRELIMINARY LOCAL CLIMATOLOGICAL DATA (WS FORM: F-6)

                                          STATION:   JEFFERSON CITY
                                          MONTH:     SEPTEMBER
                                          YEAR:      2015
                                          LATITUDE:   38 35 N
                                          LONGITUDE:  92 10 W

  TEMPERATURE IN F:       :PCPN:    SNOW:  WIND      :SUNSHINE: SKY     :PK WND
================================================================================
1   2   3   4   5  6A  6B    7    8   9   10  11  12  13   14  15   16   17  18
                                     12Z  AVG MX 2MIN
DY MAX MIN AVG DEP HDD CDD  WTR  SNW DPTH SPD SPD DIR MIN PSBL S-S WX    SPD DR
================================================================================

 1  92  69  81   8   0  16 0.00  0.0    0  5.3 16 100   M    M   0 18     20  90
 2  90  69  80   7   0  15 0.00  0.0    0  4.0 13 170   M    M   0 18     17 160
 3  93  69  81   9   0  16 0.00  0.0    0  4.3 10 220   M    M   0        17 230
 4  94  69  82  10   0  17 0.00  0.0    0  4.6 10 100   M    M   1 1      15 180
 5  93  69  81   9   0  16 0.00  0.0    0  3.9 14 250   M    M   1 1      19 260
 6  94  70  82  10   0  17 0.00  0.0    0  5.9 14 140   M    M   0 1      18 210
 7  84  71  78   7   0  13 0.00  0.0    0  4.6 13 180   M    M   1 18     17 330
 8  80  71  76   5   0  11 0.17  0.0    0  4.6 15 220   M    M   5 1      20 270
 9  86  68  77   7   0  12 0.00  0.0    0  3.5  9  80   M    M   5        16  70
10  88  64  76   6   0  11 0.00  0.0    0  2.3 14 280   M    M   0 1      16 280
11  74  55  65  -5   0   0 0.36  0.0    0  7.4 22 280   M    M   4 1      26 270
12  69  49  59 -10   6   0 0.00  0.0    0  4.9 16 350   M    M   2        24 350
13  75  46  61  -8   4   0 0.00  0.0    0  5.4 15 160   M    M   3 12     17 170
14  85  59  72   3   0   7 0.00  0.0    0  8.4 17 200   M    M   2        24 190
15  85  60  73   5   0   8 0.00  0.0    0  9.1 18 140   M    M   0        24 120
16  88  62  75   7   0  10 0.00  0.0    0  8.7 17 160   M    M   2 8      22 150
17  92  70  81  13   0  16 0.00  0.0    0  8.5 20 170   M    M   2 8      27 220
18  87  68  78  11   0  13 0.00  0.0    0  7.3 20 300   M    M   4        27 310
19  74  54  64  -3   1   0 0.00  0.0    0  7.5 17 300   M    M   2        23 290
20  75  48  62  -4   3   0 0.00  0.0    0  4.1 15 140   M    M   0        19 120
21  82  46  64  -2   1   0 0.00  0.0    0  3.4  9 190   M    M   1 12     12 120
22  87  57  72   6   0   7 0.00  0.0    0  4.4 10 150   M    M   3        13 180
23  85  58  72   7   0   7 0.00  0.0    0  3.9 10 140   M    M   1        14 140
24  84  58  71   6   0   6 0.00  0.0    0  2.5  9  80   M    M   0        13 100
25  84  54  69   5   0   4 0.00  0.0    0  2.3 15  30   M    M   0 1      19  30
26  80  54  67   3   0   2 0.00  0.0    0  5.5 16  80   M    M   3        23 120
27  77  64  71   7   0   6 0.03  0.0    0  2.9 13 180   M    M   9 18     15 180
28  83  60  72   8   0   7 0.00  0.0    0  2.9  8 120   M    M   3 1      14 140
29  83  61  72   9   0   7 0.00  0.0    0  7.1 18  10   M    M   5 1      25  20
30  72  55  64   1   1   0    T  0.0    0  6.7 14 360   M    M   4 1      18 360
================================================================================
SM 2515 1827        16 244  0.56     0.0 155.9          M       63
================================================================================
AV 83.8 60.9                               5.2 FASTST   M    M   2    MAX(MPH)
                                 MISC ---->  # 22 280               # 27  220
================================================================================
NOTES:
# LAST OF SEVERAL OCCURRENCES

COLUMN 17 PEAK WIND IN M.P.H.

PRELIMINARY LOCAL CLIMATOLOGICAL DATA (WS FORM: F-6) , PAGE 2

                                          STATION:  JEFFERSON CITY
                                          MONTH:    SEPTEMBER
                                          YEAR:     2015
                                          LATITUDE:   38 35 N
                                          LONGITUDE:  92 10 W

[TEMPERATURE DATA]      [PRECIPITATION DATA]       SYMBOLS USED IN COLUMN 16

AVERAGE MONTHLY: 72.4   TOTAL FOR MONTH:   0.56    1 = FOG OR MIST
DPTR FM NORMAL:   4.3   DPTR FM NORMAL:   -3.75    2 = FOG REDUCING VISIBILITY
HIGHEST:    94 ON  6, 4 GRTST 24HR  0.36 ON 11-11      TO 1/4 MILE OR LESS
LOWEST:     46 ON 21,13                            3 = THUNDER
                        SNOW, ICE PELLETS, HAIL    4 = ICE PELLETS
                        TOTAL MONTH:   0.0 INCH    5 = HAIL
                        GRTST 24HR     0.0         6 = FREEZING RAIN OR DRIZZLE
                        GRTST DEPTH:   0           7 = DUSTSTORM OR SANDSTORM:
                                                       VSBY 1/2 MILE OR LESS
                                                   8 = SMOKE OR HAZE
[NO. OF DAYS WITH]      [WEATHER - DAYS WITH]      9 = BLOWING SNOW
                                                   X = TORNADO
MAX 32 OR BELOW:   0    0.01 INCH OR MORE:   3
MAX 90 OR ABOVE:   7    0.10 INCH OR MORE:   2
MIN 32 OR BELOW:   0    0.50 INCH OR MORE:   0
MIN  0 OR BELOW:   0    1.00 INCH OR MORE:   0

[HDD (BASE 65) ]
TOTAL THIS MO.    16    CLEAR  (SCALE 0-3)  23
DPTR FM NORMAL   -32    PTCLDY (SCALE 4-7)   6
TOTAL FM JUL 1    17    CLOUDY (SCALE 8-10)  1
DPTR FM NORMAL   -33

[CDD (BASE 65) ]
TOTAL THIS MO.   244
DPTR FM NORMAL   105    [PRESSURE DATA]
TOTAL FM JAN 1  1435    HIGHEST SLP 30.17 ON 23
DPTR FM NORMAL   111    LOWEST  SLP 29.73 ON 18

[REMARKS]
#FINAL-09-15#
