000
CXUS53 KLSX 011600
CF6JEF
PRELIMINARY LOCAL CLIMATOLOGICAL DATA (WS FORM: F-6)

                                          STATION:   JEFFERSON CITY
                                          MONTH:     SEPTEMBER
                                          YEAR:      2013
                                          LATITUDE:   38 35 N
                                          LONGITUDE:  92 10 W

  TEMPERATURE IN F:       :PCPN:    SNOW:  WIND      :SUNSHINE: SKY     :PK WND
================================================================================
1   2   3   4   5  6A  6B    7    8   9   10  11  12  13   14  15   16   17  18
                                     12Z  AVG MX 2MIN
DY MAX MIN AVG DEP HDD CDD  WTR  SNW DPTH SPD SPD DIR MIN PSBL S-S WX    SPD DR
================================================================================

 1  88  72  80   7   0  15 0.01  0.0    0  4.2 22 290   M    M   2 12     29 290
 2  85  63  74   1   0   9 0.00  0.0    0  5.5 13 290   M    M   2        16 280
 3  84  55  70  -2   0   5 0.00  0.0    0  1.9 12 290   M    M   0        16 280
 4  88  53  71  -1   0   6 0.00  0.0    0  0.7  8 240   M    M   0        12 250
 5  88  58  73   1   0   8 0.00  0.0    0  1.6  7 150   M    M   1         9 300
 6  88  63  76   4   0  11 0.00  0.0    0  3.1 10 230   M    M   0        14 200
 7  93  59  76   5   0  11 0.00  0.0    0  4.8 13 190   M    M   0 1      16 220
 8  87  71  79   8   0  14 0.46  0.0    0  4.4 22  60   M    M   2 13     30  60
 9  95  71  83  13   0  18 0.00  0.0    0  4.6 17 250   M    M   0 18     26 200
10  95  68  82  12   0  17 0.00  0.0    0  5.9 18 240   M    M   0        25 250
11  95  64  80  10   0  15 0.00  0.0    0  1.9 14 280   M    M   1        17 290
12  86  68  77   8   0  12 0.01  0.0    0  4.8 13 360   M    M   3        20  30
13  77  55  66  -3   0   1 0.00  0.0    0  5.5 14 350   M    M   0        18  40
14  78  46  62  -7   3   0 0.00  0.0    0  3.0 10 150   M    M   0        15 110
15  85  57  71   3   0   6 0.06  0.0    0  4.2 10 250   M    M   3 38     13  10
16  67  60  64  -4   1   0 0.82  0.0    0  4.3 12  50   M    M   9 13     20  60
17  70  60  65  -3   0   0 0.31  0.0    0  5.1 12 110   M    M  10 138    14 120
18  86  68  77  10   0  12    T  0.0    0  7.0 18 190   M    M   3 138    23 200
19  89  69  79  12   0  14 0.49  0.0    0  6.7 16 190   M    M   2 13     23 200
20  71  54  63  -3   2   0 0.34  0.0    0  5.4 13 290   M    M   4 13     17 300
21  73  50  62  -4   3   0 0.00  0.0    0  3.7 10 320   M    M   1 128    16 270
22  75  47  61  -5   4   0 0.00  0.0    0  2.7  9 100   M    M   2 12     15 130
23  76  47  62  -3   3   0 0.00  0.0    0  6.0 15 120   M    M   0 8      18 140
24  81  54  68   3   0   3 0.00  0.0    0  5.9 15 280   M    M   1        18 260
25  78  57  68   4   0   3 0.00  0.0    0  0.9  9  90   M    M   5 12     13  80
26  83  57  70   6   0   5 0.00  0.0    0  4.8 14 150   M    M   4 128    22 130
27  83  60  72   8   0   7 0.00  0.0    0  8.0 17 140   M    M   1 1      23 140
28  80  60  70   6   0   5 0.14  0.0    0  7.0 21 170   M    M   7 18     29 150
29  74  50  62  -1   3   0 0.00  0.0    0  1.1  9 100   M    M   4 128    13  10
30  76  47  62  -1   3   0 0.00  0.0    0  3.9 10 120   M    M   5 12     15 130
================================================================================
SM 2474 1763        22 197  2.64     0.0 128.6          M       72
================================================================================
AV 82.5 58.8                               4.3 FASTST   M    M   2    MAX(MPH)
                                 MISC ---->  # 22 290               # 30   60
================================================================================
NOTES:
# LAST OF SEVERAL OCCURRENCES

COLUMN 17 PEAK WIND IN M.P.H.

PRELIMINARY LOCAL CLIMATOLOGICAL DATA (WS FORM: F-6) , PAGE 2

                                          STATION:  JEFFERSON CITY
                                          MONTH:    SEPTEMBER
                                          YEAR:     2013
                                          LATITUDE:   38 35 N
                                          LONGITUDE:  92 10 W

[TEMPERATURE DATA]      [PRECIPITATION DATA]       SYMBOLS USED IN COLUMN 16

AVERAGE MONTHLY: 70.6   TOTAL FOR MONTH:   2.64    1 = FOG OR MIST
DPTR FM NORMAL:   2.5   DPTR FM NORMAL:   -1.67    2 = FOG REDUCING VISIBILITY
HIGHEST:    95 ON 11,10 GRTST 24HR  0.88 ON 15-16      TO 1/4 MILE OR LESS
LOWEST:     46 ON 14                               3 = THUNDER
                        SNOW, ICE PELLETS, HAIL    4 = ICE PELLETS
                        TOTAL MONTH:   0.0 INCH    5 = HAIL
                        GRTST 24HR     0.0         6 = FREEZING RAIN OR DRIZZLE
                        GRTST DEPTH:   0           7 = DUSTSTORM OR SANDSTORM:
                                                       VSBY 1/2 MILE OR LESS
                                                   8 = SMOKE OR HAZE
[NO. OF DAYS WITH]      [WEATHER - DAYS WITH]      9 = BLOWING SNOW
                                                   X = TORNADO
MAX 32 OR BELOW:   0    0.01 INCH OR MORE:   9
MAX 90 OR ABOVE:   4    0.10 INCH OR MORE:   6
MIN 32 OR BELOW:   0    0.50 INCH OR MORE:   1
MIN  0 OR BELOW:   0    1.00 INCH OR MORE:   0

[HDD (BASE 65) ]
TOTAL THIS MO.    22    CLEAR  (SCALE 0-3)  22
DPTR FM NORMAL   -26    PTCLDY (SCALE 4-7)   6
TOTAL FM JUL 1    22    CLOUDY (SCALE 8-10)  2
DPTR FM NORMAL   -28

[CDD (BASE 65) ]
TOTAL THIS MO.   197
DPTR FM NORMAL    58    [PRESSURE DATA]
TOTAL FM JAN 1  1349    HIGHEST SLP 30.25 ON 16
DPTR FM NORMAL    25    LOWEST  SLP 29.73 ON 24

[REMARKS]
#FINAL-09-13#
