000
CXUS53 KLSX 011600
CF6JEF
PRELIMINARY LOCAL CLIMATOLOGICAL DATA (WS FORM: F-6)

                                          STATION:   JEFFERSON CITY
                                          MONTH:     AUGUST
                                          YEAR:      2013
                                          LATITUDE:   38 35 N
                                          LONGITUDE:  92 10 W

  TEMPERATURE IN F:       :PCPN:    SNOW:  WIND      :SUNSHINE: SKY     :PK WND
================================================================================
1   2   3   4   5  6A  6B    7    8   9   10  11  12  13   14  15   16   17  18
                                     12Z  AVG MX 2MIN
DY MAX MIN AVG DEP HDD CDD  WTR  SNW DPTH SPD SPD DIR MIN PSBL S-S WX    SPD DR
================================================================================

 1  90  62  76  -2   0  11 0.00  0.0    0  1.8  9 270   M    M   2 12     12 280
 2  80  68  74  -4   0   9 0.49  0.0    0  4.2 15 120   M    M   4 13     18 350
 3  87  70  79   1   0  14 0.00  0.0    0  3.6 10  50   M    M   6 1      14  60
 4  77  66  72  -6   0   7 0.04  0.0    0  3.7 12  60   M    M   4 8      16  60
 5  83  70  77  -1   0  12 0.02  0.0    0  5.0 12 170   M    M   8 18     17 180
 6  87  71  79   1   0  14 0.35  0.0    0  5.2 28 250   M    M   3 3      33 240
 7  86  72  79   1   0  14 0.89  0.0    0  5.6 16 220   M    M   3 3      22 220
 8  82  70  76  -2   0  11 0.00  0.0    0  3.0 10  10   M    M   4        14  30
 9  77  68  73  -5   0   8 0.08  0.0    0  1.9  7  70   M    M   3 1      17 300
10  85  63  74  -4   0   9 0.00  0.0    0  6.0 13  40   M    M   2 1      20  50
11  86  58  72  -6   0   7 0.00  0.0    0  2.4  8  80   M    M   0 8      12 120
12  82  68  75  -2   0  10 0.08  0.0    0  2.6 14 360   M    M   5 138    20 360
13  80  64  72  -5   0   7 0.00  0.0    0  3.9 12  70   M    M   2        25 150
14  76  57  67 -10   0   2 0.00  0.0    0  4.1 12 120   M    M   1        17 130
15  74  56  65 -12   0   0 0.00  0.0    0  2.1 10 110   M    M   1        13 110
16  76  57  67 -10   0   2 0.00  0.0    0  2.0 10  80   M    M   4        15 110
17  79  54  67 -10   0   2 0.00  0.0    0  3.2 13 110   M    M   1        17 100
18  82  57  70  -6   0   5 0.00  0.0    0  2.0 13 120   M    M   1 1      15 110
19  85  60  73  -3   0   8 0.00  0.0    0  1.9  9 180   M    M   1 128    14 230
20  86  63  75  -1   0  10 0.00  0.0    0  3.9 12 170   M    M   0 18     16 180
21  88  63  76   0   0  11 0.00  0.0    0  4.8 14 190   M    M   1 18     18 210
22  91  67  79   3   0  14 0.00  0.0    0  1.6  9 270   M    M   0 18     13 270
23  93  68  81   5   0  16 0.00  0.0    0  2.0  9 110   M    M   1 18      M  M
24  91  69  80   5   0  15 0.00  0.0    0  4.8 12 160   M    M   0 18     17 130
25  91  65  78   3   0  13 0.00  0.0    0  4.4 10 190   M    M   0 18     16 100
26  93  68  81   6   0  16 0.00  0.0    0  3.8 12 200   M    M   1 18     18 270
27  93  71  82   7   0  17 0.00  0.0    0  5.3 16 220   M    M   1 18     22 230
28  94  67  81   7   0  16 0.00  0.0    0  1.8 12 290   M    M   1 18     15 290
29  95  68  82   8   0  17 0.00  0.0    0  1.9  8 210   M    M   0 18     10 210
30  98  74  86  12   0  21 0.00  0.0    0  4.9 15 270   M    M   2        18 260
31  99  74  87  13   0  22    T  0.0    0  5.1 15 290   M    M   1 3      20 220
================================================================================
SM 2666 2028         0 340  1.95     0.0 108.5          M       63
================================================================================
AV 86.0 65.4                               3.5 FASTST   M    M   2    MAX(MPH)
                                 MISC ---->  # 28 250               # 33  240
================================================================================
NOTES:
# LAST OF SEVERAL OCCURRENCES

COLUMN 17 PEAK WIND IN M.P.H.

PRELIMINARY LOCAL CLIMATOLOGICAL DATA (WS FORM: F-6) , PAGE 2

                                          STATION:  JEFFERSON CITY
                                          MONTH:    AUGUST
                                          YEAR:     2013
                                          LATITUDE:   38 35 N
                                          LONGITUDE:  92 10 W

[TEMPERATURE DATA]      [PRECIPITATION DATA]       SYMBOLS USED IN COLUMN 16

AVERAGE MONTHLY: 75.7   TOTAL FOR MONTH:   1.95    1 = FOG OR MIST
DPTR FM NORMAL:  -0.8   DPTR FM NORMAL:   -2.31    2 = FOG REDUCING VISIBILITY
HIGHEST:    99 ON 31    GRTST 24HR  1.15 ON  6- 7      TO 1/4 MILE OR LESS
LOWEST:     54 ON 17                               3 = THUNDER
                        SNOW, ICE PELLETS, HAIL    4 = ICE PELLETS
                        TOTAL MONTH:   0.0 INCH    5 = HAIL
                        GRTST 24HR     0.0         6 = FREEZING RAIN OR DRIZZLE
                        GRTST DEPTH:   0           7 = DUSTSTORM OR SANDSTORM:
                                                       VSBY 1/2 MILE OR LESS
                                                   8 = SMOKE OR HAZE
[NO. OF DAYS WITH]      [WEATHER - DAYS WITH]      9 = BLOWING SNOW
                                                   X = TORNADO
MAX 32 OR BELOW:   0    0.01 INCH OR MORE:   7
MAX 90 OR ABOVE:  11    0.10 INCH OR MORE:   3
MIN 32 OR BELOW:   0    0.50 INCH OR MORE:   1
MIN  0 OR BELOW:   0    1.00 INCH OR MORE:   0

[HDD (BASE 65) ]
TOTAL THIS MO.     0    CLEAR  (SCALE 0-3)  23
DPTR FM NORMAL    -2    PTCLDY (SCALE 4-7)   8
TOTAL FM JUL 1     0    CLOUDY (SCALE 8-10)  0
DPTR FM NORMAL    -2

[CDD (BASE 65) ]
TOTAL THIS MO.   340
DPTR FM NORMAL   -18    [PRESSURE DATA]
TOTAL FM JAN 1  1152    HIGHEST SLP 30.22 ON 25
DPTR FM NORMAL   -33    LOWEST  SLP 29.71 ON 31

[REMARKS]
#FINAL-08-13#
