000
CXUS53 KLSX 011400
CF6JEF
PRELIMINARY LOCAL CLIMATOLOGICAL DATA (WS FORM: F-6)
STATION: JEFFERSON CITY
MONTH: APRIL
YEAR: 2020
LATITUDE: 38 35 N
LONGITUDE: 92 10 W
TEMPERATURE IN F: :PCPN: SNOW: WIND :SUNSHINE: SKY :PK WND
================================================================================
1 2 3 4 5 6A 6B 7 8 9 10 11 12 13 14 15 16 17 18
12Z AVG MX 2MIN
DY MAX MIN AVG DEP HDD CDD WTR SNW DPTH SPD SPD DIR MIN PSBL S-S WX SPD DR
================================================================================
1 69 41 55 4 10 0 0.00 0.0 0 8.7 15 120 M M 0 21 100
2 75 52 64 12 1 0 T 0.0 0 10.6 24 140 M M 2 3 30 140
3 63 37 50 -2 15 0 0.10 0.0 0 9.2 21 300 M M 9 18 26 290
4 43 35 39 -13 26 0 0.03 0.0 0 5.8 10 350 M M 10 1 15 360
5 56 42 49 -4 16 0 0.00 0.0 0 4.0 10 130 M M 10 8 14 150
6 75 48 62 9 3 0 0.00 0.0 0 6.3 15 180 M M 9 23 210
7 86 64 75 21 0 10 0.00 0.0 0 5.8 16 230 M M 6 8 21 220
8 91 56 74 20 0 9 0.00 0.0 0 7.6 32 360 M M 0 18 47 10
9 61 41 51 -3 14 0 0.00 M M 12.5 28 290 M M 1 40 300
10 59 32 46 -9 19 0 0.00 0.0 0 4.4 10 220 M M 2 16 350
11 65 49 57 2 8 0 0.09 0.0 0 8.4 21 170 M M 8 29 150
12 69 37 53 -2 12 0 0.54 0.0 0 9.9 26 300 M M 6 138 41 290
13 46 34 40 -16 25 0 0.00 0.0 0 12.5 24 310 M M 3 37 330
14 51 35 43 -13 22 0 0.00 0.0 0 5.3 21 310 M M 3 29 290
15 53 40 47 -9 18 0 0.00 0.0 0 8.2 16 280 M M 1 23 290
16 62 40 51 -6 14 0 0.00 0.0 0 10.4 21 80 M M 6 30 70
17 49 34 42 -15 23 0 0.39 0.0 0 7.0 16 340 M M 9 1 22 330
18 65 31 48 -9 17 0 0.00 0.0 0 5.8 14 160 M M 0 22 180
19 70 47 59 1 6 0 0.00 0.0 0 4.9 15 360 M M 0 8 23 360
20 70 40 55 -3 10 0 T 0.0 0 3.9 18 240 M M 2 25 230
21 70 45 58 0 7 0 0.00 0.0 0 4.4 17 290 M M 0 24 290
22 70 40 55 -3 10 0 0.07 0.0 0 8.1 22 170 M M 5 1 29 170
23 70 52 61 2 4 0 0.54 0.0 0 5.4 13 20 M M 7 1 21 10
24 75 47 61 2 4 0 0.05 0.0 0 4.8 18 280 M M 5 13 29 270
25 61 44 53 -6 12 0 0.70 0.0 0 10.5 25 360 M M 8 138 40 360
26 70 40 55 -5 10 0 T 0.0 0 4.2 14 280 M M 1 1 14 250
27 73 52 63 3 2 0 0.15 M M 8.6 24 170 M M 6 33 160
28 85 55 70 10 0 5 0.72 M M 8.0 26 300 M M 5 13 46 310
29 59 51 55 -5 10 0 0.15 M M 8.1 22 300 M M 8 1 31 310
30 72 47 60 -1 5 0 0.00 M M 7.4 21 300 M M 0 30 300
================================================================================
SM 1983 1308 323 24 3.53 0.0 220.7 M 132
================================================================================
AV 66.1 43.6 7.4 FASTST M M 4 MAX(MPH)
MISC ----> 32 360 47 10
================================================================================
NOTES:
# LAST OF SEVERAL OCCURRENCES
COLUMN 17 PEAK WIND IN M.P.H.
PRELIMINARY LOCAL CLIMATOLOGICAL DATA (WS FORM: F-6) , PAGE 2
STATION: JEFFERSON CITY
MONTH: APRIL
YEAR: 2020
LATITUDE: 38 35 N
LONGITUDE: 92 10 W
[TEMPERATURE DATA] [PRECIPITATION DATA] SYMBOLS USED IN COLUMN 16
AVERAGE MONTHLY: 54.9 TOTAL FOR MONTH: 3.53 1 = FOG OR MIST
DPTR FM NORMAL: -1.5 DPTR FM NORMAL: -0.74 2 = FOG REDUCING VISIBILITY
HIGHEST: 91 ON 8 GRTST 24HR 0.87 ON 28-29 TO 1/4 MILE OR LESS
LOWEST: 31 ON 18 3 = THUNDER
SNOW, ICE PELLETS, HAIL 4 = ICE PELLETS
TOTAL MONTH: 0.0 INCH 5 = HAIL
GRTST 24HR 0.0 6 = FREEZING RAIN OR DRIZZLE
GRTST DEPTH: 0 7 = DUSTSTORM OR SANDSTORM:
VSBY 1/2 MILE OR LESS
8 = SMOKE OR HAZE
[NO. OF DAYS WITH] [WEATHER - DAYS WITH] 9 = BLOWING SNOW
X = TORNADO
MAX 32 OR BELOW: 0 0.01 INCH OR MORE: 12
MAX 90 OR ABOVE: 1 0.10 INCH OR MORE: 8
MIN 32 OR BELOW: 2 0.50 INCH OR MORE: 4
MIN 0 OR BELOW: 0 1.00 INCH OR MORE: 0
[HDD (BASE 65) ]
TOTAL THIS MO. 323 CLEAR (SCALE 0-3) 14
DPTR FM NORMAL 36 PTCLDY (SCALE 4-7) 9
TOTAL FM JUL 1 4165 CLOUDY (SCALE 8-10) 7
DPTR FM NORMAL -386
[CDD (BASE 65) ]
TOTAL THIS MO. 24
DPTR FM NORMAL -2 [PRESSURE DATA]
TOTAL FM JAN 1 33 HIGHEST SLP 30.32 ON 14
DPTR FM NORMAL 3 LOWEST SLP 29.41 ON 12
[REMARKS]
#FINAL-04-20#