000
CXUS55 KBOI 011002
CF6JER
PRELIMINARY LOCAL CLIMATOLOGICAL DATA (WS FORM: F-6)
STATION: JEROME ID
MONTH: SEPTEMBER
YEAR: 2022
LATITUDE: 42 43 N
LONGITUDE: 114 27 W
TEMPERATURE IN F: :PCPN: SNOW: WIND :SUNSHINE: SKY :PK WND
================================================================================
1 2 3 4 5 6A 6B 7 8 9 10 11 12 13 14 15 16 17 18
12Z AVG MX 2MIN
DY MAX MIN AVG DEP HDD CDD WTR SNW DPTH SPD SPD DIR MIN PSBL S-S WX SPD DR
================================================================================
1 94 62 78 10 0 13 0.00 M M 10.2 20 260 M M 0 28 290
2 92 52 72 4 0 7 T M M 6.9 14 110 M M 0 18 120
3 96 61 79 12 0 14 0.00 M M 10.9 23 70 M M 0 33 70
4 93 63 78 11 0 13 0.00 M M 4.9 9 180 M M 0 13 280
5 90 59 75 8 0 10 0.00 M M 6.0 10 260 M M 0 14 250
6 102 60 81 14 0 16 0.00 M M 7.2 15 70 M M 0 19 70
7 97 61 79 13 0 14 0.00 M M 5.7 13 300 M M 0 21 200
8 83 56 70 4 0 5 0.00 M M 12.9 29 270 M M 0 39 270
9 71 43 57 -9 8 0 0.00 M M 6.5 16 90 M M 1 8 23 90
10 81 47 64 -1 1 0 0.00 M M 14.8 26 80 M M 0 8 35 80
11 87 49 68 3 0 3 0.00 M M 8.0 21 80 M M 0 27 70
12 86 48 67 2 0 2 0.00 M M 8.9 21 90 M M 0 8 26 90
13 72 56 64 0 1 0 0.04 M M 7.8 21 270 M M 4 1 25 270
14 77 53 65 1 0 0 0.00 M M 6.6 14 100 M M 1 19 100
15 77 52 65 1 0 0 T M M 6.7 21 130 M M 4 26 130
16 75 46 61 -2 4 0 0.02 M M 6.9 28 280 M M 1 3 38 270
17 72 48 60 -3 5 0 0.00 M M 12.5 20 70 M M 0 27 60
18 81 53 67 5 0 2 T M M 15.2 28 80 M M 1 39 70
19 83 46 65 3 0 0 0.00 M M 6.0 13 60 M M 0 17 260
20 86 48 67 5 0 2 0.00 M M 7.3 21 140 M M 0 26 150
21 79 49 64 3 1 0 0.01 M M 7.1 30 190 M M 1 3 45 140
22 68 47 58 -3 7 0 0.00 M M 9.1 24 280 M M 1 32 280
23 73 44 59 -2 6 0 0.00 M M 6.8 15 270 M M 0 21 280
24 77 41 59 -1 6 0 0.00 M M 4.8 10 250 M M 0 16 230
25 81 45 63 3 2 0 0.00 M M 5.4 12 100 M M 0 14 100
26 86 50 68 9 0 3 0.00 M M 9.6 18 90 M M 0 8 24 80
27 90 50 70 11 0 5 0.00 M M 11.7 18 70 M M 0 26 80
28 87 56 72 14 0 7 T M M 8.6 15 60 M M 0 22 80
29 72 51 62 4 3 0 T M M 11.5 22 280 M M 0 32 300
30 64 45 55 -3 10 0 0.00 M M 8.8 18 270 M M 2 23 270
================================================================================
SM 2472 1541 54 116 0.07 M 255.3 M 16
================================================================================
AV 82.4 51.4 8.5 FASTST M M 1 MAX(MPH)
MISC ----> 30 190 45 140
================================================================================
NOTES:
# LAST OF SEVERAL OCCURRENCES
COLUMN 17 PEAK WIND IN M.P.H.
PRELIMINARY LOCAL CLIMATOLOGICAL DATA (WS FORM: F-6) , PAGE 2
STATION: JEROME ID
MONTH: SEPTEMBER
YEAR: 2022
LATITUDE: 42 43 N
LONGITUDE: 114 27 W
[TEMPERATURE DATA] [PRECIPITATION DATA] SYMBOLS USED IN COLUMN 16
AVERAGE MONTHLY: 66.9 TOTAL FOR MONTH: 0.07 1 = FOG OR MIST
DPTR FM NORMAL: 3.7 DPTR FM NORMAL: -0.26 2 = FOG REDUCING VISIBILITY
HIGHEST: 102 ON 6 GRTST 24HR 0.04 ON 13-13 TO 1/4 MILE OR LESS
LOWEST: 41 ON 24 3 = THUNDER
SNOW, ICE PELLETS, HAIL 4 = ICE PELLETS
TOTAL MONTH: M 5 = HAIL
GRTST 24HR M ON M 6 = FREEZING RAIN OR DRIZZLE
GRTST DEPTH: M ON M 7 = DUSTSTORM OR SANDSTORM:
VSBY 1/2 MILE OR LESS
8 = SMOKE OR HAZE
[NO. OF DAYS WITH] [WEATHER - DAYS WITH] 9 = BLOWING SNOW
X = TORNADO
MAX 32 OR BELOW: 0 0.01 INCH OR MORE: 3
MAX 90 OR ABOVE: 8 0.10 INCH OR MORE: 0
MIN 32 OR BELOW: 0 0.50 INCH OR MORE: 0
MIN 0 OR BELOW: 0 1.00 INCH OR MORE: 0
[HDD (BASE 65) ]
TOTAL THIS MO. 54 CLEAR (SCALE 0-3) 28
DPTR FM NORMAL -70 PTCLDY (SCALE 4-7) 2
TOTAL FM JUL 1 54 CLOUDY (SCALE 8-10) 0
DPTR FM NORMAL -89
[CDD (BASE 65) ]
TOTAL THIS MO. 116
DPTR FM NORMAL 46 [PRESSURE DATA]
TOTAL FM JAN 1 1013 HIGHEST SLP 30.29 ON 25
DPTR FM NORMAL 302 LOWEST SLP 29.63 ON 18
[REMARKS]
#FINAL-09-22#