000
CXUS55 KBOI 011002
CF6JER
PRELIMINARY LOCAL CLIMATOLOGICAL DATA (WS FORM: F-6)
STATION: JEROME ID
MONTH: SEPTEMBER
YEAR: 2021
LATITUDE: 42 43 N
LONGITUDE: 114 27 W
TEMPERATURE IN F: :PCPN: SNOW: WIND :SUNSHINE: SKY :PK WND
================================================================================
1 2 3 4 5 6A 6B 7 8 9 10 11 12 13 14 15 16 17 18
12Z AVG MX 2MIN
DY MAX MIN AVG DEP HDD CDD WTR SNW DPTH SPD SPD DIR MIN PSBL S-S WX SPD DR
================================================================================
1 79 50 65 -3 0 0 0.00 M M 7.3 14 250 M M 0 18 280
2 76 51 64 -4 1 0 0.00 M M 7.0 12 250 M M 0 20 290
3 79 49 64 -3 1 0 0.00 M M 7.9 15 250 M M 0 23 300
4 85 42 64 -3 1 0 0.00 M M 6.5 14 50 M M 0 17 50
5 89 52 71 4 0 6 0.00 M M 9.3 16 90 M M 0 20 90
6 88 56 72 5 0 7 0.00 M M 7.6 15 100 M M 0 8 18 90
7 88 52 70 4 0 5 0.00 M M 5.8 13 120 M M 0 8 14 110
8 96 58 77 11 0 12 0.00 M M 9.8 18 70 M M 0 8 26 60
9 95 57 76 10 0 11 0.00 M M 5.6 12 340 M M 0 8 14 110
10 91 61 76 11 0 11 0.13 M M 8.5 36 270 M M 4 8 57 240
11 77 53 65 0 0 0 T M M 4.8 10 290 M M 2 12 14 300
12 83 50 67 2 0 2 0.00 M M 3.9 9 180 M M 0 12 170
13 81 56 69 5 0 4 0.00 M M 8.6 18 270 M M 0 25 300
14 79 51 65 1 0 0 0.00 M M 8.4 16 290 M M 0 22 270
15 83 45 64 0 1 0 0.00 M M 6.0 15 300 M M 0 17 310
16 71 49 60 -3 5 0 0.00 M M 12.9 29 270 M M 0 37 250
17 84 39 62 -1 3 0 0.00 M M 8.5 16 110 M M 0 20 110
18 83 54 69 7 0 4 0.00 M M 8.7 28 280 M M 1 8 36 280
19 57 46 52 -10 13 0 0.40 M M 10.2 25 290 M M 5 13 34 280
20 62 41 52 -10 13 0 0.00 M M 9.2 17 280 M M 0 24 300
21 74 38 56 -5 9 0 0.00 M M 10.1 17 90 M M 0 23 80
22 80 47 64 3 1 0 T M M 8.6 20 80 M M 1 8 26 80
23 71 49 60 -1 5 0 0.00 M M 8.4 17 290 M M 1 26 290
24 80 47 64 4 1 0 0.00 M M 5.3 10 110 M M 0 14 90
25 85 49 67 7 0 2 0.00 M M 7.7 16 60 M M 0 21 60
26 84 52 68 9 0 3 0.00 M M 6.8 13 310 M M 0 17 300
27 82 46 64 5 1 0 0.00 M M 6.3 14 120 M M 0 16 120
28 63 42 53 -5 12 0 T M M 19.1 36 260 M M 2 49 270
29 61 33 47 -11 18 0 0.00 M M 5.2 13 280 M M 0 18 280
30 69 34 52 -6 13 0 0.00 M M 4.9 10 110 M M 0 8 14 270
================================================================================
SM 2375 1449 98 67 0.53 M 238.9 M 16
================================================================================
AV 79.2 48.3 8.0 FASTST M M 1 MAX(MPH)
MISC ----> # 36 270 57 240
================================================================================
NOTES:
# LAST OF SEVERAL OCCURRENCES
COLUMN 17 PEAK WIND IN M.P.H.
PRELIMINARY LOCAL CLIMATOLOGICAL DATA (WS FORM: F-6) , PAGE 2
STATION: JEROME ID
MONTH: SEPTEMBER
YEAR: 2021
LATITUDE: 42 43 N
LONGITUDE: 114 27 W
[TEMPERATURE DATA] [PRECIPITATION DATA] SYMBOLS USED IN COLUMN 16
AVERAGE MONTHLY: 63.7 TOTAL FOR MONTH: 0.53 1 = FOG OR MIST
DPTR FM NORMAL: 0.5 DPTR FM NORMAL: 0.20 2 = FOG REDUCING VISIBILITY
HIGHEST: 96 ON 8 GRTST 24HR 0.40 ON 19-19 TO 1/4 MILE OR LESS
LOWEST: 33 ON 29 3 = THUNDER
SNOW, ICE PELLETS, HAIL 4 = ICE PELLETS
TOTAL MONTH: M 5 = HAIL
GRTST 24HR M ON M 6 = FREEZING RAIN OR DRIZZLE
GRTST DEPTH: M ON M 7 = DUSTSTORM OR SANDSTORM:
VSBY 1/2 MILE OR LESS
8 = SMOKE OR HAZE
[NO. OF DAYS WITH] [WEATHER - DAYS WITH] 9 = BLOWING SNOW
X = TORNADO
MAX 32 OR BELOW: 0 0.01 INCH OR MORE: 2
MAX 90 OR ABOVE: 3 0.10 INCH OR MORE: 2
MIN 32 OR BELOW: 0 0.50 INCH OR MORE: 0
MIN 0 OR BELOW: 0 1.00 INCH OR MORE: 0
[HDD (BASE 65) ]
TOTAL THIS MO. 98 CLEAR (SCALE 0-3) 28
DPTR FM NORMAL -26 PTCLDY (SCALE 4-7) 2
TOTAL FM JUL 1 115 CLOUDY (SCALE 8-10) 0
DPTR FM NORMAL -28
[CDD (BASE 65) ]
TOTAL THIS MO. 67
DPTR FM NORMAL -3 [PRESSURE DATA]
TOTAL FM JAN 1 988 HIGHEST SLP 30.49 ON 21
DPTR FM NORMAL 277 LOWEST SLP 29.64 ON 28
[REMARKS]
#FINAL-09-21#