000
CXUS51 KOKX 011337 RRA
CLSJFK
CLIMATE REPORT
NATIONAL WEATHER SERVICE NEW YORK NY
837 AM EST SUN DEC 1 2019
...................................
...THE KENNEDY NY CLIMATE SUMMARY FOR THE SEASON, FROM
9/1/2019 TO 11/30/2019...
CLIMATE NORMAL PERIOD 1981 TO 2010
CLIMATE RECORD PERIOD 1948 TO 2019
WEATHER OBSERVED NORMAL DEPART LAST YEAR`S
VALUE DATE(S) VALUE FROM VALUE
NORMAL
.............................................................
TEMPERATURE (F)
RECORD
HIGH 98 09/10/1983
LOW 15 11/23/2018
HIGHEST 95 10/02 MM MM
LOWEST 23 11/13 MM MM
AVG. MAXIMUM 64.6 64.7 -0.1
AVG. MINIMUM 50.1 50.4 -0.3
MEAN 57.4 57.5 -0.1
DAYS MAX >= 90 1 0.5 0.5
DAYS MAX <= 32 0 0.1 -0.1
DAYS MIN <= 32 9 3.1 5.9
DAYS MIN <= 0 0 0.0 0.0
PRECIPITATION (INCHES)
RECORD
MAXIMUM 21.18 2005
MINIMUM 4.17 1965
TOTALS 7.31 10.42 -3.11 17.11
DAILY AVG. 0.08 0.11 -0.03
DAYS >= .01 27 26.0 1.0
DAYS >= .10 14 17.0 -3.0
DAYS >= .50 6 7.3 -1.3
DAYS >= 1.00 1 2.7 -1.7
GREATEST
24 HR. TOTAL 1.02 MM
STORM TOTAL MM
(MM/DD(HH)) MM
SNOWFALL (INCHES)
RECORDS
TOTAL 4.8 2018
24 HR TOTAL MM
10/28/2008 TO 10/28/2008
TOTALS T 0.2 -0.2
LIQUID EQUIV T 0.00 0.00
SINCE 7/1 T 0.2 -0.2
LIQUID 7/1 MM
DAYS >= TRACE 1 0.2 0.8
DAYS >= 1.0 0 0.1 -0.1
GREATEST
SNOW DEPTH 0 MM
24 HR TOTAL 0.0 MM
STORM TOTAL MM
(MM/DD(HH)) MM
DEGREE_DAYS
HEATING TOTAL 839 824 15
SINCE 7/1 839 824 15
COOLING TOTAL 172 144 28
SINCE 1/1 1152 1005 147
..............................................................
WIND (MPH)
AVERAGE WIND SPEED 11.6
HIGHEST WIND SPEED/DIRECTION 44/180 DATE 11/01
HIGHEST GUST SPEED/DIRECTION 56/190 DATE 11/01
SKY COVER
POSSIBLE SUNSHINE (PERCENT) MM
AVERAGE SKY COVER 0.60
NUMBER OF DAYS FAIR 17
NUMBER OF DAYS PC 45
NUMBER OF DAYS CLOUDY 29
AVERAGE RH (PERCENT) 72
WEATHER CONDITIONS. NUMBER OF DAYS WITH
0
11
0
0
0
0
1
HAZE 1
- INDICATES NEGATIVE NUMBERS.
R INDICATES RECORD WAS SET OR TIED.
MM INDICATES DATA IS MISSING.
T INDICATES TRACE AMOUNT.
$$