000
CXUS55 KJKL 011410
CF6JKL
PRELIMINARY LOCAL CLIMATOLOGICAL DATA (WS FORM: F-6)
STATION: JACKSON KY
MONTH: FEBRUARY
YEAR: 2022
LATITUDE: 37 35 N
LONGITUDE: 83 19 W
TEMPERATURE IN F: :PCPN: SNOW: WIND :SUNSHINE: SKY :PK WND
================================================================================
1 2 3 4 5 6A 6B 7 8 9 10 11 12 13 14 15 16 17 18
12Z AVG MX 2MIN
DY MAX MIN AVG DEP HDD CDD WTR SNW DPTH SPD SPD DIR MIN PSBL S-S WX SPD DR
================================================================================
1 63 34 49 12 16 0 0.00 0.0 0 5.7 12 180 M M 0 18 170
2 50 43 47 10 18 0 0.19 0.0 0 4.6 12 150 M M 7 1 19 130
3 51 32 42 5 23 0 1.24 0.0 0 4.6 14 350 M M 10 126 23 350
4 33 24 29 -8 36 0 0.27 0.3 0 4.8 10 280 M M 10 16 18 310
5 29 19 24 -14 41 0 T T T 3.8 14 310 M M 6 22 310
6 49 20 35 -3 30 0 0.00 0.0 0 3.2 10 170 M M 0 16 170
7 51 31 41 3 24 0 0.00 0.0 0 5.4 12 300 M M 0 18 310
8 49 23 36 -2 29 0 0.00 0.0 0 4.5 10 180 M M 0 17 170
9 57 37 47 9 18 0 T 0.0 0 7.7 21 260 M M 3 38 250
10 56 40 48 10 17 0 0.00 0.0 0 6.3 18 230 M M 3 29 230
11 68 39 54 15 11 0 T 0.0 0 8.4 24 230 M M 3 44 220
12 59 29 44 5 21 0 0.01 0.2 0 6.4 16 310 M M 9 26 340
13 36 24 30 -9 35 0 T T T 5.0 17 310 M M 9 25 300
14 38 20 29 -10 36 0 T T T 3.1 14 310 M M 5 21 310
15 62 24 43 3 22 0 0.00 0.0 0 3.5 9 190 M M 0 17 160
16 65 43 54 14 11 0 0.00 0.0 0 9.3 23 190 M M 1 42 180
17 65 44 55 15 10 0 1.51 0.0 0 11.8 31 280 M M 6 1 48 280
18 44 25 35 -5 30 0 0.03 0.1 0 6.2 22 300 M M 7 1 42 300
19 42 24 33 -8 32 0 0.00 0.0 0 7.2 18 310 M M 0 27 330
20 60 24 42 1 23 0 0.00 0.0 0 6.3 14 170 M M 0 21 200
21 69 44 57 16 8 0 0.00 0.0 0 7.5 17 190 M M 1 31 200
22 65 53 59 18 6 0 1.12 0.0 0 8.6 21 190 M M 9 1 40 180
23 57 33 45 3 20 0 0.21 0.0 0 5.2 15 310 M M 10 12 23 310
24 43 31 37 -5 28 0 0.68 0.0 0 3.4 9 30 M M 10 126 19 60
25 50 31 41 -1 24 0 0.35 T 0 6.9 21 290 M M 10 12 33 270
26 39 29 34 -8 31 0 0.00 0.0 0 1.3 7 300 M M 6 10 310
27 53 31 42 -1 23 0 0.00 0.0 0 3.1 10 310 M M 3 18 310
28 56 30 43 0 22 0 0.00 0.0 0 3.3 8 250 M M 0 14 160
================================================================================
SM 1459 881 645 0 5.61 0.6 157.1 M 128
================================================================================
AV 52.1 31.5 5.6 FASTST M M 5 MAX(MPH)
MISC ----> 31 280 48 280
================================================================================
NOTES:
# LAST OF SEVERAL OCCURRENCES
COLUMN 17 PEAK WIND IN M.P.H.
PRELIMINARY LOCAL CLIMATOLOGICAL DATA (WS FORM: F-6) , PAGE 2
STATION: JACKSON KY
MONTH: FEBRUARY
YEAR: 2022
LATITUDE: 37 35 N
LONGITUDE: 83 19 W
[TEMPERATURE DATA] [PRECIPITATION DATA] SYMBOLS USED IN COLUMN 16
AVERAGE MONTHLY: 41.8 TOTAL FOR MONTH: 5.61 1 = FOG OR MIST
DPTR FM NORMAL: 2.1 DPTR FM NORMAL: 1.55 2 = FOG REDUCING VISIBILITY
HIGHEST: 69 ON 21 GRTST 24HR 1.54 ON 17-18 TO 1/4 MILE OR LESS
LOWEST: 19 ON 5 3 = THUNDER
SNOW, ICE PELLETS, HAIL 4 = ICE PELLETS
TOTAL MONTH: 0.6 INCH 5 = HAIL
GRTST 24HR 0.3 ON 4- 4 6 = FREEZING RAIN OR DRIZZLE
GRTST DEPTH: T 7 = DUSTSTORM OR SANDSTORM:
VSBY 1/2 MILE OR LESS
8 = SMOKE OR HAZE
[NO. OF DAYS WITH] [WEATHER - DAYS WITH] 9 = BLOWING SNOW
X = TORNADO
MAX 32 OR BELOW: 1 0.01 INCH OR MORE: 10
MAX 90 OR ABOVE: 0 0.10 INCH OR MORE: 8
MIN 32 OR BELOW: 18 0.50 INCH OR MORE: 4
MIN 0 OR BELOW: 0 1.00 INCH OR MORE: 3
[HDD (BASE 65) ]
TOTAL THIS MO. 645 CLEAR (SCALE 0-3) 13
DPTR FM NORMAL -65 PTCLDY (SCALE 4-7) 7
TOTAL FM JUL 1 2832 CLOUDY (SCALE 8-10) 8
DPTR FM NORMAL -352
[CDD (BASE 65) ]
TOTAL THIS MO. 0
DPTR FM NORMAL -1 [PRESSURE DATA]
TOTAL FM JAN 1 0 HIGHEST SLP 30.53 ON 26
DPTR FM NORMAL 0 LOWEST SLP 29.53 ON 17
[REMARKS]
#FINAL-02-22#