823
CXUS53 KBIS 010930
CF6JMS
PRELIMINARY LOCAL CLIMATOLOGICAL DATA (WS FORM: F-6)
STATION: JAMESTOWN ND
MONTH: JANUARY
YEAR: 2021
LATITUDE: 46 55 N
LONGITUDE: 98 40 W
TEMPERATURE IN F: :PCPN: SNOW: WIND :SUNSHINE: SKY :PK WND
================================================================================
1 2 3 4 5 6A 6B 7 8 9 10 11 12 13 14 15 16 17 18
12Z AVG MX 2MIN
DY MAX MIN AVG DEP HDD CDD WTR SNW DPTH SPD SPD DIR MIN PSBL S-S WX SPD DR
================================================================================
1 33 14 24 13 41 0 0.00 M M 6.0 16 330 M M 7 128 21 330
2 40 12 26 16 39 0 0.00 M M 8.1 18 170 M M 0 23 170
3 45 19 32 22 33 0 0.00 M M 8.8 17 240 M M 1 23 240
4 43 22 33 23 32 0 T M M 13.7 26 300 M M 2 37 300
5 33 13 23 13 42 0 0.01 M M 6.3 18 80 M M 2 6 23 80
6 34 24 29 19 36 0 0.03 M M 5.9 13 130 M M 9 168 17 140
7 35 19 27 17 38 0 0.00 M M 7.9 15 170 M M 8 128 20 180
8 34 30 32 22 33 0 0.00 M M 1.3 8 160 M M 10 12 11 170
9 34 24 29 19 36 0 T M M 5.6 14 320 M M 9 128 18 320
10 34 12 23 13 42 0 0.00 M M 11.3 22 240 M M 2 18 29 240
11 35 20 28 18 37 0 0.00 M M 9.3 20 240 M M 0 26 230
12 43 18 31 21 34 0 0.00 M M 8.8 20 290 M M 0 26 300
13 48 25 37 27 28 0 0.12 M M 6.1 16 290 M M 5 1 22 300
14 43 30 37 27 28 0 T M M 30.0 45 320 M M 9 61 320
15 30 22 26 16 39 0 T M M 23.7 35 340 M M 10 8 46 330
16 34 21 28 18 37 0 0.00 M M 12.4 21 320 M M 7 32 320
17 31 20 26 16 39 0 0.00 M M 10.6 22 320 M M 8 31 320
18 24 15 20 10 45 0 M M M 6.1 15 70 M M 9 18 18 60
19 23 4 14 4 51 0 M M M 10.4 20 10 M M 5 1 26 190
20 41 18 30 20 35 0 0.00 M M 22.2 46 290 M M 0 67 300
21 31 7 19 9 46 0 M M M 15.9 28 330 M M 6 37 310
22 26 4 15 5 50 0 M M M 6.7 17 270 M M 8 8 23 260
23 35 11 23 13 42 0 0.00 M M 9.5 23 330 M M 7 31 330
24 17 0 9 -1 56 0 T T M 9.4 17 120 M M 4 22 120
25 13 3 8 -2 57 0 T M M 12.8 20 90 M M 10 24 80
26 3 -3 0 -10 65 0 T M M 9.4 13 40 M M 10 8 16 60
27 6 -5 1 -9 64 0 T M M 9.0 15 110 M M 9 8 20 120
28 20 5 13 3 52 0 T M M 12.5 18 120 M M 8 8 26 130
29 24 19 22 11 43 0 T M M 14.0 20 140 M M 10 18 26 140
30 26 23 25 14 40 0 T M M 7.3 16 130 M M 10 18 22 120
31 24 20 22 11 43 0 0.00 M M 8.1 16 320 M M 10 18 21 310
================================================================================
SM 942 466 1303 0 0.16 T 329.1 M 195
================================================================================
AV 30.4 15.0 10.6 FASTST M M 6 MAX(MPH)
MISC ----> 46 290 67 300
================================================================================
NOTES:
# LAST OF SEVERAL OCCURRENCES
COLUMN 17 PEAK WIND IN M.P.H.
PRELIMINARY LOCAL CLIMATOLOGICAL DATA (WS FORM: F-6) , PAGE 2
STATION: JAMESTOWN ND
MONTH: JANUARY
YEAR: 2021
LATITUDE: 46 55 N
LONGITUDE: 98 40 W
[TEMPERATURE DATA] [PRECIPITATION DATA] SYMBOLS USED IN COLUMN 16
AVERAGE MONTHLY: 22.7 TOTAL FOR MONTH: 0.16 1 = FOG OR MIST
DPTR FM NORMAL: 12.6 DPTR FM NORMAL: -0.29 2 = FOG REDUCING VISIBILITY
HIGHEST: 48 ON 13 GRTST 24HR 0.12 ON 13-13 TO 1/4 MILE OR LESS
LOWEST: -5 ON 27 3 = THUNDER
SNOW, ICE PELLETS, HAIL 4 = ICE PELLETS
TOTAL MONTH: T 5 = HAIL
GRTST 24HR T ON 24-24 6 = FREEZING RAIN OR DRIZZLE
GRTST DEPTH: M ON M 7 = DUSTSTORM OR SANDSTORM:
VSBY 1/2 MILE OR LESS
8 = SMOKE OR HAZE
[NO. OF DAYS WITH] [WEATHER - DAYS WITH] 9 = BLOWING SNOW
X = TORNADO
MAX 32 OR BELOW: 14 0.01 INCH OR MORE: 3
MAX 90 OR ABOVE: 0 0.10 INCH OR MORE: 1
MIN 32 OR BELOW: 31 0.50 INCH OR MORE: 0
MIN 0 OR BELOW: 3 1.00 INCH OR MORE: 0
[HDD (BASE 65) ]
TOTAL THIS MO. 1303 CLEAR (SCALE 0-3) 8
DPTR FM NORMAL -399 PTCLDY (SCALE 4-7) 10
TOTAL FM JUL 1 4444 CLOUDY (SCALE 8-10) 13
DPTR FM NORMAL -915
[CDD (BASE 65) ]
TOTAL THIS MO. 0
DPTR FM NORMAL 0 [PRESSURE DATA]
TOTAL FM JAN 1 0 HIGHEST SLP 30.57 ON 27
DPTR FM NORMAL 0 LOWEST SLP 29.42 ON 13
[REMARKS]
#FINAL-01-21#