000
CXHW50 PHFO 011250
CF6JRF
PRELIMINARY LOCAL CLIMATOLOGICAL DATA (WS FORM: F-6)
STATION: KALAELOA ARPT/OAHU HI
MONTH: OCTOBER
YEAR: 2022
LATITUDE: 21 19 N
LONGITUDE: 158 4 W
TEMPERATURE IN F: :PCPN: SNOW: WIND :SUNSHINE: SKY :PK WND
================================================================================
1 2 3 4 5 6A 6B 7 8 9 10 11 12 13 14 15 16 17 18
12Z AVG MX 2MIN
DY MAX MIN AVG DEP HDD CDD WTR SNW DPTH SPD SPD DIR MIN PSBL S-S WX SPD DR
================================================================================
1 87 71 79 -1 0 14 0.00 M M 6.1 16 120 M M 3 20 110
2 84 71 78 -2 0 13 0.08 M M 5.3 13 40 M M 5 18 18 60
3 87 69 78 -2 0 13 T M M 5.9 15 150 M M 3 20 40
4 88 73 81 1 0 16 0.00 M M 7.0 15 120 M M 5 20 130
5 85 71 78 -2 0 13 0.00 M M 6.0 13 230 M M 4 18 10
6 86 72 79 -1 0 14 0.00 M M 6.8 15 130 M M 4 17 130
7 86 72 79 -1 0 14 0.00 M M 5.8 13 220 M M 3 16 220
8 86 69 78 -2 0 13 0.00 M M 5.9 12 210 M M 1 14 190
9 85 70 78 -2 0 13 0.00 M M 6.3 14 250 M M 3 18 270
10 86 70 78 -2 0 13 0.00 M M 5.3 15 140 M M 2 8 18 140
11 87 75 81 1 0 16 0.06 M M 4.6 12 200 M M 5 13 210
12 86 75 81 1 0 16 0.01 M M 4.8 15 280 M M 3 17 290
13 89 73 81 1 0 16 0.03 M M 6.2 15 280 M M 4 1 21 250
14 87 71 79 -1 0 14 T M M 6.1 12 30 M M 2 18 40
15 87 71 79 -1 0 14 0.00 M M 5.7 14 60 M M 4 24 30
16 89 69 79 -1 0 14 0.00 M M 5.4 14 110 M M 3 20 20
17 87 67 77 -3 0 12 0.00 M M 5.9 14 270 M M 2 16 260
18 87 66 77 -3 0 12 0.00 M M 7.3 14 290 M M 2 19 270
19 84 68 76 -3 0 11 0.10 M M 6.8 13 30 M M 6 1 22 30
20 84 70 77 -2 0 12 0.03 M M 8.5 15 30 M M 6 1 22 20
21 87 71 79 0 0 14 T M M 5.5 14 150 M M 2 17 140
22 90 71 81 2 0 16 T M M 6.6 15 80 M M 4 1 21 70
23 89 73 81 2 0 16 0.01 M M 6.5 16 100 M M 3 1 25 120
24 90 72 81 2 0 16 T M M 6.6 16 80 M M 4 27 60
25 89 74 82 3 0 17 0.00 M M 7.3 17 80 M M 1 8 28 60
26 88 72 80 1 0 15 0.04 M M 6.1 14 60 M M 4 18 21 80
27 88 71 80 1 0 15 T M M 6.4 16 80 M M 2 24 60
28 87 72 80 2 0 15 0.01 M M 6.0 13 50 M M 3 8 20 50
29 88 72 80 2 0 15 0.00 M M 6.8 15 30 M M 2 23 20
30 89 71 80 2 0 15 T M M 8.0 14 60 M M 0 22 40
31 88 73 81 3 0 16 0.00 M M 7.4 16 80 M M 1 24 50
================================================================================
SM 2700 2205 0 443 0.37 M 194.9 M 96
================================================================================
AV 87.1 71.1 6.3 FASTST M M 3 MAX(MPH)
MISC ----> 17 80 28 60
================================================================================
NOTES:
# LAST OF SEVERAL OCCURRENCES
COLUMN 17 PEAK WIND IN M.P.H.
PRELIMINARY LOCAL CLIMATOLOGICAL DATA (WS FORM: F-6) , PAGE 2
STATION: KALAELOA ARPT/OAHU HI
MONTH: OCTOBER
YEAR: 2022
LATITUDE: 21 19 N
LONGITUDE: 158 4 W
[TEMPERATURE DATA] [PRECIPITATION DATA] SYMBOLS USED IN COLUMN 16
AVERAGE MONTHLY: 79.1 TOTAL FOR MONTH: 0.37 1 = FOG OR MIST
DPTR FM NORMAL: -0.4 DPTR FM NORMAL: -0.93 2 = FOG REDUCING VISIBILITY
HIGHEST: 90 ON 24,22 GRTST 24HR 0.10 ON 19-19 TO 1/4 MILE OR LESS
LOWEST: 66 ON 18 3 = THUNDER
SNOW, ICE PELLETS, HAIL 4 = ICE PELLETS
TOTAL MONTH: M 5 = HAIL
GRTST 24HR M ON M 6 = FREEZING RAIN OR DRIZZLE
GRTST DEPTH: M ON M 7 = DUSTSTORM OR SANDSTORM:
VSBY 1/2 MILE OR LESS
8 = SMOKE OR HAZE
[NO. OF DAYS WITH] [WEATHER - DAYS WITH] 9 = BLOWING SNOW
X = TORNADO
MAX 32 OR BELOW: 0 0.01 INCH OR MORE: 9
MAX 90 OR ABOVE: 2 0.10 INCH OR MORE: 1
MIN 32 OR BELOW: 0 0.50 INCH OR MORE: 0
MIN 0 OR BELOW: 0 1.00 INCH OR MORE: 0
[HDD (BASE 65) ]
TOTAL THIS MO. 0 CLEAR (SCALE 0-3) 17
DPTR FM NORMAL 0 PTCLDY (SCALE 4-7) 14
TOTAL FM JUL 1 0 CLOUDY (SCALE 8-10) 0
DPTR FM NORMAL 0
[CDD (BASE 65) ]
TOTAL THIS MO. 443
DPTR FM NORMAL -7 [PRESSURE DATA]
TOTAL FM JAN 1 4304 HIGHEST SLP 30.16 ON 25
DPTR FM NORMAL 554 LOWEST SLP 29.88 ON 9
[REMARKS]
#FINAL-10-22#