000
CXUS54 KFWD 010831
CF6JWY
PRELIMINARY LOCAL CLIMATOLOGICAL DATA (WS FORM: F-6)
STATION: WAXAHACHIE
MONTH: JANUARY
YEAR: 2023
LATITUDE: 32 27 N
LONGITUDE: 96 54 W
TEMPERATURE IN F: :PCPN: SNOW: WIND :SUNSHINE: SKY :PK WND
================================================================================
1 2 3 4 5 6A 6B 7 8 9 10 11 12 13 14 15 16 17 18
12Z AVG MX 2MIN
DY MAX MIN AVG DEP HDD CDD WTR SNW DPTH SPD SPD DIR MIN PSBL S-S WX SPD DR
================================================================================
1 76 52 64 20 1 0 0.00 M M 7.6 14 170 M M 0 1 18 170
2 80 60 70 26 0 5 0.00 M M 10.1 21 190 M M 7 1 31 190
3 69 47 58 14 7 0 0.00 M M 5.4 12 300 M M 3 20 300
4 61 35 48 4 17 0 0.00 M M 2.5 8 10 M M 0 M M
5 62 34 48 4 17 0 0.00 M M 2.4 8 350 M M 0 M M
6 70 40 55 11 10 0 0.00 M M 6.1 24 190 M M 2 30 190
7 64 47 56 12 9 0 0.00 M M 7.9 15 340 M M 1 17 330
8 62 37 50 6 15 0 0.00 M M 3.9 12 360 M M 0 M M
9 69 34 52 8 13 0 0.00 M M 5.4 14 170 M M 0 18 170
10 83 51 67 23 0 2 0.00 M M 9.1 15 210 M M 0 20 210
11 82 56 69 25 0 4 0.00 M M 10.7 18 170 M M 0 25 190
12 67 39 53 9 12 0 0.00 M M 15.1 22 350 M M 0 33 330
13 57 31 44 0 21 0 0.00 M M 4.1 10 310 M M 0 M M
14 62 33 48 4 17 0 0.00 M M 6.8 18 170 M M 0 23 170
15 69 43 56 12 9 0 0.00 M M 13.9 25 180 M M 0 1 35 180
16 75 55 65 21 0 0 0.00 M M 10.2 21 190 M M 1 29 190
17 80 52 66 21 0 1 0.00 M M 5.3 14 190 M M 0 17 220
18 72 55 64 19 1 0 0.00 M M 10.5 16 240 M M 5 1 24 290
19 60 42 51 6 14 0 0.00 M M 8.5 17 310 M M 0 24 320
20 60 34 47 2 18 0 0.00 M M 3.5 9 120 M M 6 M M
21 59 41 50 5 15 0 0.00 M M 3.2 8 180 M M 6 1 M M
22 54 33 44 -1 21 0 0.00 M M 8.3 16 330 M M 0 24 330
23 54 27 41 -4 24 0 0.00 M M 3.0 8 80 M M 3 M M
24 46 36 41 -4 24 0 0.41 M M 9.4 17 320 M M 10 24 340
25 45 33 39 -6 26 0 M M M 7.3 13 310 M M 8 1 21 310
26 54 29 42 -3 23 0 0.00 M M 5.1 9 290 M M 0 16 300
27 61 33 47 2 18 0 0.00 M M 8.4 17 200 M M 0 24 200
28 68 43 56 11 9 0 M M M 10.4 16 210 M M 8 1 23 210
29 63 30 47 1 18 0 0.07 M M 11.1 18 330 M M 9 12 26 330
30 30 26 28 -18 37 0 0.01 M M 12.9 17 350 M M 10 16 22 340
31 30 25 28 -18 37 0 0.31 M M 5.0 13 360 M M 10 146 20 360
================================================================================
SM 1944 1233 433 12 0.80 M 233.2 M 89
================================================================================
AV 62.7 39.8 7.5 FASTST M M 3 MAX(MPH)
MISC ----> 25 180 35 180
================================================================================
NOTES:
# LAST OF SEVERAL OCCURRENCES
COLUMN 17 PEAK WIND IN M.P.H.
PRELIMINARY LOCAL CLIMATOLOGICAL DATA (WS FORM: F-6) , PAGE 2
STATION: WAXAHACHIE
MONTH: JANUARY
YEAR: 2023
LATITUDE: 32 27 N
LONGITUDE: 96 54 W
[TEMPERATURE DATA] [PRECIPITATION DATA] SYMBOLS USED IN COLUMN 16
AVERAGE MONTHLY: 51.2 TOTAL FOR MONTH: 0.80 1 = FOG OR MIST
DPTR FM NORMAL: 6.6 DPTR FM NORMAL: -1.47 2 = FOG REDUCING VISIBILITY
HIGHEST: 83 ON 10 GRTST 24HR 1.51 ON 24-24 TO 1/4 MILE OR LESS
LOWEST: 25 ON 31 3 = THUNDER
SNOW, ICE PELLETS, HAIL 4 = ICE PELLETS
TOTAL MONTH: M 5 = HAIL
GRTST 24HR M ON M 6 = FREEZING RAIN OR DRIZZLE
GRTST DEPTH: M ON M 7 = DUSTSTORM OR SANDSTORM:
VSBY 1/2 MILE OR LESS
8 = SMOKE OR HAZE
[NO. OF DAYS WITH] [WEATHER - DAYS WITH] 9 = BLOWING SNOW
X = TORNADO
MAX 32 OR BELOW: 2 0.01 INCH OR MORE: 4
MAX 90 OR ABOVE: 0 0.10 INCH OR MORE: 2
MIN 32 OR BELOW: 6 0.50 INCH OR MORE: 0
MIN 0 OR BELOW: 0 1.00 INCH OR MORE: 0
[HDD (BASE 65) ]
TOTAL THIS MO. 433 CLEAR (SCALE 0-3) 20
DPTR FM NORMAL -199 PTCLDY (SCALE 4-7) 6
TOTAL FM JUL 1 1334 CLOUDY (SCALE 8-10) 5
DPTR FM NORMAL -291
[CDD (BASE 65) ]
TOTAL THIS MO. 12
DPTR FM NORMAL 11 [PRESSURE DATA]
TOTAL FM JAN 1 12 HIGHEST SLP M ON M
DPTR FM NORMAL 11 LOWEST SLP M ON M
[REMARKS]
#FINAL-01-23#