000
CXUS53 KGRR 010910
CF6JXN
PRELIMINARY LOCAL CLIMATOLOGICAL DATA (WS FORM: F-6)
STATION: JACKSON
MONTH: JUNE
YEAR: 2021
LATITUDE: 42 16 N
LONGITUDE: 84 28 W
TEMPERATURE IN F: :PCPN: SNOW: WIND :SUNSHINE: SKY :PK WND
================================================================================
1 2 3 4 5 6A 6B 7 8 9 10 11 12 13 14 15 16 17 18
12Z AVG MX 2MIN
DY MAX MIN AVG DEP HDD CDD WTR SNW DPTH SPD SPD DIR MIN PSBL S-S WX SPD DR
================================================================================
1 77 47 62 -2 3 0 0.00 M M 2.8 12 190 M M 3 17 170
2 71 50 61 -3 4 0 0.68 M M 4.9 14 80 M M 6 1 19 80
3 79 59 69 4 0 4 0.08 M M 2.9 9 220 M M 5 12 14 220
4 86 62 74 9 0 9 0.01 M M 8.6 20 250 M M 3 33 230
5 86 67 77 12 0 12 0.00 M M 10.8 20 220 M M 0 29 240
6 88 67 78 12 0 13 0.00 M M 8.9 17 200 M M 1 25 230
7 80 68 74 8 0 9 0.01 M M 6.9 13 160 M M 6 18 200
8 83 64 74 8 0 9 0.05 M M 3.3 18 200 M M 3 13 26 200
9 89 63 76 10 0 11 0.00 M M 3.4 14 80 M M 3 12 19 70
10 87 66 77 10 0 12 0.00 M M 4.6 14 70 M M 4 128 20 100
11 92 58 75 8 0 10 T M M 3.4 30 340 M M 2 13 43 350
12 89 65 77 10 0 12 0.01 M M 3.1 9 20 M M 4 128 14 40
13 84 63 74 6 0 9 0.00 M M 6.8 15 330 M M 1 1 25 290
14 80 53 67 -1 0 2 0.12 M M 6.6 16 310 M M 3 123 25 300
15 78 52 65 -3 0 0 0.00 M M 6.8 15 320 M M 1 1 23 350
16 78 44 61 -7 4 0 0.00 M M 3.5 12 350 M M 0 20 350
17 86 47 67 -2 0 2 0.00 M M 5.1 13 220 M M 1 19 230
18 82 64 73 4 0 8 0.87 M M 7.8 20 170 M M 5 13 26 190
19 78 63 71 2 0 6 0.43 M M 5.5 23 240 M M 6 13 34 220
20 84 60 72 3 0 7 0.65 M M 3.4 24 230 M M 4 123 35 240
21 73 53 63 -7 2 0 0.29 M M 10.0 24 250 M M 8 13 39 260
22 69 40 55 -15 10 0 0.00 M M 4.3 18 240 M M 2 26 230
23 75 47 61 -9 4 0 0.04 M M 7.4 20 210 M M 8 28 240
24 79 60 70 0 0 5 0.00 M M 8.7 20 190 M M 4 26 170
25 76 67 72 2 0 7 0.62 M M 8.3 18 210 M M 8 1 32 170
26 82 71 77 7 0 12 M M M 9.7 21 220 M M 8 138 35 160
27 86 72 79 8 0 14 M M M 10.4 22 190 M M 7 18 32 190
28 87 70 79 8 0 14 0.03 M M 3.4 15 210 M M 6 138 25 230
29 88 69 79 8 0 14 0.11 M M 5.6 17 260 M M 2 13 28 250
30 83 66 75 4 0 10 0.05 M M 5.6 10 270 M M 4 1 18 300
================================================================================
SM 2455 1797 27 211 4.05 M 182.5 M 118
================================================================================
AV 81.8 59.9 6.1 FASTST M M 4 MAX(MPH)
MISC ----> 30 340 43 350
================================================================================
NOTES:
# LAST OF SEVERAL OCCURRENCES
COLUMN 17 PEAK WIND IN M.P.H.
PRELIMINARY LOCAL CLIMATOLOGICAL DATA (WS FORM: F-6) , PAGE 2
STATION: JACKSON
MONTH: JUNE
YEAR: 2021
LATITUDE: 42 16 N
LONGITUDE: 84 28 W
[TEMPERATURE DATA] [PRECIPITATION DATA] SYMBOLS USED IN COLUMN 16
AVERAGE MONTHLY: 70.9 TOTAL FOR MONTH: 4.05 1 = FOG OR MIST
DPTR FM NORMAL: 2.9 DPTR FM NORMAL: 0.47 2 = FOG REDUCING VISIBILITY
HIGHEST: 92 ON 11 GRTST 24HR 0.94 ON 20-21 TO 1/4 MILE OR LESS
LOWEST: 40 ON 22 3 = THUNDER
SNOW, ICE PELLETS, HAIL 4 = ICE PELLETS
TOTAL MONTH: M 5 = HAIL
GRTST 24HR M ON M 6 = FREEZING RAIN OR DRIZZLE
GRTST DEPTH: M ON M 7 = DUSTSTORM OR SANDSTORM:
VSBY 1/2 MILE OR LESS
8 = SMOKE OR HAZE
[NO. OF DAYS WITH] [WEATHER - DAYS WITH] 9 = BLOWING SNOW
X = TORNADO
MAX 32 OR BELOW: 0 0.01 INCH OR MORE: 16
MAX 90 OR ABOVE: 1 0.10 INCH OR MORE: 8
MIN 32 OR BELOW: 0 0.50 INCH OR MORE: 4
MIN 0 OR BELOW: 0 1.00 INCH OR MORE: 0
[HDD (BASE 65) ]
TOTAL THIS MO. 27 CLEAR (SCALE 0-3) 13
DPTR FM NORMAL -19 PTCLDY (SCALE 4-7) 15
TOTAL FM JUL 1 6053 CLOUDY (SCALE 8-10) 2
DPTR FM NORMAL -417
[CDD (BASE 65) ]
TOTAL THIS MO. 211
DPTR FM NORMAL 75 [PRESSURE DATA]
TOTAL FM JAN 1 275 HIGHEST SLP 30.25 ON 1
DPTR FM NORMAL 94 LOWEST SLP 29.46 ON 21
[REMARKS]
#FINAL-06-21#