000
CXUS53 KGRR 011540
CLMJXN
CLIMATE REPORT
NATIONAL WEATHER SERVICE GRAND RAPIDS, MICHIGAN
1140 AM EDT TUE AUG 01 2023
...................................
...THE JACKSON CLIMATE SUMMARY FOR THE MONTH OF JULY 2023...
CLIMATE NORMAL PERIOD: 1991 TO 2020
CLIMATE RECORD PERIOD: 1944 TO 2023
WEATHER OBSERVED NORMAL DEPART LAST YEAR`S
VALUE DATE(S) VALUE FROM VALUE DATE(S)
NORMAL
................................................................
TEMPERATURE (F)
HIGHEST 91 07/05 MM MM 91 07/04
LOWEST 50 07/18 MM MM 47 07/10
AVG. MAXIMUM 82.4 82.5 -0.1 82.6
AVG. MINIMUM 59.6 60.7 -1.1 59.7
MEAN 71.0 71.6 -0.6 71.1
DAYS MAX >= 90 1 3.5 -2.5 1
DAYS MAX <= 32 0 0.0 0.0 0
DAYS MIN <= 32 0 0.0 0.0 0
DAYS MIN <= 0 0 0.0 0.0 0
PRECIPITATION (INCHES)
TOTALS 5.80 3.35 2.45 4.32
DAILY AVG. 0.19 0.11 0.08 0.14
DAYS >= .01 11 9.3 1.7 12
DAYS >= .10 5 6.3 -1.3 8
DAYS >= .50 4 2.3 1.7 5
DAYS >= 1.00 2 0.9 1.1 1
GREATEST
24 HR. TOTAL 2.20 07/26 TO 07/26
DEGREE DAYS
HEATING TOTAL 0 9 -9 0
SINCE 7/1 0 0 0 MM
COOLING TOTAL 194 213 -19 197
SINCE 1/1 281 394 -113 MM
................................................................
WIND (MPH)
AVERAGE WIND SPEED 4.9
RESULTANT WIND SPEED/DIRECTION 2/230
HIGHEST WIND SPEED/DIRECTION 35/220 DATE 07/26
HIGHEST GUST SPEED/DIRECTION 49/220 DATE 07/26
SKY COVER
POSSIBLE SUNSHINE (PERCENT) MM
AVERAGE SKY COVER 0.33
NUMBER OF DAYS FAIR 20
NUMBER OF DAYS PC 10
NUMBER OF DAYS CLOUDY 1
AVERAGE RH (PERCENT) 74
WEATHER CONDITIONS. NUMBER OF DAYS WITH
THUNDERSTORM 13 MIXED PRECIP 0
HEAVY RAIN 3 RAIN 8
LIGHT RAIN 12 FREEZING RAIN 0
LT FREEZING RAIN 0 HAIL 0
HEAVY SNOW 0 SNOW 0
LIGHT SNOW 0 SLEET 0
FOG 25 FOG W/VIS <= 1/4 MILE 11
HAZE 5
- INDICATES NEGATIVE NUMBERS.
R INDICATES RECORD WAS SET OR TIED.
MM INDICATES DATA IS MISSING.
T INDICATES TRACE AMOUNT.
$$