000
CXUS53 KGID 011454
CF6JYR
PRELIMINARY LOCAL CLIMATOLOGICAL DATA (WS FORM: F-6)
STATION: YORK
MONTH: MARCH
YEAR: 2020
LATITUDE: 40 54 N
LONGITUDE: 97 37 W
TEMPERATURE IN F: :PCPN: SNOW: WIND :SUNSHINE: SKY :PK WND
================================================================================
1 2 3 4 5 6A 6B 7 8 9 10 11 12 13 14 15 16 17 18
12Z AVG MX 2MIN
DY MAX MIN AVG DEP HDD CDD WTR SNW DPTH SPD SPD DIR MIN PSBL S-S WX SPD DR
================================================================================
1 59 31 45 M 20 0 M M M M M M M M M M M
2 48 28 38 M 27 0 M M M M M M M M M M M
3 60 26 43 M 22 0 M M M M M M M M M M M
4 64 32 48 M 17 0 M M M M M M M M M M M
5 52 27 40 M 25 0 M M M M M M M M M M M
6 57 18 38 M 27 0 M M M M M M M M M M M
7 72 37 55 M 10 0 M M M M M M M M M M M
8 71 43 57 M 8 0 M M M M M M M M M M M
9 46 30 38 M 27 0 M M M M M M M M M M M
10 43 29 36 M 29 0 M M M M M M M M M M M
11 64 29 47 M 18 0 M M M M M M M M M M M
12 53 28 41 M 24 0 M M M M M M M M M M M
13 44 24 34 M 31 0 M M M M M M M M M M M
14 34 30 32 M 33 0 M M M M M M M M M M M
15 32 29 31 M 34 0 M M M M M M M M M M M
16 43 31 37 M 28 0 M M M 0.0 M M M M 10 M M
17 45 29 37 M 28 0 0.02 M M 9.3 14 150 M M 6 1 17 160
18 52 41 47 M 18 0 0.01 M M 6.3 10 160 M M 10 12 M M
19 54 25 40 M 25 0 M M M 18.5 33 10 M M 6 123 47 10
20 28 16 22 M 43 0 T M M 15.4 27 340 M M 3 40 350
21 48 19 34 M 31 0 0.00 M M 9.6 16 180 M M 2 23 190
22 46 30 38 M 27 0 0.00 M M 9.6 14 160 M M 7 M M
23 52 37 45 M 20 0 0.00 M M 5.9 14 130 M M 9 12 M M
24 59 41 50 M 15 0 0.00 M M 9.6 15 170 M M 7 12 M M
25 70 41 56 M 9 0 0.00 M M 13.2 24 10 M M 2 1 28 10
26 50 37 44 M 21 0 0.00 M M 13.7 21 20 M M 10 1 23 40
27 46 45 46 M 19 0 0.00 M M 7.1 12 40 M M 0 12 15 60
28 48 39 44 M 21 0 0.25 M M 15.4 33 310 M M 7 123 43 330
29 63 36 50 M 15 0 0.00 M M 10.9 17 290 M M 0 18 290
30 68 37 53 M 12 0 T M M 10.7 21 170 M M 4 27 140
31 70 46 58 M 7 0 0.00 M M 10.2 18 230 M M 1 23 220
================================================================================
SM 1641 991 691 0 M M 165.4 M 84
================================================================================
AV 52.9 32.0 10.3 FASTST M M 5 MAX(MPH)
MISC ----> # 33 10 # M M
================================================================================
NOTES:
# LAST OF SEVERAL OCCURRENCES
COLUMN 17 PEAK WIND IN M.P.H.
PRELIMINARY LOCAL CLIMATOLOGICAL DATA (WS FORM: F-6) , PAGE 2
STATION: YORK
MONTH: MARCH
YEAR: 2020
LATITUDE: 40 54 N
LONGITUDE: 97 37 W
[TEMPERATURE DATA] [PRECIPITATION DATA] SYMBOLS USED IN COLUMN 16
AVERAGE MONTHLY: 42.5 TOTAL FOR MONTH: M 1 = FOG OR MIST
DPTR FM NORMAL: M DPTR FM NORMAL: M 2 = FOG REDUCING VISIBILITY
HIGHEST: 72 ON 7 GRTST 24HR M TO 1/4 MILE OR LESS
LOWEST: 16 ON 20 3 = THUNDER
SNOW, ICE PELLETS, HAIL 4 = ICE PELLETS
TOTAL MONTH: M 5 = HAIL
GRTST 24HR M ON M 6 = FREEZING RAIN OR DRIZZLE
GRTST DEPTH: M ON M 7 = DUSTSTORM OR SANDSTORM:
VSBY 1/2 MILE OR LESS
8 = SMOKE OR HAZE
[NO. OF DAYS WITH] [WEATHER - DAYS WITH] 9 = BLOWING SNOW
X = TORNADO
MAX 32 OR BELOW: 2 0.01 INCH OR MORE: M
MAX 90 OR ABOVE: 0 0.10 INCH OR MORE: M
MIN 32 OR BELOW: 19 0.50 INCH OR MORE: M
MIN 0 OR BELOW: 0 1.00 INCH OR MORE: M
[HDD (BASE 65) ]
TOTAL THIS MO. 691 CLEAR (SCALE 0-3) 6
DPTR FM NORMAL M PTCLDY (SCALE 4-7) 6
TOTAL FM JUL 1 5383 CLOUDY (SCALE 8-10) 4
DPTR FM NORMAL M
[CDD (BASE 65) ]
TOTAL THIS MO. 0
DPTR FM NORMAL M [PRESSURE DATA]
TOTAL FM JAN 1 0 HIGHEST SLP M ON M
DPTR FM NORMAL M LOWEST SLP M ON M
[REMARKS]
#FINAL-03-20#