000
CXHW53 PHFO 011250
CF6KOA
PRELIMINARY LOCAL CLIMATOLOGICAL DATA (WS FORM: F-6)
STATION: KONA HI
MONTH: SEPTEMBER
YEAR: 2023
LATITUDE: 19 38 N
LONGITUDE: 156 0 W
TEMPERATURE IN F: :PCPN: SNOW: WIND :SUNSHINE: SKY :PK WND
================================================================================
1 2 3 4 5 6A 6B 7 8 9 10 11 12 13 14 15 16 17 18
12Z AVG MX 2MIN
DY MAX MIN AVG DEP HDD CDD WTR SNW DPTH SPD SPD DIR MIN PSBL S-S WX SPD DR
================================================================================
1 87 74 81 0 0 16 0.00 M M 7.6 17 200 M M 3 22 190
2 88 74 81 0 0 16 0.00 M M 7.4 15 230 M M 2 20 210
3 87 74 81 0 0 16 0.00 M M 8.2 17 210 M M 4 22 190
4 87 74 81 0 0 16 T M M 8.4 17 210 M M 5 22 180
5 88 75 82 1 0 17 T M M 8.1 16 190 M M 4 22 190
6 87 76 82 1 0 17 0.00 M M 7.7 14 200 M M 4 17 240
7 88 78 83 2 0 18 0.00 M M 9.3 16 160 M M 3 19 140
8 87 78 83 2 0 18 0.00 M M 9.1 18 10 M M 4 24 60
9 87 75 81 0 0 16 0.00 M M 7.9 20 130 M M 3 25 330
10 87 76 82 1 0 17 T M M 8.2 17 50 M M 4 23 40
11 86 78 82 1 0 17 T M M 7.0 13 200 M M 8 16 200
12 87 76 82 1 0 17 0.00 M M 7.5 15 60 M M 5 17 70
13 88 75 82 1 0 17 0.00 M M 6.9 16 40 M M 4 20 30
14 87 76 82 1 0 17 T M M 7.8 18 20 M M 5 8 24 20
15 88 77 83 2 0 18 0.00 M M 7.2 14 240 M M 5 8 17 40
16 88 79 84 3 0 19 T M M 9.2 17 200 M M 7 20 40
17 86 75 81 0 0 16 0.00 M M 9.7 14 140 M M 4 1 14 140
18 86 75 81 0 0 16 T M M 8.6 16 100 M M 5 20 140
19 86 76 81 0 0 16 0.01 M M 7.1 14 150 M M 5 16 150
20 87 76 82 1 0 17 T M M 7.4 17 60 M M 5 23 70
21 86 74 80 -1 0 15 0.00 M M 9.3 25 360 M M 4 30 10
22 87 74 81 0 0 16 0.00 M M 8.3 22 360 M M 3 27 360
23 86 73 80 -1 0 15 T M M 8.0 18 140 M M 3 22 140
24 86 74 80 -1 0 15 T M M 7.0 18 50 M M 4 23 60
25 87 74 81 0 0 16 0.00 M M 9.3 23 30 M M 7 26 30
26 87 76 82 1 0 17 0.00 M M 7.4 16 190 M M 4 20 190
27 86 74 80 -1 0 15 0.00 M M 6.7 13 230 M M 2 16 230
28 86 74 80 -1 0 15 0.00 M M 6.8 12 200 M M 2 15 190
29 89 76 83 2 0 18 0.00 M M 9.0 18 180 M M 2 23 180
30 87 76 82 1 0 17 0.00 M M 7.7 16 360 M M 3 22 70
================================================================================
SM 2609 2262 0 496 0.01 M 239.8 M 123
================================================================================
AV 87.0 75.4 8.0 FASTST M M 4 MAX(MPH)
MISC ----> 25 360 30 10
================================================================================
NOTES:
# LAST OF SEVERAL OCCURRENCES
COLUMN 17 PEAK WIND IN M.P.H.
PRELIMINARY LOCAL CLIMATOLOGICAL DATA (WS FORM: F-6) , PAGE 2
STATION: KONA HI
MONTH: SEPTEMBER
YEAR: 2023
LATITUDE: 19 38 N
LONGITUDE: 156 0 W
[TEMPERATURE DATA] [PRECIPITATION DATA] SYMBOLS USED IN COLUMN 16
AVERAGE MONTHLY: 81.2 TOTAL FOR MONTH: 0.01 1 = FOG OR MIST
DPTR FM NORMAL: 0.2 DPTR FM NORMAL: -0.53 2 = FOG REDUCING VISIBILITY
HIGHEST: 89 ON 29 GRTST 24HR 0.01 ON 18-19 TO 1/4 MILE OR LESS
LOWEST: 73 ON 23 3 = THUNDER
SNOW, ICE PELLETS, HAIL 4 = ICE PELLETS
TOTAL MONTH: M 5 = HAIL
GRTST 24HR M ON M 6 = FREEZING RAIN OR DRIZZLE
GRTST DEPTH: M ON M 7 = DUSTSTORM OR SANDSTORM:
VSBY 1/2 MILE OR LESS
8 = SMOKE OR HAZE
[NO. OF DAYS WITH] [WEATHER - DAYS WITH] 9 = BLOWING SNOW
X = TORNADO
MAX 32 OR BELOW: 0 0.01 INCH OR MORE: 1
MAX 90 OR ABOVE: 0 0.10 INCH OR MORE: 0
MIN 32 OR BELOW: 0 0.50 INCH OR MORE: 0
MIN 0 OR BELOW: 0 1.00 INCH OR MORE: 0
[HDD (BASE 65) ]
TOTAL THIS MO. 0 CLEAR (SCALE 0-3) 7
DPTR FM NORMAL 0 PTCLDY (SCALE 4-7) 23
TOTAL FM JUL 1 0 CLOUDY (SCALE 8-10) 0
DPTR FM NORMAL 0
[CDD (BASE 65) ]
TOTAL THIS MO. 496
DPTR FM NORMAL 16 [PRESSURE DATA]
TOTAL FM JAN 1 3820 HIGHEST SLP 30.07 ON 11
DPTR FM NORMAL 205 LOWEST SLP 29.88 ON 19
[REMARKS]
#FINAL-09-23#