000
CXUS55 KPUB 011703
CF6LAA
PRELIMINARY LOCAL CLIMATOLOGICAL DATA (WS FORM: F-6)
STATION: LAMAR CO
MONTH: AUGUST
YEAR: 2022
LATITUDE: 38 4 N
LONGITUDE: 102 41 W
TEMPERATURE IN F: :PCPN: SNOW: WIND :SUNSHINE: SKY :PK WND
================================================================================
1 2 3 4 5 6A 6B 7 8 9 10 11 12 13 14 15 16 17 18
12Z AVG MX 2MIN
DY MAX MIN AVG DEP HDD CDD WTR SNW DPTH SPD SPD DIR MIN PSBL S-S WX SPD DR
================================================================================
1 90 61 76 -3 0 11 0.00 M M 4.0 13 150 M M 0 17 160
2 100 62 81 2 0 16 0.00 M M 8.6 15 10 M M 0 21 10
3 95 65 80 2 0 15 0.00 M M 8.1 20 50 M M 0 27 10
4 94 68 81 3 0 16 0.00 M M 5.9 18 230 M M 2 26 110
5 101 65 83 5 0 18 0.00 M M 8.0 23 240 M M 0 33 240
6 97 65 81 3 0 16 0.00 M M 6.6 28 290 M M 1 3 37 300
7 96 64 80 2 0 15 0.52 M M 8.9 28 40 M M 1 13 47 280
8 85 66 76 -2 0 11 T M M 4.9 15 120 M M 4 19 140
9 94 62 78 0 0 13 0.00 M M 7.3 20 90 M M 0 28 80
10 93 62 78 0 0 13 0.00 M M 7.6 17 160 M M 0 26 120
11 95 59 77 0 0 12 0.00 M M 9.9 21 150 M M 0 33 150
12 98 63 81 4 0 16 0.00 M M 11.7 21 200 M M 0 32 170
13 99 64 82 5 0 17 0.00 M M 8.3 20 190 M M 0 29 170
14 102 63 83 6 0 18 0.00 M M 10.0 20 190 M M 0 28 180
15 99 62 81 4 0 16 0.00 M M 8.6 35 360 M M 0 8 46 360
16 85 63 74 -3 0 9 0.66 M M 7.8 20 40 M M 5 13 27 50
17 79 62 71 -5 0 6 0.01 M M 4.6 13 110 M M 6 1 17 110
18 90 58 74 -2 0 9 0.00 M M 3.7 15 190 M M 3 12 21 180
19 93 59 76 0 0 11 0.00 M M 6.7 22 350 M M 1 30 10
20 77 60 69 -7 0 4 0.01 M M 3.5 14 150 M M 4 18 90
21 83 54 69 -7 0 4 0.00 M M 5.1 16 160 M M 4 22 170
22 87 58 73 -3 0 8 0.00 M M 4.4 12 150 M M 1 16 170
23 90 50 70 -5 0 5 0.00 M M 4.2 13 20 M M 0 18 30
24 91 48 70 -5 0 5 0.00 M M 6.0 16 180 M M 0 27 170
25 92 54 73 -2 0 8 0.00 M M 8.8 18 170 M M 0 28 150
26 94 63 79 4 0 14 0.69 M M 13.3 37 270 M M 2 13 58 250
27 90 61 76 1 0 11 T M M 5.5 15 80 M M 1 1 21 80
28 97 55 76 2 0 11 T M M 8.0 26 290 M M 0 37 280
29 93 62 78 4 0 13 0.00 M M 9.4 17 40 M M 0 24 40
30 92 56 74 0 0 9 0.00 M M 6.7 15 120 M M 0 22 110
31 94 60 77 3 0 12 0.63 M M 8.6 32 360 M M 2 13 45 360
================================================================================
SM 2865 1874 0 362 2.52 M 224.7 M 37
================================================================================
AV 92.4 60.5 7.2 FASTST M M 1 MAX(MPH)
MISC ----> 37 270 58 250
================================================================================
NOTES:
# LAST OF SEVERAL OCCURRENCES
COLUMN 2; 8/1 SUPPLEMENTED HIGH TEMPERATURE USING BACKUP COOP (05-4770)
COLUMN 7; 8/18 REMOVED FALSE TIP
COLUMN 17 PEAK WIND IN M.P.H.
PRELIMINARY LOCAL CLIMATOLOGICAL DATA (WS FORM: F-6) , PAGE 2
STATION: LAMAR CO
MONTH: AUGUST
YEAR: 2022
LATITUDE: 38 4 N
LONGITUDE: 102 41 W
[TEMPERATURE DATA] [PRECIPITATION DATA] SYMBOLS USED IN COLUMN 16
AVERAGE MONTHLY: 76.4 TOTAL FOR MONTH: 2.52 1 = FOG OR MIST
DPTR FM NORMAL: -0.1 DPTR FM NORMAL: 0.30 2 = FOG REDUCING VISIBILITY
HIGHEST: 102 ON 14 GRTST 24HR 0.69 ON 26-26 TO 1/4 MILE OR LESS
LOWEST: 48 ON 24 3 = THUNDER
SNOW, ICE PELLETS, HAIL 4 = ICE PELLETS
TOTAL MONTH: M 5 = HAIL
GRTST 24HR M ON M 6 = FREEZING RAIN OR DRIZZLE
GRTST DEPTH: M ON M 7 = DUSTSTORM OR SANDSTORM:
VSBY 1/2 MILE OR LESS
8 = SMOKE OR HAZE
[NO. OF DAYS WITH] [WEATHER - DAYS WITH] 9 = BLOWING SNOW
X = TORNADO
MAX 32 OR BELOW: 0 0.01 INCH OR MORE: 6
MAX 90 OR ABOVE: 25 0.10 INCH OR MORE: 4
MIN 32 OR BELOW: 0 0.50 INCH OR MORE: 4
MIN 0 OR BELOW: 0 1.00 INCH OR MORE: 0
[HDD (BASE 65) ]
TOTAL THIS MO. 0 CLEAR (SCALE 0-3) 26
DPTR FM NORMAL -2 PTCLDY (SCALE 4-7) 5
TOTAL FM JUL 1 0 CLOUDY (SCALE 8-10) 0
DPTR FM NORMAL -1
[CDD (BASE 65) ]
TOTAL THIS MO. 362
DPTR FM NORMAL 4 [PRESSURE DATA]
TOTAL FM JAN 1 1245 HIGHEST SLP 30.16 ON 30
DPTR FM NORMAL 99 LOWEST SLP 29.59 ON 28
[REMARKS]
#FINAL-08-22#