000
CXUS53 KIND 010700
CF6LAF
PRELIMINARY LOCAL CLIMATOLOGICAL DATA (WS FORM: F-6)
STATION: LAFAYETTE IN
MONTH: JANUARY
YEAR: 2024
LATITUDE: 40 25 N
LONGITUDE: 86 56 W
TEMPERATURE IN F: :PCPN: SNOW: WIND :SUNSHINE: SKY :PK WND
================================================================================
1 2 3 4 5 6A 6B 7 8 9 10 11 12 13 14 15 16 17 18
12Z AVG MX 2MIN
DY MAX MIN AVG DEP HDD CDD WTR SNW DPTH SPD SPD DIR MIN PSBL S-S WX SPD DR
================================================================================
1 38 31 35 8 30 0 T M M 9.1 15 310 M M 10 1 22 310
2 36 28 32 5 33 0 0.00 M M 9.2 17 270 M M 6 25 230
3 33 26 30 3 35 0 0.00 M M 4.9 13 320 M M 7 1 18 310
4 35 26 31 4 34 0 0.00 M M 4.8 12 20 M M 10 16 330
5 37 22 30 4 35 0 0.00 M M 4.5 16 90 M M 1 19 100
6 37 31 34 8 31 0 0.13 M M 3.7 10 70 M M 10 18 14 80
7 35 32 34 8 31 0 0.02 M M 7.7 16 290 M M 10 18 23 290
8 38 32 35 9 30 0 0.02 M M 8.6 22 70 M M 6 1 30 70
9 44 32 38 12 27 0 0.94 M M 12.6 23 110 M M 10 1 32 240
10 34 30 32 6 33 0 0.02 M M 11.5 23 290 M M 10 1 34 290
11 37 28 33 7 32 0 0.00 M M 8.7 22 260 M M 7 32 240
12 43 24 34 8 31 0 0.74 M M 15.7 28 230 M M 9 1 49 250
13 24 6 15 -11 50 0 T M M 17.3 26 260 M M 10 18 42 240
14 6 -8 -1 -27 66 0 T M M 13.5 29 260 M M 6 8 46 260
15 7 -9 -1 -26 66 0 T M M 6.4 13 270 M M 2 18 270
16 8 0 4 -21 61 0 0.01 M M 11.0 17 270 M M 3 8 24 240
17 25 2 14 -11 51 0 0.00 M M 9.0 20 240 M M 5 31 220
18 31 23 27 2 38 0 0.02 M M 4.8 14 230 M M 9 1 22 230
19 25 3 14 -11 51 0 0.05 M M 14.3 21 280 M M 10 18 30 280
20 13 -2 6 -19 59 0 T M M 8.1 16 280 M M 2 8 23 280
21 22 -9 7 -18 58 0 0.00 M M 3.8 12 190 M M 0 17 170
22 34 17 26 1 39 0 0.32 M M 7.9 18 220 M M 9 168 31 210
23 40 32 36 11 29 0 0.52 M M 4.3 13 80 M M 10 12 17 180
24 49 36 43 18 22 0 0.51 M M 3.2 9 60 M M 10 12 12 70
25 45 37 41 16 24 0 0.66 M M 4.5 14 50 M M 10 1 19 40
26 41 36 39 13 26 0 0.01 M M 5.9 12 270 M M 10 12 17 230
27 39 36 38 12 27 0 0.33 M M 6.1 17 20 M M 10 12 25 30
28 40 35 38 12 27 0 0.51 M M 12.2 21 340 M M 10 1 30 340
29 36 30 33 7 32 0 0.00 M M 8.2 14 200 M M 10 1 22 220
30 40 33 37 11 28 0 0.08 M M 7.0 13 190 M M 10 1 21 220
31 43 33 38 12 27 0 0.00 M M 6.4 15 270 M M 9 1 20 280
================================================================================
SM 1015 673 1163 0 4.89 M 254.9 M 241
================================================================================
AV 32.7 21.7 8.2 FASTST M M 8 MAX(MPH)
MISC ----> 29 260 49 250
================================================================================
NOTES:
# LAST OF SEVERAL OCCURRENCES
COLUMN 17 PEAK WIND IN M.P.H.
PRELIMINARY LOCAL CLIMATOLOGICAL DATA (WS FORM: F-6) , PAGE 2
STATION: LAFAYETTE IN
MONTH: JANUARY
YEAR: 2024
LATITUDE: 40 25 N
LONGITUDE: 86 56 W
[TEMPERATURE DATA] [PRECIPITATION DATA] SYMBOLS USED IN COLUMN 16
AVERAGE MONTHLY: 27.2 TOTAL FOR MONTH: 4.89 1 = FOG OR MIST
DPTR FM NORMAL: 1.4 DPTR FM NORMAL: 2.70 2 = FOG REDUCING VISIBILITY
HIGHEST: 49 ON 24 GRTST 24HR 1.15 ON 8- 9 TO 1/4 MILE OR LESS
LOWEST: -9 ON 21,15 3 = THUNDER
SNOW, ICE PELLETS, HAIL 4 = ICE PELLETS
TOTAL MONTH: M 5 = HAIL
GRTST 24HR M ON M 6 = FREEZING RAIN OR DRIZZLE
GRTST DEPTH: M ON M 7 = DUSTSTORM OR SANDSTORM:
VSBY 1/2 MILE OR LESS
8 = SMOKE OR HAZE
[NO. OF DAYS WITH] [WEATHER - DAYS WITH] 9 = BLOWING SNOW
X = TORNADO
MAX 32 OR BELOW: 9 0.01 INCH OR MORE: 17
MAX 90 OR ABOVE: 0 0.10 INCH OR MORE: 9
MIN 32 OR BELOW: 24 0.50 INCH OR MORE: 6
MIN 0 OR BELOW: 5 1.00 INCH OR MORE: 0
[HDD (BASE 65) ]
TOTAL THIS MO. 1163 CLEAR (SCALE 0-3) 4
DPTR FM NORMAL -52 PTCLDY (SCALE 4-7) 7
TOTAL FM JUL 1 2952 CLOUDY (SCALE 8-10) 20
DPTR FM NORMAL -489
[CDD (BASE 65) ]
TOTAL THIS MO. 0
DPTR FM NORMAL 0 [PRESSURE DATA]
TOTAL FM JAN 1 0 HIGHEST SLP M ON M
DPTR FM NORMAL 0 LOWEST SLP 28.96 ON 9
[REMARKS]
#FINAL-01-24#