000
CXUS53 KGRR 010910
CF6LAN
PRELIMINARY LOCAL CLIMATOLOGICAL DATA (WS FORM: F-6)
STATION: LANSING
MONTH: JULY
YEAR: 2023
LATITUDE: 42 46 N
LONGITUDE: 84 36 W
TEMPERATURE IN F: :PCPN: SNOW: WIND :SUNSHINE: SKY :PK WND
================================================================================
1 2 3 4 5 6A 6B 7 8 9 10 11 12 13 14 15 16 17 18
12Z AVG MX 2MIN
DY MAX MIN AVG DEP HDD CDD WTR SNW DPTH SPD SPD DIR MIN PSBL S-S WX SPD DR
================================================================================
1 86 66 76 5 0 11 0.66 0.0 0 M M M M M 3 138 M M
2 78 69 74 3 0 9 0.19 0.0 0 M M M M M 6 138 M M
3 89 68 79 7 0 14 0.00 0.0 M M M M M M 6 128 M M
4 91 65 78 6 0 13 0.01 0.0 M M M M M M 2 18 M M
5 92 69 81 9 0 16 0.08 0.0 M M M M M M 2 138 M M
6 85 67 76 4 0 11 0.39 0.0 M M M M M M 7 13 M M
7 82 58 70 -2 0 5 0.00 0.0 0 4.2 8 50 M M 1 18 8 50
8 75 62 69 -3 0 4 0.15 0.0 0 7.9 14 320 M M 9 18 14 320
9 82 57 70 -2 0 5 0.00 0.0 0 4.8 8 320 M M 2 1 8 320
10 87 57 72 0 0 7 0.00 0.0 0 6.7 13 250 M M 0 20 230
11 87 63 75 3 0 10 0.00 0.0 0 11.6 20 300 M M 2 28 300
12 76 57 67 -5 0 2 2.95 0.0 0 M M M M M 7 13 M M
13 78 60 69 -3 0 4 0.06 0.0 0 M M M M M 7 1 M M
14 86 59 73 1 0 8 T 0.0 0 M M M M M 3 13 M M
15 81 67 74 2 0 9 0.44 0.0 0 M M M M M 6 13 M M
16 80 64 72 0 0 7 0.00 0.0 0 M M M M M 2 18 M M
17 79 61 70 -2 0 5 0.00 0.0 0 9.5 17 290 M M 1 8 24 290
18 79 56 68 -4 0 3 0.00 0.0 0 3.7 10 310 M M 2 10 310
19 84 58 71 -1 0 6 0.00 0.0 0 1.9 6 260 M M 2 6 260
20 85 65 75 3 0 10 0.14 0.0 0 10.4 21 240 M M 3 3 28 240
21 81 62 72 0 0 7 0.00 0.0 0 7.9 13 350 M M 4 13 350
22 83 58 71 -1 0 6 0.00 0.0 0 5.6 14 290 M M 1 13 14 290
23 76 60 68 -4 0 3 0.16 0.0 0 5.4 14 290 M M 3 1 14 290
24 84 58 71 -1 0 6 0.04 0.0 0 4.6 17 300 M M 2 1238 17 300
25 87 60 74 2 0 9 0.00 0.0 0 5.0 10 290 M M 1 18 10 290
26 87 68 78 6 0 13 0.43 0.0 0 7.0 12 220 M M 3 138 16 190
27 88 68 78 6 0 13 0.00 0.0 0 M M M M M 4 18 M M
28 89 71 80 8 0 15 0.00 0.0 0 M M M M M 1 M M
29 83 68 76 4 0 11 0.54 0.0 M M M M M M 4 13 M M
30 79 60 70 -2 0 5 0.00 0.0 M M M M M M 3 M M
31 79 55 67 -5 0 2 0.00 0.0 0 M M M M M 1 M M
================================================================================
SM 2578 1936 0 249 6.24 0.0 96.2 M 100
================================================================================
AV 83.2 62.5 6.4 FASTST M M 3 MAX(MPH)
MISC ----> 21 240 # 28 300
================================================================================
NOTES:
# LAST OF SEVERAL OCCURRENCES
COLUMN 17 PEAK WIND IN M.P.H.
PRELIMINARY LOCAL CLIMATOLOGICAL DATA (WS FORM: F-6) , PAGE 2
STATION: LANSING
MONTH: JULY
YEAR: 2023
LATITUDE: 42 46 N
LONGITUDE: 84 36 W
[TEMPERATURE DATA] [PRECIPITATION DATA] SYMBOLS USED IN COLUMN 16
AVERAGE MONTHLY: 72.8 TOTAL FOR MONTH: 6.24 1 = FOG OR MIST
DPTR FM NORMAL: 1.0 DPTR FM NORMAL: 3.30 2 = FOG REDUCING VISIBILITY
HIGHEST: 92 ON 5 GRTST 24HR 3.01 ON 12-13 TO 1/4 MILE OR LESS
LOWEST: 55 ON 31 3 = THUNDER
SNOW, ICE PELLETS, HAIL 4 = ICE PELLETS
TOTAL MONTH: 0.0 INCH 5 = HAIL
GRTST 24HR 0.0 6 = FREEZING RAIN OR DRIZZLE
GRTST DEPTH: 0 7 = DUSTSTORM OR SANDSTORM:
VSBY 1/2 MILE OR LESS
8 = SMOKE OR HAZE
[NO. OF DAYS WITH] [WEATHER - DAYS WITH] 9 = BLOWING SNOW
X = TORNADO
MAX 32 OR BELOW: 0 0.01 INCH OR MORE: 14
MAX 90 OR ABOVE: 2 0.10 INCH OR MORE: 10
MIN 32 OR BELOW: 0 0.50 INCH OR MORE: 3
MIN 0 OR BELOW: 0 1.00 INCH OR MORE: 1
[HDD (BASE 65) ]
TOTAL THIS MO. 0 CLEAR (SCALE 0-3) 19
DPTR FM NORMAL -10 PTCLDY (SCALE 4-7) 11
TOTAL FM JUL 1 0 CLOUDY (SCALE 8-10) 1
DPTR FM NORMAL 0
[CDD (BASE 65) ]
TOTAL THIS MO. 249
DPTR FM NORMAL 27 [PRESSURE DATA]
TOTAL FM JAN 1 452 HIGHEST SLP 30.17 ON 31
DPTR FM NORMAL 46 LOWEST SLP 29.59 ON 12
[REMARKS]
#FINAL-07-23#