000
CXUS55 KCYS 011648
CF6LAR
PRELIMINARY LOCAL CLIMATOLOGICAL DATA (WS FORM: F-6)
STATION: LARAMIE WYOMING AIRPORT
MONTH: OCTOBER
YEAR: 2023
LATITUDE: 41 18 N
LONGITUDE: 105 40 W
TEMPERATURE IN F: :PCPN: SNOW: WIND :SUNSHINE: SKY :PK WND
================================================================================
1 2 3 4 5 6A 6B 7 8 9 10 11 12 13 14 15 16 17 18
12Z AVG MX 2MIN
DY MAX MIN AVG DEP HDD CDD WTR SNW DPTH SPD SPD DIR MIN PSBL S-S WX SPD DR
================================================================================
1 77 41 59 11 6 0 0.00 M M 9.5 24 210 M M 2 31 210
2 71 32 52 4 13 0 0.05 M M 11.1 33 360 M M 3 3 52 360
3 55 35 45 -2 20 0 T M M 15.4 33 260 M M 4 43 270
4 58 30 44 -3 21 0 0.00 M M 12.8 25 260 M M 3 8 34 260
5 61 30 46 0 19 0 0.00 M M 8.2 21 300 M M 7 33 310
6 56 30 43 -3 22 0 0.00 M M 7.1 15 340 M M 6 23 340
7 67 25 46 0 19 0 0.00 M M 4.9 12 180 M M 0 18 340
8 70 29 50 5 15 0 0.00 M M 7.6 16 340 M M 0 22 340
9 69 30 50 5 15 0 0.00 M M 8.3 18 350 M M 0 29 320
10 68 34 51 7 14 0 0.00 M M 7.6 18 240 M M 2 31 230
11 67 40 54 10 11 0 0.35 M M 8.7 31 180 M M 7 13 45 180
12 42 29 36 -7 29 0 0.33 M M 15.3 31 320 M M 8 12 39 310
13 43 29 36 -7 29 0 T M M 13.1 22 320 M M 6 29 320
14 51 24 38 -4 27 0 0.00 M M 3.5 9 350 M M 1 14 360
15 59 28 44 2 21 0 0.00 M M 6.3 20 350 M M 0 27 350
16 69 32 51 9 14 0 0.00 M M 6.5 12 190 M M 0 17 360
17 74 39 57 16 8 0 0.00 M M 16.5 30 300 M M 0 43 300
18 65 36 51 10 14 0 0.00 M M 11.5 28 310 M M 0 39 330
19 72 36 54 13 11 0 0.00 M M 9.2 23 330 M M 0 31 350
20 77 39 58 18 7 0 0.00 M M 9.2 24 300 M M 0 29 300
21 75 32 54 14 11 0 0.00 M M 9.0 23 150 M M 1 32 140
22 69 36 53 14 12 0 0.00 M M 7.6 20 270 M M 1 26 270
23 71 33 52 13 13 0 0.00 M M 7.7 21 240 M M 1 27 240
24 63 31 47 8 18 0 0.00 M M 7.2 15 250 M M 1 8 21 250
25 67 31 49 11 16 0 0.00 M M 10.5 26 240 M M 0 36 230
26 63 20 42 4 23 0 T M M 15.0 33 240 M M 3 45 220
27 54 16 35 -3 30 0 0.00 M M 9.2 24 260 M M 1 32 260
28 32 19 26 -11 39 0 0.09 M M 6.5 14 360 M M 10 18 20 330
29 26 3 15 -22 50 0 T M M 9.7 20 320 M M 6 25 320
30 42 2 22 -14 43 0 0.00 M M 10.9 25 330 M M 0 34 330
31 52 14 33 -3 32 0 0.00 M M 9.7 22 320 M M 1 31 250
================================================================================
SM 1885 885 622 0 0.82 M 295.3 M 74
================================================================================
AV 60.8 28.5 9.5 FASTST M M 2 MAX(MPH)
MISC ----> # 33 360 52 360
================================================================================
NOTES:
# LAST OF SEVERAL OCCURRENCES
COLUMN 17 PEAK WIND IN M.P.H.
PRELIMINARY LOCAL CLIMATOLOGICAL DATA (WS FORM: F-6) , PAGE 2
STATION: LARAMIE WYOMING AIRPORT
MONTH: OCTOBER
YEAR: 2023
LATITUDE: 41 18 N
LONGITUDE: 105 40 W
[TEMPERATURE DATA] [PRECIPITATION DATA] SYMBOLS USED IN COLUMN 16
AVERAGE MONTHLY: 44.7 TOTAL FOR MONTH: 0.82 1 = FOG OR MIST
DPTR FM NORMAL: 2.8 DPTR FM NORMAL: -0.01 2 = FOG REDUCING VISIBILITY
HIGHEST: 77 ON 20, 1 GRTST 24HR 0.35 ON 11-11 TO 1/4 MILE OR LESS
LOWEST: 2 ON 30 3 = THUNDER
SNOW, ICE PELLETS, HAIL 4 = ICE PELLETS
TOTAL MONTH: M 5 = HAIL
GRTST 24HR M ON M 6 = FREEZING RAIN OR DRIZZLE
GRTST DEPTH: M ON M 7 = DUSTSTORM OR SANDSTORM:
VSBY 1/2 MILE OR LESS
8 = SMOKE OR HAZE
[NO. OF DAYS WITH] [WEATHER - DAYS WITH] 9 = BLOWING SNOW
X = TORNADO
MAX 32 OR BELOW: 2 0.01 INCH OR MORE: 4
MAX 90 OR ABOVE: 0 0.10 INCH OR MORE: 2
MIN 32 OR BELOW: 21 0.50 INCH OR MORE: 0
MIN 0 OR BELOW: 0 1.00 INCH OR MORE: 0
[HDD (BASE 65) ]
TOTAL THIS MO. 622 CLEAR (SCALE 0-3) 21
DPTR FM NORMAL -94 PTCLDY (SCALE 4-7) 8
TOTAL FM JUL 1 985 CLOUDY (SCALE 8-10) 2
DPTR FM NORMAL -202
[CDD (BASE 65) ]
TOTAL THIS MO. 0
DPTR FM NORMAL 0 [PRESSURE DATA]
TOTAL FM JAN 1 139 HIGHEST SLP 30.55 ON 29
DPTR FM NORMAL 54 LOWEST SLP 29.27 ON 11
[REMARKS]
#FINAL-10-23#
OCTOBER 8... COOP BACKUP USED FOR MAXT DUE TO ASOS OUTAGE
OCTOBER 9... COOP BACKUP USED FOR MAXT DUE TO ASOS OUTAGE
OCTOBER 10... COOP BACKUP USED FOR MAXT DUE TO ASOS OUTAGE
OCTOBER 11... COOP BACKUP USED FOR PRECIPITATION DUE TO ASOS ERRORS
OCTOBER 12... COOP BACKUP USED FOR PRECIPITATION DUE TO ASOS ERRORS
OCTOBER 17... DAILY RECORD HIGH TEMPERATURE TIED: 74F (PREVIOUS IN 1950)
OCTOBER 20... DAILY RECORD HIGH TEMPERATURE: 77F (PREVIOUS: 72F IN 1950)
OCTOBER 21... DAILY RECORD HIGH TEMPERATURE: 75F (PREVIOUS: 74F IN 2003)
OCTOBER 28... COOP BACKUP USED FOR PRECIPITATION DUE TO ASOS ERRORS