000
CXUS54 KLUB 010730
CF6LBB
PRELIMINARY LOCAL CLIMATOLOGICAL DATA (WS FORM: F-6)
STATION: LUBBOCK
MONTH: AUGUST
YEAR: 2022
LATITUDE: 33 39 N
LONGITUDE: 101 49 W
TEMPERATURE IN F: :PCPN: SNOW: WIND :SUNSHINE: SKY :PK WND
================================================================================
1 2 3 4 5 6A 6B 7 8 9 10 11 12 13 14 15 16 17 18
12Z AVG MX 2MIN
DY MAX MIN AVG DEP HDD CDD WTR SNW DPTH SPD SPD DIR MIN PSBL S-S WX SPD DR
================================================================================
1 97 80 89 7 0 24 T 0.0 0 14.1 24 220 M M 7 33 200
2 100 78 89 7 0 24 0.00 0.0 0 13.8 24 190 M M 4 33 190
3 103 79 91 9 0 26 0.00 0.0 0 12.4 24 190 M M 2 32 190
4 101 77 89 8 0 24 0.04 0.0 0 10.2 28 130 M M 8 3 35 130
5 99 74 87 6 0 22 0.00 0.0 0 8.3 22 180 M M 6 26 170
6 99 76 88 7 0 23 0.00 0.0 0 11.5 21 200 M M 2 28 160
7 96 74 85 4 0 20 0.00 0.0 0 11.9 20 180 M M 2 26 200
8 93 74 84 3 0 19 0.05 0.0 0 7.1 20 180 M M 6 3 25 170
9 94 70 82 1 0 17 0.09 0.0 0 6.4 28 210 M M 7 3 36 200
10 91 73 82 1 0 17 0.00 0.0 0 6.0 16 330 M M 8 3 21 320
11 96 67 82 1 0 17 0.00 0.0 0 7.2 17 40 M M 4 29 30
12 95 64 80 -1 0 15 0.00 0.0 0 6.3 17 130 M M 2 22 130
13 95 68 82 1 0 17 0.00 0.0 0 6.8 14 120 M M 1 22 170
14 97 71 84 4 0 19 0.00 0.0 0 8.3 16 120 M M 2 20 150
15 95 71 83 3 0 18 0.00 0.0 0 10.3 21 160 M M 4 27 150
16 92 71 82 2 0 17 0.00 0.0 0 7.3 20 200 M M 7 26 210
17 93 70 82 2 0 17 0.00 0.0 0 9.8 23 70 M M 5 32 60
18 81 65 73 -7 0 8 1.41 0.0 0 6.3 20 40 M M 7 13 27 30
19 90 65 78 -2 0 13 0.00 0.0 0 4.2 15 180 M M 5 20 130
20 78 67 73 -7 0 8 0.57 0.0 0 7.8 18 100 M M 9 13 26 110
21 81 66 74 -5 0 9 0.09 0.0 0 11.0 21 90 M M 10 1 30 90
22 78 67 73 -6 0 8 0.15 0.0 0 10.3 20 50 M M 9 1 26 60
23 83 65 74 -5 0 9 0.00 0.0 0 6.6 15 60 M M 5 1 19 90
24 85 63 74 -5 0 9 0.00 0.0 0 5.4 13 60 M M 4 1 16 60
25 89 64 77 -1 0 12 0.00 0.0 0 4.8 13 90 M M 2 19 110
26 90 66 78 0 0 13 0.00 0.0 0 7.8 15 120 M M 4 22 120
27 93 68 81 3 0 16 0.00 0.0 0 11.4 21 210 M M 5 28 220
28 98 73 86 8 0 21 0.10 0.0 0 15.8 35 150 M M 3 13 45 140
29 92 64 78 0 0 13 0.93 0.0 0 9.6 35 340 M M 6 138 44 320
30 84 67 76 -1 0 11 0.27 0.0 0 6.8 20 40 M M 9 13 24 50
31 76 67 72 -5 0 7 2.25 0.0 0 5.5 23 90 M M 9 13 33 90
================================================================================
SM 2834 2164 0 493 5.95 0.0 271.0 M 164
================================================================================
AV 91.4 69.8 8.7 FASTST M M 5 MAX(MPH)
MISC ----> # 35 150 45 140
================================================================================
NOTES:
# LAST OF SEVERAL OCCURRENCES
COLUMN 17 PEAK WIND IN M.P.H.
PRELIMINARY LOCAL CLIMATOLOGICAL DATA (WS FORM: F-6) , PAGE 2
STATION: LUBBOCK
MONTH: AUGUST
YEAR: 2022
LATITUDE: 33 39 N
LONGITUDE: 101 49 W
[TEMPERATURE DATA] [PRECIPITATION DATA] SYMBOLS USED IN COLUMN 16
AVERAGE MONTHLY: 80.6 TOTAL FOR MONTH: 5.95 1 = FOG OR MIST
DPTR FM NORMAL: 0.7 DPTR FM NORMAL: 4.21 2 = FOG REDUCING VISIBILITY
HIGHEST: 103 ON 3 GRTST 24HR 2.49 ON 30-31 TO 1/4 MILE OR LESS
LOWEST: 63 ON 24 3 = THUNDER
SNOW, ICE PELLETS, HAIL 4 = ICE PELLETS
TOTAL MONTH: 0.0 INCH 5 = HAIL
GRTST 24HR 0.0 6 = FREEZING RAIN OR DRIZZLE
GRTST DEPTH: 0 7 = DUSTSTORM OR SANDSTORM:
VSBY 1/2 MILE OR LESS
8 = SMOKE OR HAZE
[NO. OF DAYS WITH] [WEATHER - DAYS WITH] 9 = BLOWING SNOW
X = TORNADO
MAX 32 OR BELOW: 0 0.01 INCH OR MORE: 11
MAX 90 OR ABOVE: 22 0.10 INCH OR MORE: 7
MIN 32 OR BELOW: 0 0.50 INCH OR MORE: 4
MIN 0 OR BELOW: 0 1.00 INCH OR MORE: 2
[HDD (BASE 65) ]
TOTAL THIS MO. 0 CLEAR (SCALE 0-3) 7
DPTR FM NORMAL 0 PTCLDY (SCALE 4-7) 19
TOTAL FM JUL 1 0 CLOUDY (SCALE 8-10) 5
DPTR FM NORMAL 0
[CDD (BASE 65) ]
TOTAL THIS MO. 493
DPTR FM NORMAL 33 [PRESSURE DATA]
TOTAL FM JAN 1 2131 HIGHEST SLP M ON M
DPTR FM NORMAL 487 LOWEST SLP 29.61 ON 28
[REMARKS]
#FINAL-08-22#