000
CXUS54 KLUB 010830
CF6LBB
PRELIMINARY LOCAL CLIMATOLOGICAL DATA (WS FORM: F-6)
STATION: LUBBOCK
MONTH: NOVEMBER
YEAR: 2021
LATITUDE: 33 39 N
LONGITUDE: 101 49 W
TEMPERATURE IN F: :PCPN: SNOW: WIND :SUNSHINE: SKY :PK WND
================================================================================
1 2 3 4 5 6A 6B 7 8 9 10 11 12 13 14 15 16 17 18
12Z AVG MX 2MIN
DY MAX MIN AVG DEP HDD CDD WTR SNW DPTH SPD SPD DIR MIN PSBL S-S WX SPD DR
================================================================================
1 69 39 54 -2 11 0 0.00 0.0 0 8.0 17 90 M M 4 23 80
2 51 41 46 -9 19 0 T 0.0 0 9.9 18 70 M M 10 18 25 70
3 48 40 44 -11 21 0 T 0.0 0 7.2 14 30 M M 10 19 30
4 61 34 48 -6 17 0 0.00 0.0 0 6.4 13 180 M M 3 18 16 180
5 70 38 54 0 11 0 0.00 0.0 0 11.0 17 180 M M 2 1 24 170
6 79 39 59 5 6 0 0.00 0.0 0 8.0 18 170 M M 2 1 24 190
7 81 41 61 8 4 0 0.00 0.0 0 10.4 20 190 M M 0 25 200
8 80 45 63 10 2 0 0.00 0.0 0 10.2 18 220 M M 6 28 230
9 73 46 60 8 5 0 0.00 0.0 0 8.8 17 10 M M 4 22 360
10 77 46 62 10 3 0 0.00 0.0 0 13.2 26 300 M M 4 1 39 310
11 64 35 50 -2 15 0 0.00 0.0 0 7.0 14 200 M M 2 18 160
12 60 39 50 -1 15 0 0.00 0.0 0 11.1 28 40 M M 2 37 40
13 73 33 53 2 12 0 0.00 0.0 0 11.9 25 210 M M 2 37 210
14 66 38 52 2 13 0 0.00 0.0 0 9.3 25 50 M M 4 34 40
15 83 38 61 11 4 0 0.00 0.0 0 6.5 13 210 M M 5 16 260
16 88 43 66 16 0 1 0.00 0.0 0 12.7 25 240 M M 4 33 250
17 59 36 48 -1 17 0 0.00 0.0 0 12.8 26 10 M M 6 38 30
18 53 28 41 -8 24 0 0.00 0.0 0 8.6 16 60 M M 3 20 50
19 66 36 51 2 14 0 0.00 0.0 0 15.0 24 210 M M 4 31 200
20 81 38 60 12 5 0 0.00 0.0 0 10.5 22 260 M M 5 31 270
21 62 34 48 0 17 0 0.00 0.0 0 12.1 28 30 M M 8 37 30
22 68 28 48 0 17 0 0.00 0.0 0 8.7 20 240 M M 1 25 240
23 74 29 52 5 13 0 0.00 0.0 0 12.9 26 220 M M 3 33 220
24 73 44 59 12 6 0 0.00 0.0 0 13.3 23 200 M M 7 30 200
25 54 36 45 -1 20 0 0.00 0.0 0 12.7 28 20 M M 3 38 10
26 66 30 48 2 17 0 0.00 0.0 0 12.4 23 220 M M 4 32 220
27 51 38 45 -1 20 0 0.38 0.0 0 7.9 14 250 M M 7 1 19 220
28 61 32 47 1 18 0 0.00 0.0 0 7.2 14 250 M M 0 18 220
29 75 34 55 10 10 0 0.00 0.0 0 9.3 14 220 M M 0 20 220
30 75 34 55 10 10 0 0.00 0.0 0 7.8 20 20 M M 2 26 30
================================================================================
SM 2041 1112 366 1 0.38 0.0 302.8 M 117
================================================================================
AV 68.0 37.1 10.1 FASTST M M 4 MAX(MPH)
MISC ----> # 28 40 39 310
================================================================================
NOTES:
# LAST OF SEVERAL OCCURRENCES
COLUMN 17 PEAK WIND IN M.P.H.
PRELIMINARY LOCAL CLIMATOLOGICAL DATA (WS FORM: F-6) , PAGE 2
STATION: LUBBOCK
MONTH: NOVEMBER
YEAR: 2021
LATITUDE: 33 39 N
LONGITUDE: 101 49 W
[TEMPERATURE DATA] [PRECIPITATION DATA] SYMBOLS USED IN COLUMN 16
AVERAGE MONTHLY: 52.6 TOTAL FOR MONTH: 0.38 1 = FOG OR MIST
DPTR FM NORMAL: 2.5 DPTR FM NORMAL: -0.42 2 = FOG REDUCING VISIBILITY
HIGHEST: 88 ON 16 GRTST 24HR 0.38 ON 27-27 TO 1/4 MILE OR LESS
LOWEST: 28 ON 22,18 3 = THUNDER
SNOW, ICE PELLETS, HAIL 4 = ICE PELLETS
TOTAL MONTH: 0.0 INCH 5 = HAIL
GRTST 24HR 0.0 6 = FREEZING RAIN OR DRIZZLE
GRTST DEPTH: 0 7 = DUSTSTORM OR SANDSTORM:
VSBY 1/2 MILE OR LESS
8 = SMOKE OR HAZE
[NO. OF DAYS WITH] [WEATHER - DAYS WITH] 9 = BLOWING SNOW
X = TORNADO
MAX 32 OR BELOW: 0 0.01 INCH OR MORE: 1
MAX 90 OR ABOVE: 0 0.10 INCH OR MORE: 1
MIN 32 OR BELOW: 5 0.50 INCH OR MORE: 0
MIN 0 OR BELOW: 0 1.00 INCH OR MORE: 0
[HDD (BASE 65) ]
TOTAL THIS MO. 366 CLEAR (SCALE 0-3) 12
DPTR FM NORMAL -86 PTCLDY (SCALE 4-7) 16
TOTAL FM JUL 1 451 CLOUDY (SCALE 8-10) 2
DPTR FM NORMAL -181
[CDD (BASE 65) ]
TOTAL THIS MO. 1
DPTR FM NORMAL -3 [PRESSURE DATA]
TOTAL FM JAN 1 1970 HIGHEST SLP 30.56 ON 18
DPTR FM NORMAL 22 LOWEST SLP 29.67 ON 16
[REMARKS]
#FINAL-11-21#