000
CXUS54 KLUB 011408
CLMLBB
CLIMATE REPORT
NATIONAL WEATHER SERVICE LUBBOCK TX
908 AM CDT WED NOV 01 2023
...................................
...THE LUBBOCK CLIMATE SUMMARY FOR THE MONTH OF OCTOBER 2023...
CLIMATE NORMAL PERIOD 1991 TO 2020
CLIMATE RECORD PERIOD 1911 TO 2023
WEATHER OBSERVED NORMAL DEPART LAST YEAR`S
VALUE DATE(S) VALUE FROM VALUE DATE(S)
NORMAL
................................................................
TEMPERATURE (F)
RECORD
HIGH 100 10/03/2000
LOW 16 10/31/2019
10/31/2019
10/31/2019
HIGHEST 90 10/21 86 10/01
LOWEST 26 10/31 37 10/25
AVG. MAXIMUM 75.5 75.5 -0.0 73.0
AVG. MINIMUM 49.9 48.1 1.8 49.6
MEAN 62.7 61.8 0.9 61.3
DAYS MAX >= 90 1 2.2 -1.2 0
DAYS MAX <= 32 0 0.0 0.0 0
DAYS MIN <= 32 3 1.4 1.6 0
DAYS MIN <= 0 0 0.0 0.0 0
PRECIPITATION (INCHES)
RECORD
MAXIMUM 10.80 1983
MINIMUM 0.00 1966
TOTALS 3.38 1.53 1.85 2.39
DAILY AVG. 0.11 0.05 0.06 0.08
DAYS >= .01 9 5.6 3.4 9
DAYS >= .10 7 2.9 4.1 7
DAYS >= .50 3 1.1 1.9 2
DAYS >= 1.00 0 0.3 -0.3 0
GREATEST
24 HR. TOTAL 1.63 10/02 TO 10/03
SNOWFALL (INCHES)
RECORDS
TOTAL 7.5 1976
24 HR TOTAL 0.6 10/27/2020 TO 10/27/2020
SNOW DEPTH MM MM
TOTALS T 0.1 -0.1 T
SINCE 7/1 T 0.1 -0.1 MM
SNOWDEPTH AVG. 0 0
DAYS >= TRACE 1 0.2 0.8 1
DAYS >= 1.0 0 0.0 0.0 0
GREATEST
SNOW DEPTH 0 0 MM
24 HR TOTAL MM T 10/24 TO 10/24
DEGREE DAYS
HEATING TOTAL 154 160 -6 149
SINCE 7/1 154 179 -25 MM
COOLING TOTAL 91 60 31 43
SINCE 1/1 2429 1944 485 MM
................................................................
WIND (MPH)
AVERAGE WIND SPEED 10.3
HIGHEST WIND SPEED/DIRECTION 30/050 DATE 10/06
30/300 10/24
HIGHEST GUST SPEED/DIRECTION 44/270 DATE 10/24
SKY COVER
POSSIBLE SUNSHINE (PERCENT) MM
AVERAGE SKY COVER 0.34
NUMBER OF DAYS FAIR 19
NUMBER OF DAYS PC 6
NUMBER OF DAYS CLOUDY 6
AVERAGE RH (PERCENT) 60
WEATHER CONDITIONS. NUMBER OF DAYS WITH
THUNDERSTORM 6 MIXED PRECIP 0
HEAVY RAIN 5 RAIN 5
LIGHT RAIN 10 FREEZING RAIN 0
LT FREEZING RAIN 1 HAIL 1
HEAVY SNOW 0 SNOW 0
LIGHT SNOW 0 SLEET 0
FOG 10 FOG W/VIS <= 1/4 MILE 1
HAZE 2
- INDICATES NEGATIVE NUMBERS.
R INDICATES RECORD WAS SET OR TIED.
MM INDICATES DATA IS MISSING.
T INDICATES TRACE AMOUNT.
$$