000
CXUS54 KHGX 011410
CF6LBX
PRELIMINARY LOCAL CLIMATOLOGICAL DATA (WS FORM: F-6)
STATION: ANGLETON/LAKE_JACKS
MONTH: AUGUST
YEAR: 2021
LATITUDE: 29 6 N
LONGITUDE: 95 28 W
TEMPERATURE IN F: :PCPN: SNOW: WIND :SUNSHINE: SKY :PK WND
================================================================================
1 2 3 4 5 6A 6B 7 8 9 10 11 12 13 14 15 16 17 18
12Z AVG MX 2MIN
DY MAX MIN AVG DEP HDD CDD WTR SNW DPTH SPD SPD DIR MIN PSBL S-S WX SPD DR
================================================================================
1 93 77 85 1 0 20 T 0.0 0 3.9 14 200 M M 1 3 21 230
2 91 75 83 -1 0 18 0.33 0.0 0 3.5 13 190 M M 2 13 18 210
3 89 76 83 -1 0 18 0.38 0.0 0 3.3 15 50 M M 6 13 18 50
4 88 76 82 -2 0 17 T 0.0 0 2.6 10 90 M M 5 3 13 100
5 86 74 80 -4 0 15 T 0.0 0 4.0 13 150 M M 6 13 15 150
6 90 74 82 -2 0 17 0.30 0.0 0 2.1 15 80 M M 3 13 21 90
7 92 73 83 -1 0 18 0.00 0.0 0 6.8 17 170 M M 1 1 26 160
8 93 77 85 1 0 20 T 0.0 0 10.1 22 170 M M 2 29 160
9 92 79 86 2 0 21 T 0.0 0 10.6 21 180 M M 1 25 170
10 93 78 86 2 0 21 T 0.0 0 7.4 16 170 M M 2 3 22 150
11 93 77 85 1 0 20 T 0.0 0 5.7 15 170 M M 2 3 22 180
12 93 76 85 1 0 20 0.00 0.0 0 4.8 14 150 M M 1 3 18 150
13 91 76 84 0 0 19 0.17 0.0 0 3.3 15 120 M M 2 3 22 120
14 93 75 84 0 0 19 T 0.0 0 3.4 14 80 M M 1 3 19 70
15 94 73 84 0 0 19 0.18 0.0 0 4.3 26 50 M M 2 3 33 50
16 91 74 83 -1 0 18 T 0.0 0 3.2 17 190 M M 1 3 22 200
17 93 74 84 0 0 19 0.00 0.0 0 4.9 16 170 M M 1 19 170
18 93 76 85 1 0 20 0.26 0.0 0 7.6 33 180 M M 2 3 39 180
19 93 79 86 2 0 21 0.00 0.0 0 8.1 17 170 M M 1 21 160
20 92 77 85 1 0 20 0.00 0.0 0 5.8 15 130 M M 2 21 160
21 93 75 84 0 0 19 0.00 0.0 0 4.9 14 150 M M 3 21 170
22 93 72 83 -1 0 18 0.00 0.0 0 3.7 14 170 M M 1 17 150
23 94 71 83 -1 0 18 0.03 0.0 0 3.6 16 140 M M 2 19 140
24 94 72 83 0 0 18 0.00 0.0 0 3.5 14 170 M M 1 18 160
25 95 74 85 2 0 20 0.08 0.0 0 2.3 13 160 M M 2 3 17 140
26 89 75 82 -1 0 17 0.86 0.0 0 2.4 15 50 M M 1 13 22 60
27 86 75 81 -2 0 16 0.68 0.0 0 3.7 12 110 M M 3 3 15 120
28 92 74 83 0 0 18 0.00 0.0 0 4.2 14 150 M M 1 3 17 150
29 95 76 86 3 0 21 T 0.0 0 4.6 12 10 M M 1 15 60
30 96 78 87 4 0 22 0.00 0.0 0 4.9 10 230 M M 1 16 310
31 96 77 87 4 0 22 0.00 0.0 0 4.5 15 180 M M 1 18 200
================================================================================
SM 2856 2335 0 589 3.27 0.0 147.7 M 61
================================================================================
AV 92.1 75.3 4.8 FASTST M M 2 MAX(MPH)
MISC ----> 33 180 39 180
================================================================================
NOTES:
# LAST OF SEVERAL OCCURRENCES
COLUMN 17 PEAK WIND IN M.P.H.
PRELIMINARY LOCAL CLIMATOLOGICAL DATA (WS FORM: F-6) , PAGE 2
STATION: ANGLETON/LAKE_JACKS
MONTH: AUGUST
YEAR: 2021
LATITUDE: 29 6 N
LONGITUDE: 95 28 W
[TEMPERATURE DATA] [PRECIPITATION DATA] SYMBOLS USED IN COLUMN 16
AVERAGE MONTHLY: 83.7 TOTAL FOR MONTH: 3.27 1 = FOG OR MIST
DPTR FM NORMAL: -0.2 DPTR FM NORMAL: -0.93 2 = FOG REDUCING VISIBILITY
HIGHEST: 96 ON 31,30 GRTST 24HR 1.53 ON 26-27 TO 1/4 MILE OR LESS
LOWEST: 71 ON 23 3 = THUNDER
SNOW, ICE PELLETS, HAIL 4 = ICE PELLETS
TOTAL MONTH: 0.0 INCH 5 = HAIL
GRTST 24HR 0.0 6 = FREEZING RAIN OR DRIZZLE
GRTST DEPTH: 0 7 = DUSTSTORM OR SANDSTORM:
VSBY 1/2 MILE OR LESS
8 = SMOKE OR HAZE
[NO. OF DAYS WITH] [WEATHER - DAYS WITH] 9 = BLOWING SNOW
X = TORNADO
MAX 32 OR BELOW: 0 0.01 INCH OR MORE: 10
MAX 90 OR ABOVE: 26 0.10 INCH OR MORE: 8
MIN 32 OR BELOW: 0 0.50 INCH OR MORE: 2
MIN 0 OR BELOW: 0 1.00 INCH OR MORE: 0
[HDD (BASE 65) ]
TOTAL THIS MO. 0 CLEAR (SCALE 0-3) 27
DPTR FM NORMAL 0 PTCLDY (SCALE 4-7) 4
TOTAL FM JUL 1 0 CLOUDY (SCALE 8-10) 0
DPTR FM NORMAL 0
[CDD (BASE 65) ]
TOTAL THIS MO. 589
DPTR FM NORMAL 3 [PRESSURE DATA]
TOTAL FM JAN 1 2364 HIGHEST SLP 30.15 ON 13
DPTR FM NORMAL -20 LOWEST SLP 29.72 ON 30
[REMARKS]
#FINAL-08-21#