000
CXUS54 KLCH 011407
CF6LCH
PRELIMINARY LOCAL CLIMATOLOGICAL DATA (WS FORM: F-6)
STATION: LAKE CHARLES
MONTH: OCTOBER
YEAR: 2021
LATITUDE: 30 7 N
LONGITUDE: 93 13 W
TEMPERATURE IN F: :PCPN: SNOW: WIND :SUNSHINE: SKY :PK WND
================================================================================
1 2 3 4 5 6A 6B 7 8 9 10 11 12 13 14 15 16 17 18
12Z AVG MX 2MIN
DY MAX MIN AVG DEP HDD CDD WTR SNW DPTH SPD SPD DIR MIN PSBL S-S WX SPD DR
================================================================================
1 79 73 76 0 0 11 0.74 0.0 M 6.3 16 180 M M 6 123 25 210
2 83 74 79 3 0 14 0.01 0.0 M 4.4 13 150 M M 5 18 16 150
3 87 72 80 4 0 15 0.00 0.0 M 2.8 18 10 M M 8 128 24 10
4 89 70 80 5 0 15 0.00 0.0 M 4.8 14 20 M M 1 1 18 360
5 86 66 76 1 0 11 0.00 0.0 0 6.3 16 10 M M 1 20 50
6 87 64 76 1 0 11 0.00 0.0 0 3.3 12 30 M M 0 1 17 40
7 88 64 76 2 0 11 0.00 0.0 M 2.2 10 50 M M 0 1 16 30
8 89 63 76 2 0 11 0.00 0.0 0 2.9 9 80 M M 0 18 13 90
9 85 65 75 1 0 10 0.00 0.0 0 3.8 13 220 M M 1 18 20 170
10 87 67 77 4 0 12 0.00 0.0 M 8.6 20 150 M M 2 1 25 150
11 87 74 81 8 0 16 0.04 0.0 0 6.0 14 230 M M 3 13 20 210
12 89 73 81 8 0 16 0.00 0.0 M 7.2 16 150 M M 4 1 23 140
13 88 71 80 8 0 15 0.00 0.0 M 8.4 17 150 M M 1 26 170
14 89 73 81 9 0 16 0.00 0.0 M 6.9 18 140 M M 1 1 26 180
15 88 73 81 9 0 16 0.12 0.0 M 6.8 22 350 M M 4 12 32 360
16 76 57 67 -4 0 2 0.00 0.0 M 14.9 28 10 M M 1 37 10
17 76 49 63 -8 2 0 0.00 0.0 M 4.1 17 70 M M 0 23 60
18 76 51 64 -7 1 0 0.00 0.0 M 4.7 12 110 M M 0 16 30
19 81 54 68 -2 0 3 0.00 0.0 M 6.2 13 140 M M 1 1 23 80
20 85 64 75 5 0 10 0.00 0.0 M 4.5 8 110 M M 1 18 12 80
21 88 68 78 8 0 13 0.00 0.0 M 2.5 8 50 M M 6 128 11 80
22 88 67 78 9 0 13 0.00 0.0 M 2.5 10 70 M M 5 12 18 60
23 87 67 77 8 0 12 T 0.0 M 7.2 18 140 M M 5 12 24 170
24 85 69 77 9 0 12 0.01 0.0 M 8.4 23 170 M M 5 138 37 180
25 86 67 77 9 0 12 0.00 0.0 M 2.7 12 340 M M 6 128 16 360
26 85 67 76 8 0 11 0.00 0.0 M 6.9 14 130 M M 6 128 19 170
27 82 62 72 5 0 7 1.08 0.0 M 8.9 37 290 M M 5 1238 64 170
28 75 61 68 1 0 3 0.00 0.0 M 15.1 33 310 M M 0 51 300
29 70 51 61 -6 4 0 0.00 0.0 0 11.4 25 310 M M 2 8 35 310
30 74 48 61 -5 4 0 0.00 0.0 0 5.6 16 310 M M 0 8 23 320
31 78 47 63 -3 2 0 0.00 0.0 M 1.1 8 250 M M 0 18 11 190
================================================================================
SM 2593 1991 13 298 2.00 0.0 187.4 M 80
================================================================================
AV 83.6 64.2 6.0 FASTST M M 3 MAX(MPH)
MISC ----> 37 290 64 170
================================================================================
NOTES:
# LAST OF SEVERAL OCCURRENCES
COLUMN 17 PEAK WIND IN M.P.H.
PRELIMINARY LOCAL CLIMATOLOGICAL DATA (WS FORM: F-6) , PAGE 2
STATION: LAKE CHARLES
MONTH: OCTOBER
YEAR: 2021
LATITUDE: 30 7 N
LONGITUDE: 93 13 W
[TEMPERATURE DATA] [PRECIPITATION DATA] SYMBOLS USED IN COLUMN 16
AVERAGE MONTHLY: 73.9 TOTAL FOR MONTH: 2.00 1 = FOG OR MIST
DPTR FM NORMAL: 2.6 DPTR FM NORMAL: -2.80 2 = FOG REDUCING VISIBILITY
HIGHEST: 89 ON 14,12 GRTST 24HR 1.08 ON 27-27 TO 1/4 MILE OR LESS
LOWEST: 47 ON 31 3 = THUNDER
SNOW, ICE PELLETS, HAIL 4 = ICE PELLETS
TOTAL MONTH: 0.0 INCH 5 = HAIL
GRTST 24HR 0.0 6 = FREEZING RAIN OR DRIZZLE
GRTST DEPTH: 0 7 = DUSTSTORM OR SANDSTORM:
VSBY 1/2 MILE OR LESS
8 = SMOKE OR HAZE
[NO. OF DAYS WITH] [WEATHER - DAYS WITH] 9 = BLOWING SNOW
X = TORNADO
MAX 32 OR BELOW: 0 0.01 INCH OR MORE: 6
MAX 90 OR ABOVE: 0 0.10 INCH OR MORE: 3
MIN 32 OR BELOW: 0 0.50 INCH OR MORE: 2
MIN 0 OR BELOW: 0 1.00 INCH OR MORE: 1
[HDD (BASE 65) ]
TOTAL THIS MO. 13 CLEAR (SCALE 0-3) 19
DPTR FM NORMAL -15 PTCLDY (SCALE 4-7) 12
TOTAL FM JUL 1 13 CLOUDY (SCALE 8-10) 0
DPTR FM NORMAL -12
[CDD (BASE 65) ]
TOTAL THIS MO. 298
DPTR FM NORMAL 76 [PRESSURE DATA]
TOTAL FM JAN 1 3021 HIGHEST SLP 30.33 ON 17
DPTR FM NORMAL 39 LOWEST SLP 29.51 ON 27
[REMARKS]
#FINAL-10-21#