000
CXUS54 KLCH 010830
CF6LCH
PRELIMINARY LOCAL CLIMATOLOGICAL DATA (WS FORM: F-6)
STATION: LAKE CHARLES
MONTH: JUNE
YEAR: 2021
LATITUDE: 30 7 N
LONGITUDE: 93 13 W
TEMPERATURE IN F: :PCPN: SNOW: WIND :SUNSHINE: SKY :PK WND
================================================================================
1 2 3 4 5 6A 6B 7 8 9 10 11 12 13 14 15 16 17 18
12Z AVG MX 2MIN
DY MAX MIN AVG DEP HDD CDD WTR SNW DPTH SPD SPD DIR MIN PSBL S-S WX SPD DR
================================================================================
1 84 73 79 -1 0 14 T 0.0 M 7.0 16 200 M M 4 1 24 190
2 86 71 79 -1 0 14 0.06 0.0 M 5.0 18 220 M M 3 13 28 230
3 84 74 79 -1 0 14 0.02 0.0 M 4.6 15 50 M M 2 13 18 50
4 80 70 75 -6 0 10 1.76 0.0 M 6.4 14 70 M M 8 13 18 90
5 83 71 77 -4 0 12 1.20 0.0 M 8.8 17 150 M M 6 12 24 160
6 85 70 78 -3 0 13 0.43 0.0 M 6.6 13 170 M M 3 13 18 190
7 87 79 83 2 0 18 T 0.0 M 10.6 21 160 M M 8 1 30 190
8 89 80 85 4 0 20 0.02 0.0 M 9.6 23 160 M M 7 1 33 150
9 89 79 84 2 0 19 0.00 0.0 M 7.7 15 210 M M 3 21 200
10 89 76 83 1 0 18 0.00 0.0 M 7.0 14 190 M M 2 20 170
11 90 75 83 1 0 18 0.00 0.0 0 7.6 16 230 M M 1 22 200
12 92 75 84 2 0 19 0.00 0.0 0 5.8 14 240 M M 1 1 21 250
13 97 76 87 5 0 22 0.00 0.0 M 4.8 25 70 M M 3 13 34 60
14 95 74 85 3 0 20 0.00 0.0 M 5.3 13 140 M M 0 17 70
15 95 71 83 1 0 18 0.89 0.0 M 3.6 31 40 M M 2 138 46 70
16 96 72 84 2 0 19 0.00 0.0 M 7.5 17 60 M M 0 28 60
17 92 74 83 1 0 18 0.00 0.0 M 8.9 18 80 M M 0 24 70
18 94 72 83 1 0 18 0.00 0.0 M 9.8 21 90 M M 1 29 100
19 95 72 84 1 0 19 0.00 0.0 M 5.5 12 210 M M 0 18 220
20 90 77 84 1 0 19 0.10 0.0 M 8.6 18 180 M M 4 138 32 180
21 90 75 83 0 0 18 0.02 0.0 M 9.0 31 160 M M 5 13 43 170
22 88 75 82 -1 0 17 0.14 0.0 M 5.7 15 80 M M 5 13 18 40
23 91 75 83 0 0 18 0.04 0.0 M 5.4 13 200 M M 2 138 20 210
24 90 77 84 1 0 19 0.00 0.0 M 7.0 15 190 M M 2 1 22 190
25 92 76 84 1 0 19 0.14 0.0 M 6.6 16 20 M M 3 13 24 190
26 88 76 82 -1 0 17 0.19 0.0 M 6.9 15 150 M M 3 13 29 140
27 87 76 82 -1 0 17 0.35 0.0 M 9.0 25 80 M M 3 138 34 70
28 89 74 82 -1 0 17 1.11 0.0 M 11.0 28 130 M M 4 138 39 150
29 88 75 82 -1 0 17 0.08 0.0 M 7.5 23 150 M M 3 13 29 150
30 89 75 82 -1 0 17 0.03 0.0 M 5.2 16 70 M M 3 1 24 180
================================================================================
SM 2684 2235 0 518 6.58 0.0 214.0 M 91
================================================================================
AV 89.5 74.5 7.1 FASTST M M 3 MAX(MPH)
MISC ----> # 31 40 46 70
================================================================================
NOTES:
# LAST OF SEVERAL OCCURRENCES
COLUMN 17 PEAK WIND IN M.P.H.
PRELIMINARY LOCAL CLIMATOLOGICAL DATA (WS FORM: F-6) , PAGE 2
STATION: LAKE CHARLES
MONTH: JUNE
YEAR: 2021
LATITUDE: 30 7 N
LONGITUDE: 93 13 W
[TEMPERATURE DATA] [PRECIPITATION DATA] SYMBOLS USED IN COLUMN 16
AVERAGE MONTHLY: 82.0 TOTAL FOR MONTH: 6.58 1 = FOG OR MIST
DPTR FM NORMAL: -0.1 DPTR FM NORMAL: 0.04 2 = FOG REDUCING VISIBILITY
HIGHEST: 97 ON 13 GRTST 24HR 2.85 ON 4- 5 TO 1/4 MILE OR LESS
LOWEST: 70 ON 6, 4 3 = THUNDER
SNOW, ICE PELLETS, HAIL 4 = ICE PELLETS
TOTAL MONTH: 0.0 INCH 5 = HAIL
GRTST 24HR 0.0 6 = FREEZING RAIN OR DRIZZLE
GRTST DEPTH: 0 7 = DUSTSTORM OR SANDSTORM:
VSBY 1/2 MILE OR LESS
8 = SMOKE OR HAZE
[NO. OF DAYS WITH] [WEATHER - DAYS WITH] 9 = BLOWING SNOW
X = TORNADO
MAX 32 OR BELOW: 0 0.01 INCH OR MORE: 17
MAX 90 OR ABOVE: 14 0.10 INCH OR MORE: 10
MIN 32 OR BELOW: 0 0.50 INCH OR MORE: 4
MIN 0 OR BELOW: 0 1.00 INCH OR MORE: 3
[HDD (BASE 65) ]
TOTAL THIS MO. 0 CLEAR (SCALE 0-3) 15
DPTR FM NORMAL 0 PTCLDY (SCALE 4-7) 15
TOTAL FM JUL 1 1404 CLOUDY (SCALE 8-10) 0
DPTR FM NORMAL 90
[CDD (BASE 65) ]
TOTAL THIS MO. 518
DPTR FM NORMAL 5 [PRESSURE DATA]
TOTAL FM JAN 1 1160 HIGHEST SLP 30.12 ON 30
DPTR FM NORMAL 25 LOWEST SLP 29.84 ON 19
[REMARKS]
#FINAL-06-21#