000
CXUS53 KLMK 010810
CF6LEX
PRELIMINARY LOCAL CLIMATOLOGICAL DATA (WS FORM: F-6)
STATION: LEXINGTON KY
MONTH: SEPTEMBER
YEAR: 2021
LATITUDE: 38 1 N
LONGITUDE: 84 36 W
TEMPERATURE IN F: :PCPN: SNOW: WIND :SUNSHINE: SKY :PK WND
================================================================================
1 2 3 4 5 6A 6B 7 8 9 10 11 12 13 14 15 16 17 18
12Z AVG MX 2MIN
DY MAX MIN AVG DEP HDD CDD WTR SNW DPTH SPD SPD DIR MIN PSBL S-S WX SPD DR
================================================================================
1 80 65 73 -1 0 8 0.16 0.0 0 9.6 18 360 M M 7 1 24 10
2 76 57 67 -6 0 2 0.00 0.0 0 9.1 18 50 M M 0 24 50
3 79 54 67 -6 0 2 0.00 0.0 0 5.8 14 90 M M 0 19 80
4 81 62 72 -1 0 7 T 0.0 0 6.9 17 220 M M 2 23 210
5 73 64 69 -4 0 4 0.47 0.0 0 5.5 14 240 M M 8 1 19 240
6 82 55 69 -3 0 4 0.00 0.0 0 1.8 8 340 M M 0 1 12 350
7 82 56 69 -3 0 4 0.00 0.0 0 5.1 12 180 M M 0 16 170
8 75 61 68 -4 0 3 0.33 0.0 0 6.0 14 200 M M 3 13 20 190
9 77 54 66 -6 0 1 0.00 0.0 0 4.4 14 320 M M 1 20 310
10 76 52 64 -7 1 0 0.00 0.0 0 2.2 9 350 M M 0 14 360
11 79 54 67 -4 0 2 0.00 0.0 0 9.3 17 200 M M 1 24 200
12 82 63 73 3 0 8 0.00 0.0 0 9.3 18 230 M M 0 26 210
13 83 65 74 4 0 9 0.00 0.0 0 6.2 14 240 M M 0 18 230
14 85 67 76 6 0 11 0.00 0.0 0 7.6 15 210 M M 1 22 220
15 73 64 69 -1 0 4 0.49 0.0 0 4.8 12 150 M M 8 13 18 210
16 83 63 73 4 0 8 0.00 0.0 0 4.9 9 90 M M 5 12 13 80
17 84 66 75 6 0 10 T 0.0 0 4.2 10 210 M M 2 1 14 240
18 86 64 75 7 0 10 0.00 0.0 0 1.9 10 190 M M 2 1 14 180
19 84 64 74 6 0 9 0.08 0.0 0 4.6 17 210 M M 2 13 23 210
20 75 66 71 3 0 6 0.33 0.0 0 6.8 13 180 M M 8 1 17 200
21 75 66 71 4 0 6 0.04 0.0 0 6.1 15 170 M M 10 1 21 180
22 70 51 61 -6 4 0 1.22 0.0 0 9.6 24 330 M M 10 13 35 340
23 66 48 57 -10 8 0 T 0.0 0 9.5 22 260 M M 4 30 260
24 71 45 58 -8 7 0 0.00 0.0 0 5.8 13 270 M M 0 17 270
25 69 48 59 -7 6 0 0.03 0.0 0 6.2 15 260 M M 3 1 21 260
26 72 45 59 -7 6 0 0.00 0.0 0 6.6 13 210 M M 0 26 230
27 79 53 66 1 0 1 0.00 0.0 0 10.6 20 220 M M 0 26 220
28 82 62 72 7 0 7 0.00 0.0 0 7.6 14 260 M M 0 20 210
29 84 59 72 8 0 7 0.00 0.0 0 2.6 9 330 M M 1 1 14 290
30 81 59 70 6 0 5 0.00 0.0 0 5.0 12 20 M M 0 1 15 20
================================================================================
SM 2344 1752 32 138 3.15 0.0 185.6 M 78
================================================================================
AV 78.1 58.4 6.2 FASTST M M 3 MAX(MPH)
MISC ----> 24 330 35 340
================================================================================
NOTES:
# LAST OF SEVERAL OCCURRENCES
COLUMN 17 PEAK WIND IN M.P.H.
PRELIMINARY LOCAL CLIMATOLOGICAL DATA (WS FORM: F-6) , PAGE 2
STATION: LEXINGTON KY
MONTH: SEPTEMBER
YEAR: 2021
LATITUDE: 38 1 N
LONGITUDE: 84 36 W
[TEMPERATURE DATA] [PRECIPITATION DATA] SYMBOLS USED IN COLUMN 16
AVERAGE MONTHLY: 68.3 TOTAL FOR MONTH: 3.15 1 = FOG OR MIST
DPTR FM NORMAL: -0.8 DPTR FM NORMAL: -0.27 2 = FOG REDUCING VISIBILITY
HIGHEST: 86 ON 18 GRTST 24HR 1.22 ON 22-22 TO 1/4 MILE OR LESS
LOWEST: 45 ON 26,24 3 = THUNDER
SNOW, ICE PELLETS, HAIL 4 = ICE PELLETS
TOTAL MONTH: 0.0 INCH 5 = HAIL
GRTST 24HR 0.0 6 = FREEZING RAIN OR DRIZZLE
GRTST DEPTH: 0 7 = DUSTSTORM OR SANDSTORM:
VSBY 1/2 MILE OR LESS
8 = SMOKE OR HAZE
[NO. OF DAYS WITH] [WEATHER - DAYS WITH] 9 = BLOWING SNOW
X = TORNADO
MAX 32 OR BELOW: 0 0.01 INCH OR MORE: 9
MAX 90 OR ABOVE: 0 0.10 INCH OR MORE: 6
MIN 32 OR BELOW: 0 0.50 INCH OR MORE: 1
MIN 0 OR BELOW: 0 1.00 INCH OR MORE: 1
[HDD (BASE 65) ]
TOTAL THIS MO. 32 CLEAR (SCALE 0-3) 22
DPTR FM NORMAL -10 PTCLDY (SCALE 4-7) 5
TOTAL FM JUL 1 32 CLOUDY (SCALE 8-10) 3
DPTR FM NORMAL -10
[CDD (BASE 65) ]
TOTAL THIS MO. 138
DPTR FM NORMAL -28 [PRESSURE DATA]
TOTAL FM JAN 1 1106 HIGHEST SLP 30.23 ON 12
DPTR FM NORMAL -148 LOWEST SLP 29.61 ON 1
[REMARKS]
#FINAL-09-21#