000
CXUS53 KLMK 010710
CF6LEX
PRELIMINARY LOCAL CLIMATOLOGICAL DATA (WS FORM: F-6)
STATION: LEXINGTON KY
MONTH: OCTOBER
YEAR: 2023
LATITUDE: 38 1 N
LONGITUDE: 84 36 W
TEMPERATURE IN F: :PCPN: SNOW: WIND :SUNSHINE: SKY :PK WND
================================================================================
1 2 3 4 5 6A 6B 7 8 9 10 11 12 13 14 15 16 17 18
12Z AVG MX 2MIN
DY MAX MIN AVG DEP HDD CDD WTR SNW DPTH SPD SPD DIR MIN PSBL S-S WX SPD DR
================================================================================
1 85 58 72 8 0 7 0.00 0.0 0 7.3 15 40 M M 0 18 24 40
2 87 55 71 8 0 6 0.00 0.0 0 3.7 13 30 M M 0 18 40
3 90 58 74 11 0 9 0.00 0.0 0 2.2 9 120 M M 0 14 120
4 87 58 73 11 0 8 0.00 0.0 0 6.8 17 190 M M 0 24 180
5 79 60 70 8 0 5 0.01 0.0 0 7.6 17 210 M M 5 23 210
6 77 56 67 5 0 2 0.04 0.0 0 7.7 23 320 M M 6 1 33 320
7 64 43 54 -7 11 0 0.00 0.0 0 8.0 20 330 M M 3 30 330
8 62 41 52 -9 13 0 0.00 0.0 0 6.4 18 270 M M 6 8 26 280
9 70 44 57 -3 8 0 T 0.0 0 5.7 17 270 M M 4 24 250
10 69 42 56 -4 9 0 0.00 0.0 0 5.2 18 280 M M 1 26 280
11 69 38 54 -6 11 0 0.00 0.0 0 6.3 12 160 M M 1 17 210
12 82 53 68 9 0 3 0.00 0.0 0 5.4 12 50 M M 1 15 60
13 84 54 69 10 0 4 0.04 0.0 0 7.4 17 180 M M 2 24 180
14 66 52 59 0 6 0 0.24 0.0 0 11.8 21 270 M M 10 1 33 290
15 58 48 53 -5 12 0 0.00 0.0 0 9.0 16 330 M M 10 22 340
16 55 47 51 -7 14 0 0.13 0.0 0 6.5 14 360 M M 10 1 18 360
17 57 50 54 -3 11 0 0.00 0.0 0 4.4 12 310 M M 10 17 340
18 67 44 56 -1 9 0 0.00 0.0 0 6.8 14 200 M M 2 20 200
19 70 53 62 5 3 0 0.44 0.0 0 12.6 28 200 M M 5 1 35 190
20 63 48 56 0 9 0 0.35 0.0 0 9.4 20 280 M M 9 1 30 280
21 73 41 57 1 8 0 0.00 0.0 0 9.1 21 220 M M 1 31 230
22 63 43 53 -3 12 0 0.00 0.0 0 6.3 14 330 M M 2 22 310
23 73 39 56 1 9 0 0.00 0.0 0 4.4 10 130 M M 0 14 130
24 79 52 66 11 0 1 0.00 0.0 0 7.7 14 210 M M 0 19 190
25 80 58 69 15 0 4 0.00 0.0 0 8.5 18 220 M M 0 26 210
26 78 61 70 16 0 5 0.00 0.0 0 10.8 20 220 M M 4 28 220
27 72 64 68 14 0 3 0.04 0.0 0 9.5 20 210 M M 6 1 26 220
28 73 63 68 15 0 3 0.05 0.0 0 6.6 12 220 M M 8 128 16 210
29 67 59 63 10 2 0 0.45 0.0 0 5.0 18 210 M M 10 128 24 240
30 59 37 48 -4 17 0 0.51 0.0 0 9.1 16 320 M M 9 1 25 320
31 49 31 40 -12 25 0 T T 0 7.7 21 290 M M 3 33 240
================================================================================
SM 2207 1550 189 60 2.30 T 224.9 M 128
================================================================================
AV 71.2 50.0 7.3 FASTST M M 4 MAX(MPH)
MISC ----> 28 200 35 190
================================================================================
NOTES:
# LAST OF SEVERAL OCCURRENCES
COLUMN 17 PEAK WIND IN M.P.H.
PRELIMINARY LOCAL CLIMATOLOGICAL DATA (WS FORM: F-6) , PAGE 2
STATION: LEXINGTON KY
MONTH: OCTOBER
YEAR: 2023
LATITUDE: 38 1 N
LONGITUDE: 84 36 W
[TEMPERATURE DATA] [PRECIPITATION DATA] SYMBOLS USED IN COLUMN 16
AVERAGE MONTHLY: 60.6 TOTAL FOR MONTH: 2.30 1 = FOG OR MIST
DPTR FM NORMAL: 2.8 DPTR FM NORMAL: -1.36 2 = FOG REDUCING VISIBILITY
HIGHEST: 90 ON 3 GRTST 24HR 0.88 ON 29-30 TO 1/4 MILE OR LESS
LOWEST: 31 ON 31 3 = THUNDER
SNOW, ICE PELLETS, HAIL 4 = ICE PELLETS
TOTAL MONTH: T 5 = HAIL
GRTST 24HR T ON 31-31 6 = FREEZING RAIN OR DRIZZLE
GRTST DEPTH: 0 7 = DUSTSTORM OR SANDSTORM:
VSBY 1/2 MILE OR LESS
8 = SMOKE OR HAZE
[NO. OF DAYS WITH] [WEATHER - DAYS WITH] 9 = BLOWING SNOW
X = TORNADO
MAX 32 OR BELOW: 0 0.01 INCH OR MORE: 11
MAX 90 OR ABOVE: 1 0.10 INCH OR MORE: 6
MIN 32 OR BELOW: 1 0.50 INCH OR MORE: 1
MIN 0 OR BELOW: 0 1.00 INCH OR MORE: 0
[HDD (BASE 65) ]
TOTAL THIS MO. 189 CLEAR (SCALE 0-3) 15
DPTR FM NORMAL -67 PTCLDY (SCALE 4-7) 9
TOTAL FM JUL 1 189 CLOUDY (SCALE 8-10) 7
DPTR FM NORMAL -110
[CDD (BASE 65) ]
TOTAL THIS MO. 60
DPTR FM NORMAL 27 [PRESSURE DATA]
TOTAL FM JAN 1 1341 HIGHEST SLP M ON M
DPTR FM NORMAL 54 LOWEST SLP 29.63 ON 21
[REMARKS]
#FINAL-10-23#