000
CXUS54 KSHV 011300
CF6LFK
PRELIMINARY LOCAL CLIMATOLOGICAL DATA (WS FORM: F-6)
STATION: LUFKIN
MONTH: JUNE
YEAR: 2023
LATITUDE: 31 14 N
LONGITUDE: 94 45 W
TEMPERATURE IN F: :PCPN: SNOW: WIND :SUNSHINE: SKY :PK WND
================================================================================
1 2 3 4 5 6A 6B 7 8 9 10 11 12 13 14 15 16 17 18
12Z AVG MX 2MIN
DY MAX MIN AVG DEP HDD CDD WTR SNW DPTH SPD SPD DIR MIN PSBL S-S WX SPD DR
================================================================================
1 91 68 80 2 0 15 0.00 0.0 0 1.8 12 170 M M 1 1 15 180
2 92 69 81 3 0 16 0.00 0.0 0 1.9 12 120 M M 1 1 14 140
3 90 69 80 2 0 15 T 0.0 0 3.1 14 260 M M 1 13 21 240
4 85 67 76 -2 0 11 0.00 0.0 0 3.5 10 40 M M 1 16 40
5 88 67 78 0 0 13 0.82 0.0 0 3.7 21 120 M M 2 13 29 140
6 89 67 78 -1 0 13 0.00 0.0 0 2.6 8 100 M M 1 1 11 60
7 91 69 80 1 0 15 T 0.0 0 3.1 17 320 M M 1 13 26 310
8 91 68 80 1 0 15 0.00 0.0 0 1.5 14 250 M M 0 13 21 250
9 94 67 81 2 0 16 0.00 0.0 0 1.5 8 280 M M 0 12 310
10 94 68 81 2 0 16 1.42 0.0 0 8.0 24 130 M M 3 13 35 70
11 90 66 78 -1 0 13 T 0.0 0 3.8 15 210 M M 3 138 24 200
12 94 76 85 5 0 20 T 0.0 0 6.0 14 90 M M 2 19 20
13 93 76 85 5 0 20 0.00 0.0 0 6.6 14 180 M M 4 1 19 170
14 94 76 85 5 0 20 0.00 0.0 0 5.9 16 200 M M 3 25 160
15 95 78 87 7 0 22 0.00 0.0 0 5.3 13 130 M M 5 1 20 150
16 97 75 86 6 0 21 0.00 0.0 0 8.4 20 160 M M 3 3 30 340
17 95 78 87 7 0 22 0.00 0.0 0 4.6 13 150 M M 2 17 170
18 97 79 88 8 0 23 0.00 0.0 0 7.7 16 210 M M 4 23 210
19 98 78 88 8 0 23 0.00 0.0 0 3.5 12 170 M M 3 21 180
20 95 81 88 8 0 23 0.04 0.0 0 6.0 15 190 M M 4 13 22 190
21 96 79 88 7 0 23 0.06 0.0 0 5.0 14 80 M M 5 13 19 70
22 92 77 85 4 0 20 0.07 0.0 0 5.1 14 120 M M 2 3 19 60
23 92 78 85 4 0 20 0.01 0.0 0 5.9 18 360 M M 4 3 30 320
24 97 77 87 6 0 22 0.00 0.0 0 7.3 15 200 M M 3 1 23 200
25 97 79 88 7 0 23 0.00 0.0 0 7.4 17 180 M M 3 23 190
26 96 78 87 6 0 22 0.00 0.0 0 7.0 15 180 M M 2 22 160
27 99 76 88 7 0 23 0.00 0.0 0 5.7 12 210 M M 1 19 210
28 98 78 88 7 0 23 0.00 0.0 0 5.3 13 220 M M 1 20 210
29 99 78 89 8 0 24 0.00 0.0 0 5.5 10 150 M M 1 17 130
30 98 76 87 5 0 22 0.00 0.0 0 4.9 14 240 M M 1 19 190
================================================================================
SM 2817 2218 0 574 2.42 0.0 147.6 M 67
================================================================================
AV 93.9 73.9 4.9 FASTST M M 2 MAX(MPH)
MISC ----> 24 130 35 70
================================================================================
NOTES:
# LAST OF SEVERAL OCCURRENCES
COLUMN 17 PEAK WIND IN M.P.H.
PRELIMINARY LOCAL CLIMATOLOGICAL DATA (WS FORM: F-6) , PAGE 2
STATION: LUFKIN
MONTH: JUNE
YEAR: 2023
LATITUDE: 31 14 N
LONGITUDE: 94 45 W
[TEMPERATURE DATA] [PRECIPITATION DATA] SYMBOLS USED IN COLUMN 16
AVERAGE MONTHLY: 83.9 TOTAL FOR MONTH: 2.42 1 = FOG OR MIST
DPTR FM NORMAL: 4.0 DPTR FM NORMAL: -1.80 2 = FOG REDUCING VISIBILITY
HIGHEST: 99 ON 29,27 GRTST 24HR 1.42 ON 10-10 TO 1/4 MILE OR LESS
LOWEST: 66 ON 11 3 = THUNDER
SNOW, ICE PELLETS, HAIL 4 = ICE PELLETS
TOTAL MONTH: 0.0 INCH 5 = HAIL
GRTST 24HR 0.0 6 = FREEZING RAIN OR DRIZZLE
GRTST DEPTH: 0 7 = DUSTSTORM OR SANDSTORM:
VSBY 1/2 MILE OR LESS
8 = SMOKE OR HAZE
[NO. OF DAYS WITH] [WEATHER - DAYS WITH] 9 = BLOWING SNOW
X = TORNADO
MAX 32 OR BELOW: 0 0.01 INCH OR MORE: 6
MAX 90 OR ABOVE: 27 0.10 INCH OR MORE: 2
MIN 32 OR BELOW: 0 0.50 INCH OR MORE: 2
MIN 0 OR BELOW: 0 1.00 INCH OR MORE: 1
[HDD (BASE 65) ]
TOTAL THIS MO. 0 CLEAR (SCALE 0-3) 22
DPTR FM NORMAL 0 PTCLDY (SCALE 4-7) 8
TOTAL FM JUL 1 1442 CLOUDY (SCALE 8-10) 0
DPTR FM NORMAL -530
[CDD (BASE 65) ]
TOTAL THIS MO. 574
DPTR FM NORMAL 128 [PRESSURE DATA]
TOTAL FM JAN 1 1181 HIGHEST SLP 30.02 ON 30
DPTR FM NORMAL 293 LOWEST SLP 29.66 ON 14
[REMARKS]
#FINAL-06-23#