000
CXUS54 KFWD 010731
CF6LHB
PRELIMINARY LOCAL CLIMATOLOGICAL DATA (WS FORM: F-6)
STATION: HEARNE
MONTH: SEPTEMBER
YEAR: 2021
LATITUDE: 30 52 N
LONGITUDE: 96 36 W
TEMPERATURE IN F: :PCPN: SNOW: WIND :SUNSHINE: SKY :PK WND
================================================================================
1 2 3 4 5 6A 6B 7 8 9 10 11 12 13 14 15 16 17 18
12Z AVG MX 2MIN
DY MAX MIN AVG DEP HDD CDD WTR SNW DPTH SPD SPD DIR MIN PSBL S-S WX SPD DR
================================================================================
1 100 77 89 M 0 24 0.00 M M 3.5 8 190 M M 2 1 25 100
2 99 77 88 M 0 23 0.00 M M 3.7 9 160 M M 2 1 16 140
3 98 75 87 M 0 22 0.00 M M 4.3 22 160 M M 1 30 160
4 98 76 87 M 0 22 0.00 M M 4.3 12 220 M M 2 16 220
5 101 76 89 M 0 24 0.00 M M 3.3 9 230 M M 2 M M
6 95 76 86 M 0 21 0.00 M M 3.5 9 50 M M 2 17 50
7 96 73 85 M 0 20 0.00 M M 3.2 7 150 M M 0 M M
8 94 60 77 M 0 12 0.00 M M 3.0 17 30 M M 0 22 30
9 94 65 80 M 0 15 0.00 M M 4.5 14 30 M M 0 17 70
10 93 57 75 M 0 10 0.00 M M 2.9 12 70 M M 0 8 16 40
11 92 58 75 M 0 10 0.00 M M 1.7 9 40 M M 0 M M
12 94 62 78 M 0 13 0.00 M M 1.5 8 90 M M 0 16 360
13 90 71 81 M 0 16 0.00 M M 4.3 12 120 M M 6 21 120
14 83 71 77 M 0 12 0.00 M M 8.0 15 30 M M 9 21 50
15 89 72 81 M 0 16 0.00 M M 7.0 12 360 M M 8 18 10
16 91 65 78 M 0 13 0.00 M M 3.4 12 50 M M 2 16 30
17 94 66 80 M 0 15 0.00 M M 1.1 7 60 M M 3 M M
18 95 68 82 M 0 17 0.00 M M 2.5 8 20 M M 2 17 310
19 97 69 83 M 0 18 0.00 M M 1.7 7 150 M M 3 M M
20 100 75 88 M 0 23 0.00 M M 5.3 10 180 M M 1 16 160
21 96 76 86 M 0 21 0.00 M M 7.8 18 340 M M 4 1 28 350
22 86 56 71 M 0 6 0.00 M M 6.4 14 30 M M 0 26 30
23 87 49 68 M 0 3 0.00 M M 1.1 5 150 M M 0 M M
24 87 53 70 M 0 5 0.00 M M 2.0 8 150 M M 0 M M
25 89 54 72 M 0 7 0.00 M M 1.1 6 200 M M 0 M M
26 91 56 74 M 0 9 0.00 M M 2.3 7 150 M M 0 M M
27 91 61 76 M 0 11 0.00 M M 3.0 6 140 M M 1 M M
28 96 67 82 M 0 17 0.68 M M 4.9 20 330 M M 6 3 33 330
29 87 67 77 M 0 12 0.55 M M 4.0 8 150 M M 3 3 M M
30 92 71 82 M 0 17 0.04 M M 1.3 6 90 M M 5 1 22 90
================================================================================
SM 2795 1999 0 454 1.27 M 106.5 M 64
================================================================================
AV 93.2 66.6 3.6 FASTST M M 2 MAX(MPH)
MISC ----> 22 160 33 330
================================================================================
NOTES:
# LAST OF SEVERAL OCCURRENCES
COLUMN 17 PEAK WIND IN M.P.H.
PRELIMINARY LOCAL CLIMATOLOGICAL DATA (WS FORM: F-6) , PAGE 2
STATION: HEARNE
MONTH: SEPTEMBER
YEAR: 2021
LATITUDE: 30 52 N
LONGITUDE: 96 36 W
[TEMPERATURE DATA] [PRECIPITATION DATA] SYMBOLS USED IN COLUMN 16
AVERAGE MONTHLY: 79.9 TOTAL FOR MONTH: 1.27 1 = FOG OR MIST
DPTR FM NORMAL: 0.0 DPTR FM NORMAL: M 2 = FOG REDUCING VISIBILITY
HIGHEST: 101 ON 5 GRTST 24HR 0.68 ON 28-28 TO 1/4 MILE OR LESS
LOWEST: 49 ON 23 3 = THUNDER
SNOW, ICE PELLETS, HAIL 4 = ICE PELLETS
TOTAL MONTH: M 5 = HAIL
GRTST 24HR M ON M 6 = FREEZING RAIN OR DRIZZLE
GRTST DEPTH: M ON M 7 = DUSTSTORM OR SANDSTORM:
VSBY 1/2 MILE OR LESS
8 = SMOKE OR HAZE
[NO. OF DAYS WITH] [WEATHER - DAYS WITH] 9 = BLOWING SNOW
X = TORNADO
MAX 32 OR BELOW: 0 0.01 INCH OR MORE: 3
MAX 90 OR ABOVE: 23 0.10 INCH OR MORE: 2
MIN 32 OR BELOW: 0 0.50 INCH OR MORE: 2
MIN 0 OR BELOW: 0 1.00 INCH OR MORE: 0
[HDD (BASE 65) ]
TOTAL THIS MO. 0 CLEAR (SCALE 0-3) 24
DPTR FM NORMAL M PTCLDY (SCALE 4-7) 5
TOTAL FM JUL 1 0 CLOUDY (SCALE 8-10) 1
DPTR FM NORMAL M
[CDD (BASE 65) ]
TOTAL THIS MO. 454
DPTR FM NORMAL M [PRESSURE DATA]
TOTAL FM JAN 1 2678 HIGHEST SLP M ON M
DPTR FM NORMAL M LOWEST SLP M ON M
[REMARKS]
#FINAL-09-21#