000
CXUS54 KFWD 070343
CF6LHB
PRELIMINARY LOCAL CLIMATOLOGICAL DATA (WS FORM: F-6)
STATION: HEARNE
MONTH: NOVEMBER
YEAR: 2020
LATITUDE: 30 52 N
LONGITUDE: 96 36 W
TEMPERATURE IN F: :PCPN: SNOW: WIND :SUNSHINE: SKY :PK WND
================================================================================
1 2 3 4 5 6A 6B 7 8 9 10 11 12 13 14 15 16 17 18
12Z AVG MX 2MIN
DY MAX MIN AVG DEP HDD CDD WTR SNW DPTH SPD SPD DIR MIN PSBL S-S WX SPD DR
================================================================================
1 77 45 61 M 4 0 0.00 M M 4.7 14 360 M M 0 22 350
2 74 39 57 M 8 0 0.00 M M 0.7 6 160 M M 0 M M
3 79 38 59 M 6 0 0.00 M M 1.8 7 160 M M 0 M M
4 79 41 60 M 5 0 0.00 M M 4.5 10 190 M M 0 17 190
5 81 59 70 M 0 5 0.00 M M 4.6 10 210 M M 4 1 M M
6 80 58 69 M 0 4 0.00 M M 2.0 7 80 M M 1 1 M M
7 81 47 64 M 1 0 0.00 M M 1.1 6 140 M M 0 M M
8 80 53 67 M 0 2 0.00 M M 1.5 12 130 M M 4 12 M M
9 85 59 72 M 0 7 0.00 M M 5.9 13 160 M M 6 1 21 160
10 83 64 74 M 0 9 0.00 M M 5.6 15 320 M M 7 21 240
11 83 53 68 M 0 3 0.00 M M 2.2 6 50 M M 2 M M
12 85 58 72 M 0 7 0.00 M M 2.4 9 160 M M 3 M M
13 77 59 68 M 0 3 0.00 M M 1.2 7 140 M M 8 12 M M
14 89 69 79 M 0 14 0.00 M M 9.4 17 210 M M 7 23 220
15 74 40 57 M 8 0 0.00 M M 9.2 23 350 M M 2 30 350
16 74 33 54 M 11 0 0.00 M M 0.9 7 150 M M 0 M M
17 78 34 56 M 9 0 0.00 M M 1.7 7 60 M M 0 8 M M
18 78 38 58 M 7 0 0.00 M M 3.9 9 160 M M 0 16 160
19 82 51 67 M 0 2 0.00 M M 6.3 14 160 M M 2 1 18 160
20 83 63 73 M 0 8 0.00 M M 5.1 9 150 M M 7 1 16 150
21 82 65 74 M 0 9 0.00 M M 2.8 7 140 M M 8 1 M M
22 79 54 67 M 0 2 0.06 M M 4.9 12 350 M M 8 22 280
23 62 52 57 M 8 0 0.00 M M 4.4 10 30 M M 10 18 M M
24 81 61 71 M 0 6 M M M 10.2 17 170 M M 8 23 170
25 74 43 59 M 6 0 0.37 M M 5.9 16 340 M M 4 26 290
26 77 40 59 M 6 0 0.00 M M 2.3 9 180 M M 3 M M
27 70 59 65 M 0 0 0.27 M M 4.9 13 340 M M 10 1 20 350
28 61 52 57 M 8 0 0.21 M M 5.1 13 310 M M 10 21 50
29 57 45 51 M 14 0 0.02 M M 11.3 21 340 M M 8 1 29 330
30 53 29 41 M 24 0 0.00 M M 9.6 16 330 M M 0 23 330
================================================================================
SM 2298 1501 125 81 0.93 M 136.1 M 122
================================================================================
AV 76.6 50.0 4.5 FASTST M M 4 MAX(MPH)
MISC ----> 23 350 30 350
================================================================================
NOTES:
# LAST OF SEVERAL OCCURRENCES
COLUMN 17 PEAK WIND IN M.P.H.
PRELIMINARY LOCAL CLIMATOLOGICAL DATA (WS FORM: F-6) , PAGE 2
STATION: HEARNE
MONTH: NOVEMBER
YEAR: 2020
LATITUDE: 30 52 N
LONGITUDE: 96 36 W
[TEMPERATURE DATA] [PRECIPITATION DATA] SYMBOLS USED IN COLUMN 16
AVERAGE MONTHLY: 63.3 TOTAL FOR MONTH: 0.93 1 = FOG OR MIST
DPTR FM NORMAL: 0.0 DPTR FM NORMAL: M 2 = FOG REDUCING VISIBILITY
HIGHEST: 89 ON 14 GRTST 24HR 0.37 ON 25-25 TO 1/4 MILE OR LESS
LOWEST: 29 ON 30 3 = THUNDER
SNOW, ICE PELLETS, HAIL 4 = ICE PELLETS
TOTAL MONTH: M 5 = HAIL
GRTST 24HR M ON M 6 = FREEZING RAIN OR DRIZZLE
GRTST DEPTH: M ON M 7 = DUSTSTORM OR SANDSTORM:
VSBY 1/2 MILE OR LESS
8 = SMOKE OR HAZE
[NO. OF DAYS WITH] [WEATHER - DAYS WITH] 9 = BLOWING SNOW
X = TORNADO
MAX 32 OR BELOW: 0 0.01 INCH OR MORE: 5
MAX 90 OR ABOVE: 0 0.10 INCH OR MORE: 3
MIN 32 OR BELOW: 1 0.50 INCH OR MORE: 0
MIN 0 OR BELOW: 0 1.00 INCH OR MORE: 0
[HDD (BASE 65) ]
TOTAL THIS MO. 125 CLEAR (SCALE 0-3) 15
DPTR FM NORMAL M PTCLDY (SCALE 4-7) 9
TOTAL FM JUL 1 209 CLOUDY (SCALE 8-10) 6
DPTR FM NORMAL M
[CDD (BASE 65) ]
TOTAL THIS MO. 81
DPTR FM NORMAL M [PRESSURE DATA]
TOTAL FM JAN 1 3147 HIGHEST SLP M ON M
DPTR FM NORMAL M LOWEST SLP M ON M
[REMARKS]
#FINAL-11-20#