000
CXUS54 KFWD 010730
CF6LHB
PRELIMINARY LOCAL CLIMATOLOGICAL DATA (WS FORM: F-6)
STATION: HEARNE
MONTH: SEPTEMBER
YEAR: 2020
LATITUDE: 30 52 N
LONGITUDE: 96 36 W
TEMPERATURE IN F: :PCPN: SNOW: WIND :SUNSHINE: SKY :PK WND
================================================================================
1 2 3 4 5 6A 6B 7 8 9 10 11 12 13 14 15 16 17 18
12Z AVG MX 2MIN
DY MAX MIN AVG DEP HDD CDD WTR SNW DPTH SPD SPD DIR MIN PSBL S-S WX SPD DR
================================================================================
1 100 82 91 M 0 26 0.00 0.0 0 11.4 15 160 M M 6 24 150
2 86 72 79 M 0 14 2.84 0.0 0 4.3 12 360 M M 6 3 16 170
3 84 72 78 M 0 13 1.48 0.0 0 2.7 8 360 M M 6 13 M M
4 84 71 78 M 0 13 0.41 0.0 0 2.8 8 140 M M 6 3 17 140
5 88 73 81 M 0 16 0.01 0.0 0 2.2 12 220 M M 2 3 M M
6 92 71 82 M 0 17 0.00 0.0 0 1.5 6 210 M M 1 M M
7 93 73 83 M 0 18 0.00 0.0 0 4.8 9 120 M M 1 M M
8 87 74 81 M 0 16 0.08 0.0 0 4.6 15 190 M M 3 28 190
9 92 63 78 M 0 13 0.55 0.0 0 5.8 18 320 M M 6 3 22 320
10 71 60 66 M 0 1 0.33 0.0 0 9.2 14 320 M M 10 17 320
11 84 65 75 M 0 10 0.00 0.0 0 6.3 12 360 M M 6 16 340
12 91 69 80 M 0 15 0.00 0.0 0 4.0 8 340 M M 1 1 M M
13 92 72 82 M 0 17 0.12 0.0 0 5.8 13 360 M M 4 3 20 360
14 90 72 81 M 0 16 0.00 0.0 0 7.4 15 20 M M 3 21 10
15 89 73 81 M 0 16 0.00 0.0 0 4.9 12 320 M M 4 16 330
16 91 72 82 M 0 17 0.00 0.0 0 2.9 8 360 M M 1 M M
17 88 71 80 M 0 15 0.06 0.0 0 4.3 12 60 M M 3 16 20
18 88 69 79 M 0 14 0.00 0.0 0 5.9 13 10 M M 1 18 10
19 83 66 75 M 0 10 0.00 0.0 0 7.1 12 360 M M 0 1 20 10
20 83 60 72 M 0 7 0.22 0.0 0 6.2 14 10 M M 5 27 10
21 74 69 72 M 0 7 0.01 0.0 0 8.2 14 30 M M 10 20 40
22 74 70 72 M 0 7 0.58 0.0 0 9.0 12 10 M M 10 17 30
23 80 68 74 M 0 9 0.00 0.0 0 10.6 16 330 M M 10 22 320
24 74 65 70 M 0 5 0.00 0.0 0 4.4 13 340 M M 9 1 M M
25 84 58 71 M 0 6 0.00 0.0 0 0.5 5 170 M M 3 12 M M
26 88 62 75 M 0 10 0.00 0.0 0 4.3 9 190 M M 2 1 M M
27 91 73 82 M 0 17 0.00 0.0 0 9.4 15 170 M M 6 23 190
28 79 55 67 M 0 2 0.03 0.0 0 13.1 21 360 M M 6 31 350
29 81 49 65 M 0 0 0.00 0.0 0 3.7 12 330 M M 0 18 350
30 86 50 68 M 0 3 0.00 0.0 0 2.3 10 170 M M 0 M M
================================================================================
SM 2567 2019 0 350 6.72 0.0 169.6 M 131
================================================================================
AV 85.6 67.3 5.7 FASTST M M 4 MAX(MPH)
MISC ----> # 21 360 # 31 350
================================================================================
NOTES:
# LAST OF SEVERAL OCCURRENCES
COLUMN 17 PEAK WIND IN M.P.H.
PRELIMINARY LOCAL CLIMATOLOGICAL DATA (WS FORM: F-6) , PAGE 2
STATION: HEARNE
MONTH: SEPTEMBER
YEAR: 2020
LATITUDE: 30 52 N
LONGITUDE: 96 36 W
[TEMPERATURE DATA] [PRECIPITATION DATA] SYMBOLS USED IN COLUMN 16
AVERAGE MONTHLY: 76.4 TOTAL FOR MONTH: 6.72 1 = FOG OR MIST
DPTR FM NORMAL: M DPTR FM NORMAL: M 2 = FOG REDUCING VISIBILITY
HIGHEST: 100 ON 1 GRTST 24HR 2.84 ON 2- 2 TO 1/4 MILE OR LESS
LOWEST: 49 ON 29 3 = THUNDER
SNOW, ICE PELLETS, HAIL 4 = ICE PELLETS
TOTAL MONTH: 0.0 INCH 5 = HAIL
GRTST 24HR 0.0 6 = FREEZING RAIN OR DRIZZLE
GRTST DEPTH: 0 7 = DUSTSTORM OR SANDSTORM:
VSBY 1/2 MILE OR LESS
8 = SMOKE OR HAZE
[NO. OF DAYS WITH] [WEATHER - DAYS WITH] 9 = BLOWING SNOW
X = TORNADO
MAX 32 OR BELOW: 0 0.01 INCH OR MORE: 13
MAX 90 OR ABOVE: 9 0.10 INCH OR MORE: 8
MIN 32 OR BELOW: 0 0.50 INCH OR MORE: 4
MIN 0 OR BELOW: 0 1.00 INCH OR MORE: 2
[HDD (BASE 65) ]
TOTAL THIS MO. 0 CLEAR (SCALE 0-3) 13
DPTR FM NORMAL M PTCLDY (SCALE 4-7) 12
TOTAL FM JUL 1 0 CLOUDY (SCALE 8-10) 5
DPTR FM NORMAL M
[CDD (BASE 65) ]
TOTAL THIS MO. 350
DPTR FM NORMAL M [PRESSURE DATA]
TOTAL FM JAN 1 2870 HIGHEST SLP M ON M
DPTR FM NORMAL M LOWEST SLP M ON M
[REMARKS]
#FINAL-09-20#