000
CXUS54 KFWD 010730
CF6LHB
PRELIMINARY LOCAL CLIMATOLOGICAL DATA (WS FORM: F-6)
STATION: HEARNE
MONTH: OCTOBER
YEAR: 2023
LATITUDE: 30 52 N
LONGITUDE: 96 36 W
TEMPERATURE IN F: :PCPN: SNOW: WIND :SUNSHINE: SKY :PK WND
================================================================================
1 2 3 4 5 6A 6B 7 8 9 10 11 12 13 14 15 16 17 18
12Z AVG MX 2MIN
DY MAX MIN AVG DEP HDD CDD WTR SNW DPTH SPD SPD DIR MIN PSBL S-S WX SPD DR
================================================================================
1 96 65 81 M 0 16 0.00 M M 3.4 8 90 M M 1 16 140
2 94 66 80 M 0 15 0.00 M M 2.7 8 90 M M 0 8 16 90
3 93 66 80 M 0 15 M M M 5.2 16 80 M M 5 23 80
4 96 77 87 M 0 22 0.00 M M 7.4 16 150 M M 7 18 24 150
5 82 69 76 M 0 11 1.25 M M 4.1 16 30 M M 7 18 38 0
6 87 66 77 M 0 12 0.00 M M 4.4 12 10 M M 0 1 17 20
7 76 58 67 M 0 2 0.00 M M 7.6 15 350 M M 0 8 21 10
8 79 51 65 M 0 0 0.00 M M 0.9 5 180 M M 0 18 M M
9 86 54 70 M 0 5 0.00 M M 3.7 13 180 M M 0 18 20 200
10 82 65 74 M 0 9 0.00 M M 3.0 13 160 M M 5 18 18 180
11 77 64 71 M 0 6 0.00 M M 3.1 9 150 M M 6 18 16 140
12 83 62 73 M 0 8 0.00 M M 6.7 13 160 M M 5 1 17 140
13 89 62 76 M 0 11 0.00 M M 5.8 16 350 M M 5 22 350
14 76 52 64 M 1 0 0.00 M M 7.3 17 330 M M 0 8 21 340
15 73 47 60 M 5 0 0.00 M M 8.0 18 330 M M 0 8 28 340
16 70 44 57 M 8 0 0.00 M M 6.3 18 350 M M 0 8 25 350
17 76 38 57 M 8 0 0.00 M M 1.2 6 180 M M 0 18 M M
18 83 46 65 M 0 0 0.00 M M 5.2 16 190 M M 0 18 22 180
19 86 55 71 M 0 6 0.00 M M 2.4 9 330 M M 0 18 17 330
20 96 50 73 M 0 8 0.00 M M 2.7 10 340 M M 0 18 16 260
21 94 50 72 M 0 7 0.00 M M 0.5 5 150 M M 0 8 M M
22 89 66 78 M 0 13 0.00 M M 4.0 10 170 M M 4 18 18 170
23 88 73 81 M 0 16 0.08 M M 5.3 9 140 M M 5 18 18 120
24 88 73 81 M 0 16 0.00 M M 10.4 16 140 M M 6 18 28 140
25 83 72 78 M 0 13 0.36 M M 7.4 16 190 M M 7 32 170
26 77 71 74 M 0 9 0.04 M M 5.0 9 280 M M 8 22 280
27 87 73 80 M 0 15 0.01 M M 4.4 9 160 M M 8 1 23 150
28 87 75 81 M 0 16 0.02 M M 5.5 14 180 M M 9 18 160
29 76 46 61 M 4 0 0.00 M M 11.0 20 330 M M 10 1 26 340
30 50 41 46 M 19 0 0.01 M M 13.6 22 350 M M 10 18 28 340
31 61 39 50 M 15 0 0.00 M M 7.7 15 10 M M 3 8 21 360
================================================================================
SM 2560 1836 60 251 1.77 M 165.7 M 111
================================================================================
AV 82.6 59.2 5.3 FASTST M M 4 MAX(MPH)
MISC ----> 22 350 38 0
================================================================================
NOTES:
# LAST OF SEVERAL OCCURRENCES
COLUMN 17 PEAK WIND IN M.P.H.
PRELIMINARY LOCAL CLIMATOLOGICAL DATA (WS FORM: F-6) , PAGE 2
STATION: HEARNE
MONTH: OCTOBER
YEAR: 2023
LATITUDE: 30 52 N
LONGITUDE: 96 36 W
[TEMPERATURE DATA] [PRECIPITATION DATA] SYMBOLS USED IN COLUMN 16
AVERAGE MONTHLY: 70.9 TOTAL FOR MONTH: 1.77 1 = FOG OR MIST
DPTR FM NORMAL: 0.0 DPTR FM NORMAL: M 2 = FOG REDUCING VISIBILITY
HIGHEST: 96 ON 20, 4 GRTST 24HR 1.25 ON 5- 5 TO 1/4 MILE OR LESS
LOWEST: 38 ON 17 3 = THUNDER
SNOW, ICE PELLETS, HAIL 4 = ICE PELLETS
TOTAL MONTH: M 5 = HAIL
GRTST 24HR M ON M 6 = FREEZING RAIN OR DRIZZLE
GRTST DEPTH: M ON M 7 = DUSTSTORM OR SANDSTORM:
VSBY 1/2 MILE OR LESS
8 = SMOKE OR HAZE
[NO. OF DAYS WITH] [WEATHER - DAYS WITH] 9 = BLOWING SNOW
X = TORNADO
MAX 32 OR BELOW: 0 0.01 INCH OR MORE: 7
MAX 90 OR ABOVE: 6 0.10 INCH OR MORE: 2
MIN 32 OR BELOW: 0 0.50 INCH OR MORE: 1
MIN 0 OR BELOW: 0 1.00 INCH OR MORE: 1
[HDD (BASE 65) ]
TOTAL THIS MO. 60 CLEAR (SCALE 0-3) 15
DPTR FM NORMAL M PTCLDY (SCALE 4-7) 12
TOTAL FM JUL 1 60 CLOUDY (SCALE 8-10) 4
DPTR FM NORMAL M
[CDD (BASE 65) ]
TOTAL THIS MO. 251
DPTR FM NORMAL M [PRESSURE DATA]
TOTAL FM JAN 1 3625 HIGHEST SLP M ON M
DPTR FM NORMAL M LOWEST SLP M ON M
[REMARKS]
#FINAL-10-23#