000
CXUS55 KPIH 011732
CF6LLJ
PRELIMINARY LOCAL CLIMATOLOGICAL DATA (WS FORM: F-6)
STATION: CHALLIS
MONTH: OCTOBER
YEAR: 2021
LATITUDE: 44 31 N
LONGITUDE: 114 13 W
TEMPERATURE IN F: :PCPN: SNOW: WIND :SUNSHINE: SKY :PK WND
================================================================================
1 2 3 4 5 6A 6B 7 8 9 10 11 12 13 14 15 16 17 18
12Z AVG MX 2MIN
DY MAX MIN AVG DEP HDD CDD WTR SNW DPTH SPD SPD DIR MIN PSBL S-S WX SPD DR
================================================================================
1 73 31 52 0 13 0 0.00 M M 2.4 12 330 M M 1 15 290
2 75 36 56 4 9 0 0.00 M M 1.2 7 140 M M 0 8 40
3 78 35 57 6 8 0 0.00 M M 2.1 6 190 M M 0 9 150
4 79 36 58 7 7 0 T M M 4.5 28 220 M M 0 39 220
5 81 39 60 10 5 0 0.00 M M 4.5 21 190 M M 0 28 200
6 73 45 59 9 6 0 T M M 6.2 20 220 M M 2 27 240
7 61 46 54 5 11 0 0.03 M M 2.6 9 320 M M 7 8 14 320
8 59 40 50 1 15 0 0.11 M M 3.3 18 290 M M 7 1 24 300
9 55 37 46 -2 19 0 0.23 M M 3.7 17 10 M M 7 1 23 360
10 61 34 48 0 17 0 T M M 5.1 26 30 M M 5 36 360
11 41 32 37 -11 28 0 0.23 M M 9.0 21 20 M M 10 1 30 30
12 39 29 34 -13 31 0 0.00 M M 8.2 17 40 M M 6 23 20
13 44 25 35 -11 30 0 T M M 2.6 22 290 M M 8 27 290
14 46 29 38 -8 27 0 0.00 M M 4.6 16 290 M M 9 22 280
15 57 27 42 -4 23 0 0.00 M M 3.2 13 180 M M 2 18 150
16 61 28 45 0 20 0 0.00 M M 1.5 7 300 M M 0 9 30
17 66 28 47 2 18 0 0.00 M M 3.4 22 160 M M 0 32 170
18 56 32 44 0 21 0 T M M 1.6 12 140 M M 3 21 150
19 62 32 47 3 18 0 0.00 M M 2.8 17 190 M M 3 24 210
20 63 38 51 8 14 0 0.00 M M 4.6 17 210 M M 4 24 200
21 68 34 51 8 14 0 0.00 M M 3.5 16 150 M M 2 24 150
22 70 38 54 12 11 0 T M M 6.2 28 200 M M 4 38 180
23 53 35 44 2 21 0 0.00 M M 3.1 15 270 M M 7 20 280
24 52 33 43 2 22 0 0.13 M M 6.6 23 170 M M 8 34 170
25 45 41 43 2 22 0 0.39 M M 2.2 9 340 M M 10 1 12 340
26 46 32 39 -1 26 0 T M M 3.7 14 220 M M 9 20 230
27 55 36 46 6 19 0 T M M 7.6 24 290 M M 6 33 330
28 59 36 48 9 17 0 0.00 M M 2.9 16 230 M M 7 25 230
29 66 34 50 11 15 0 T M M 3.8 17 300 M M 3 8 26 190
30 59 38 49 11 16 0 T M M 4.5 12 320 M M 2 17 330
31 52 29 41 3 24 0 0.02 M M 1.6 8 180 M M 3 1 12 330
================================================================================
SM 1855 1065 547 0 1.14 M 122.8 M 135
================================================================================
AV 59.8 34.4 4.0 FASTST M M 4 MAX(MPH)
MISC ----> # 28 220 39 220
================================================================================
NOTES:
# LAST OF SEVERAL OCCURRENCES
COLUMN 17 PEAK WIND IN M.P.H.
PRELIMINARY LOCAL CLIMATOLOGICAL DATA (WS FORM: F-6) , PAGE 2
STATION: CHALLIS
MONTH: OCTOBER
YEAR: 2021
LATITUDE: 44 31 N
LONGITUDE: 114 13 W
[TEMPERATURE DATA] [PRECIPITATION DATA] SYMBOLS USED IN COLUMN 16
AVERAGE MONTHLY: 47.1 TOTAL FOR MONTH: 1.14 1 = FOG OR MIST
DPTR FM NORMAL: 2.1 DPTR FM NORMAL: 0.58 2 = FOG REDUCING VISIBILITY
HIGHEST: 81 ON 5 GRTST 24HR 0.51 ON 24-25 TO 1/4 MILE OR LESS
LOWEST: 25 ON 13 3 = THUNDER
SNOW, ICE PELLETS, HAIL 4 = ICE PELLETS
TOTAL MONTH: M 5 = HAIL
GRTST 24HR M ON M 6 = FREEZING RAIN OR DRIZZLE
GRTST DEPTH: M ON M 7 = DUSTSTORM OR SANDSTORM:
VSBY 1/2 MILE OR LESS
8 = SMOKE OR HAZE
[NO. OF DAYS WITH] [WEATHER - DAYS WITH] 9 = BLOWING SNOW
X = TORNADO
MAX 32 OR BELOW: 0 0.01 INCH OR MORE: 7
MAX 90 OR ABOVE: 0 0.10 INCH OR MORE: 5
MIN 32 OR BELOW: 12 0.50 INCH OR MORE: 0
MIN 0 OR BELOW: 0 1.00 INCH OR MORE: 0
[HDD (BASE 65) ]
TOTAL THIS MO. 547 CLEAR (SCALE 0-3) 13
DPTR FM NORMAL -71 PTCLDY (SCALE 4-7) 13
TOTAL FM JUL 1 762 CLOUDY (SCALE 8-10) 5
DPTR FM NORMAL -129
[CDD (BASE 65) ]
TOTAL THIS MO. 0
DPTR FM NORMAL 0 [PRESSURE DATA]
TOTAL FM JAN 1 613 HIGHEST SLP 30.44 ON 16
DPTR FM NORMAL 301 LOWEST SLP 29.49 ON 25
[REMARKS]
25TH: RAINFALL OF 0.39 BREAKS OLD RECORD OF 0.22 SET IN 1975.
#FINAL-10-21#