476
CXUS53 KMKX 010910
CF6LNR
PRELIMINARY LOCAL CLIMATOLOGICAL DATA (WS FORM: F-6)
STATION: LONE ROCK WI
MONTH: JANUARY
YEAR: 2021
LATITUDE: 43 12 N
LONGITUDE: 90 11 W
TEMPERATURE IN F: :PCPN: SNOW: WIND :SUNSHINE: SKY :PK WND
================================================================================
1 2 3 4 5 6A 6B 7 8 9 10 11 12 13 14 15 16 17 18
12Z AVG MX 2MIN
DY MAX MIN AVG DEP HDD CDD WTR SNW DPTH SPD SPD DIR MIN PSBL S-S WX SPD DR
================================================================================
1 26 16 21 3 44 0 0.00 M M 5.3 12 340 M M 9 18 17 10
2 27 20 24 6 41 0 0.00 0.0 M 2.3 13 330 M M 10 1 18 350
3 23 19 21 3 44 0 0.00 0.0 M 3.3 9 190 M M 10 12 11 280
4 31 20 26 8 39 0 T M M 4.6 12 190 M M 10 1 14 170
5 35 7 21 3 44 0 0.00 M M 2.0 8 270 M M 4 128 12 260
6 26 13 20 2 45 0 0.00 M M 4.6 10 110 M M 10 128 14 120
7 32 14 23 5 42 0 0.00 M M 1.7 8 360 M M 10 128 11 350
8 30 26 28 10 37 0 0.00 M M 5.0 10 330 M M 10 14 360
9 27 14 21 3 44 0 0.00 M M 1.8 8 270 M M 9 10 10
10 24 20 22 4 43 0 0.00 M M 4.5 9 280 M M 10 18 12 270
11 35 17 26 8 39 0 0.00 M M 7.1 17 210 M M 6 1 28 210
12 37 12 25 8 40 0 0.00 M M 2.9 9 270 M M 3 128 13 270
13 40 18 29 12 36 0 0.00 M M 0.6 8 180 M M 5 18 10 170
14 36 24 30 13 35 0 0.20 M M 6.7 13 100 M M 6 18 15 90
15 37 32 35 18 30 0 0.02 M M 7.0 12 40 M M 10 1 15 120
16 36 31 34 17 31 0 0.02 M M 7.5 13 300 M M 10 16 19 300
17 32 27 30 13 35 0 T M M 6.8 13 340 M M 10 18 18 350
18 28 16 22 5 43 0 T M M 8.2 16 280 M M 8 8 20 280
19 28 12 20 3 45 0 0.02 M M 8.1 20 330 M M 9 1 29 320
20 35 -1 17 0 48 0 0.00 M M 6.4 17 200 M M 0 29 210
21 38 17 28 11 37 0 0.00 M M 11.5 20 280 M M 1 39 310
22 20 5 13 -4 52 0 0.00 M M 7.9 20 320 M M M 28 330
23 M M M M M M M M M M M M M M M M M
24 M M M M M M M M M M M M M M M M M
25 23 -1 11 -7 54 0 T M M 6.8 17 40 M M 6 18 24 40
26 27 1 14 -4 51 0 0.01 M M 9.5 24 20 M M 6 18 34 10
27 24 -3 11 -7 54 0 0.00 M M 3.2 12 340 M M 1 16 20
28 23 -6 9 -9 56 0 0.00 M M 2.3 8 80 M M 3 10 80
29 26 7 17 -1 48 0 0.00 M M 8.9 15 90 M M 5 19 80
30 34 24 29 11 36 0 0.08 M M 14.7 22 100 M M 6 18 31 80
31 32 28 30 12 35 0 T M M 7.9 18 70 M M 10 18 25 80
================================================================================
SM 872 429 1228 0 0.35 0.0 169.1 M 197
================================================================================
AV 30.1 14.8 5.8 FASTST M M 7 MAX(MPH)
MISC ----> 24 20 39 310
================================================================================
NOTES:
# LAST OF SEVERAL OCCURRENCES
COLUMN 17 PEAK WIND IN M.P.H.
PRELIMINARY LOCAL CLIMATOLOGICAL DATA (WS FORM: F-6) , PAGE 2
STATION: LONE ROCK WI
MONTH: JANUARY
YEAR: 2021
LATITUDE: 43 12 N
LONGITUDE: 90 11 W
[TEMPERATURE DATA] [PRECIPITATION DATA] SYMBOLS USED IN COLUMN 16
AVERAGE MONTHLY: 22.4 TOTAL FOR MONTH: 0.35 1 = FOG OR MIST
DPTR FM NORMAL: 4.7 DPTR FM NORMAL: -0.76 2 = FOG REDUCING VISIBILITY
HIGHEST: 40 ON 13 GRTST 24HR 0.38 ON 1- 1 TO 1/4 MILE OR LESS
LOWEST: -6 ON 28 3 = THUNDER
SNOW, ICE PELLETS, HAIL 4 = ICE PELLETS
TOTAL MONTH: 0.0 INCH 5 = HAIL
GRTST 24HR 0.0 6 = FREEZING RAIN OR DRIZZLE
GRTST DEPTH: M ON M 7 = DUSTSTORM OR SANDSTORM:
VSBY 1/2 MILE OR LESS
8 = SMOKE OR HAZE
[NO. OF DAYS WITH] [WEATHER - DAYS WITH] 9 = BLOWING SNOW
X = TORNADO
MAX 32 OR BELOW: 19 0.01 INCH OR MORE: 6
MAX 90 OR ABOVE: 0 0.10 INCH OR MORE: 1
MIN 32 OR BELOW: 29 0.50 INCH OR MORE: 0
MIN 0 OR BELOW: 4 1.00 INCH OR MORE: 0
[HDD (BASE 65) ]
TOTAL THIS MO. 1228 CLEAR (SCALE 0-3) 4
DPTR FM NORMAL -238 PTCLDY (SCALE 4-7) 9
TOTAL FM JUL 1 3896 CLOUDY (SCALE 8-10) 18
DPTR FM NORMAL -459
[CDD (BASE 65) ]
TOTAL THIS MO. 0
DPTR FM NORMAL 0 [PRESSURE DATA]
TOTAL FM JAN 1 0 HIGHEST SLP 30.74 ON 28
DPTR FM NORMAL 0 LOWEST SLP 29.28 ON 15
[REMARKS]
#FINAL-01-21#