001
CXUS54 KCRP 011300
CF6LRD
PRELIMINARY LOCAL CLIMATOLOGICAL DATA (WS FORM: F-6)
STATION: LAREDO
MONTH: MAY
YEAR: 2020
LATITUDE: 27 31 N
LONGITUDE: 99 28 W
TEMPERATURE IN F: :PCPN: SNOW: WIND :SUNSHINE: SKY :PK WND
================================================================================
1 2 3 4 5 6A 6B 7 8 9 10 11 12 13 14 15 16 17 18
12Z AVG MX 2MIN
DY MAX MIN AVG DEP HDD CDD WTR SNW DPTH SPD SPD DIR MIN PSBL S-S WX SPD DR
================================================================================
1 98 66 82 3 0 17 0.00 0.0 0 M M M M M 0 M M
2 101 71 86 6 0 21 0.00 0.0 0 M M M M M 0 M M
3 103 73 88 8 0 23 0.00 0.0 0 M M M M M 1 M M
4 102 73 88 8 0 23 0.00 0.0 0 M M M M M 2 M M
5 99 75 87 7 0 22 T 0.0 0 M M M M M 2 3 M M
6 90 74 82 1 0 17 0.00 0.0 0 M M M M M 8 M M
7 97 71 84 3 0 19 0.00 0.0 0 M M M M M 4 M M
8 97 68 83 2 0 18 T 0.0 0 M M M M M 3 3 M M
9 84 61 73 -8 0 8 0.07 0.0 0 M M M M M 4 M M
10 85 63 74 -7 0 9 0.00 0.0 0 M M M M M 6 M M
11 91 69 80 -2 0 15 0.00 0.0 0 M M M M M 5 M M
12 92 74 83 1 0 18 0.00 0.0 0 M M M M M 5 M M
13 96 76 86 4 0 21 0.00 0.0 0 M M M M M 6 M M
14 95 67 81 -1 0 16 0.42 0.0 0 M M M M M 4 13 M M
15 94 77 86 4 0 21 0.16 0.0 0 M M M M M 7 3 M M
16 92 67 80 -3 0 15 0.02 0.0 0 M M M M M 4 3 M M
17 97 73 85 2 0 20 0.00 0.0 0 M M M M M 3 M M
18 99 73 86 3 0 21 0.00 0.0 0 M M M M M 0 M M
19 103 73 88 5 0 23 0.00 0.0 0 M M M M M 1 M M
20 100 76 88 5 0 23 0.00 0.0 0 M M M M M 2 M M
21 96 76 86 2 0 21 0.17 0.0 0 M M M M M 4 13 M M
22 98 76 87 3 0 22 0.00 0.0 0 M M M M M 1 M M
23 99 79 89 5 0 24 T 0.0 0 M M M M M 5 M M
24 98 72 85 1 0 20 0.51 0.0 0 M M M M M 5 13 M M
25 92 65 79 -5 0 14 0.61 0.0 0 M M M M M 6 13 M M
26 88 69 79 -6 0 14 0.01 0.0 0 M M M M M 4 3 M M
27 93 73 83 -2 0 18 0.00 0.0 0 M M M M M 1 M M
28 98 76 87 2 0 22 T 0.0 0 M M M M M 3 3 M M
29 88 69 79 -6 0 14 1.84 0.0 0 M M M M M 5 3 M M
30 86 71 79 -6 0 14 0.00 0.0 0 M M M M M 3 M M
31 83 71 77 -8 0 12 1.58 0.0 0 M M M M M 6 13 M M
================================================================================
SM 2934 2217 0 565 5.39 0.0 M M 110
================================================================================
AV 94.7 71.5 M FASTST M M 4 MAX(MPH)
MISC ----> M M M M
================================================================================
NOTES:
# LAST OF SEVERAL OCCURRENCES
COLUMN 17 PEAK WIND IN M.P.H.
PRELIMINARY LOCAL CLIMATOLOGICAL DATA (WS FORM: F-6) , PAGE 2
STATION: LAREDO
MONTH: MAY
YEAR: 2020
LATITUDE: 27 31 N
LONGITUDE: 99 28 W
[TEMPERATURE DATA] [PRECIPITATION DATA] SYMBOLS USED IN COLUMN 16
AVERAGE MONTHLY: 83.1 TOTAL FOR MONTH: 5.39 1 = FOG OR MIST
DPTR FM NORMAL: 0.6 DPTR FM NORMAL: 2.90 2 = FOG REDUCING VISIBILITY
HIGHEST: 103 ON 19, 3 GRTST 24HR 1.84 ON 29-29 TO 1/4 MILE OR LESS
LOWEST: 61 ON 9 3 = THUNDER
SNOW, ICE PELLETS, HAIL 4 = ICE PELLETS
TOTAL MONTH: 0.0 INCH 5 = HAIL
GRTST 24HR 0.0 6 = FREEZING RAIN OR DRIZZLE
GRTST DEPTH: 0 7 = DUSTSTORM OR SANDSTORM:
VSBY 1/2 MILE OR LESS
8 = SMOKE OR HAZE
[NO. OF DAYS WITH] [WEATHER - DAYS WITH] 9 = BLOWING SNOW
X = TORNADO
MAX 32 OR BELOW: 0 0.01 INCH OR MORE: 10
MAX 90 OR ABOVE: 25 0.10 INCH OR MORE: 7
MIN 32 OR BELOW: 0 0.50 INCH OR MORE: 4
MIN 0 OR BELOW: 0 1.00 INCH OR MORE: 2
[HDD (BASE 65) ]
TOTAL THIS MO. 0 CLEAR (SCALE 0-3) 14
DPTR FM NORMAL 0 PTCLDY (SCALE 4-7) 17
TOTAL FM JUL 1 610 CLOUDY (SCALE 8-10) 0
DPTR FM NORMAL -316
[CDD (BASE 65) ]
TOTAL THIS MO. 565
DPTR FM NORMAL 22 [PRESSURE DATA]
TOTAL FM JAN 1 1401 HIGHEST SLP 30.19 ON 10
DPTR FM NORMAL 258 LOWEST SLP 29.54 ON 24
[REMARKS]
#FINAL-05-20#