000
CXUS54 KLZK 011130
CF6LRF
PRELIMINARY LOCAL CLIMATOLOGICAL DATA (WS FORM: F-6)
STATION: Jacksonville/Little Rock AFB
MONTH: APRIL
YEAR: 2020
LATITUDE: 34 55 N
LONGITUDE: 92 9 W
TEMPERATURE IN F: :PCPN: SNOW: WIND :SUNSHINE: SKY :PK WND
================================================================================
1 2 3 4 5 6A 6B 7 8 9 10 11 12 13 14 15 16 17 18
12Z AVG MX 2MIN
DY MAX MIN AVG DEP HDD CDD WTR SNW DPTH SPD SPD DIR MIN PSBL S-S WX SPD DR
================================================================================
1 72 41 57 -1 8 0 0.00 0.0 0 3.6 7 130 M M 1 M M
2 74 50 62 4 3 0 T 0.0 0 5.0 16 140 M M 9 22 130
3 70 53 62 4 3 0 0.07 0.0 0 2.5 12 210 M M 9 M M
4 60 49 55 -4 10 0 0.02 0.0 0 5.2 9 40 M M 10 M M
5 74 44 59 0 6 0 T 0.0 0 2.1 6 210 M M 5 M M
6 77 49 63 4 2 0 0.00 0.0 0 2.8 7 160 M M 5 1 M M
7 77 60 69 9 0 4 0.04 0.0 0 4.6 9 190 M M 7 1 M M
8 86 61 74 14 0 9 0.00 0.0 0 6.5 14 220 M M 3 128 M M
9 74 55 65 5 0 0 0.00 0.0 0 6.7 17 10 M M 2 24 10
10 61 40 51 -9 14 0 0.00 0.0 0 7.1 13 50 M M 0 17 40
11 69 37 53 -8 12 0 0.56 0.0 0 2.9 10 150 M M 5 13 M M
12 72 49 61 0 4 0 1.47 0.0 0 5.5 8 70 M M 5 13 M M
13 55 38 47 -14 18 0 0.00 0.0 0 8.8 16 310 M M 6 32 310
14 52 33 43 -18 22 0 T 0.0 0 5.5 14 30 M M 7 M M
15 66 29 48 -14 17 0 0.00 0.0 0 3.1 9 290 M M 0 8 M M
16 70 33 52 -10 13 0 0.00 0.0 0 8.8 16 140 M M 0 1 25 120
17 65 42 54 -8 11 0 0.01 0.0 0 9.2 17 220 M M 7 25 220
18 64 33 49 -14 16 0 T 0.0 0 5.1 12 40 M M 2 3 M M
19 55 48 52 -11 13 0 0.61 0.0 0 3.6 8 60 M M 8 13 M M
20 76 43 60 -3 5 0 0.00 0.0 0 4.9 10 220 M M 1 12 M M
21 82 46 64 1 1 0 0.00 0.0 0 3.4 10 250 M M 1 M M
22 61 53 57 -7 8 0 1.04 0.0 0 5.4 10 90 M M 9 13 M M
23 73 53 63 -1 2 0 0.01 0.0 0 5.8 14 300 M M 7 24 300
24 75 46 61 -3 4 0 0.68 0.0 0 2.9 10 140 M M 4 13 M M
25 71 48 60 -4 5 0 T 0.0 0 8.4 20 280 M M 4 1 35 290
26 76 44 60 -5 5 0 0.00 0.0 0 2.6 7 330 M M 1 M M
27 75 48 62 -3 3 0 T 0.0 0 4.3 12 140 M M 4 1 18 200
28 77 57 67 2 0 2 0.76 T 0 6.7 13 200 M M 8 135 20 200
29 70 51 61 -4 4 0 0.12 0.0 0 12.1 24 290 M M 5 13 36 310
30 77 46 62 -4 3 0 0.00 0.0 0 5.9 13 280 M M 0 21 280
================================================================================
SM 2106 1379 212 15 5.39 T 161.0 M 135
================================================================================
AV 70.2 46.0 5.4 FASTST M M 5 MAX(MPH)
MISC ----> # 24 290 # 36 310
================================================================================
NOTES:
# LAST OF SEVERAL OCCURRENCES
COLUMN 17 PEAK WIND IN M.P.H.
PRELIMINARY LOCAL CLIMATOLOGICAL DATA (WS FORM: F-6) , PAGE 2
STATION: Jacksonville/Little Rock AFB
MONTH: APRIL
YEAR: 2020
LATITUDE: 34 55 N
LONGITUDE: 92 9 W
[TEMPERATURE DATA] [PRECIPITATION DATA] SYMBOLS USED IN COLUMN 16
AVERAGE MONTHLY: 58.1 TOTAL FOR MONTH: 5.39 1 = FOG OR MIST
DPTR FM NORMAL: -3.8 DPTR FM NORMAL: M 2 = FOG REDUCING VISIBILITY
HIGHEST: 86 ON 8 GRTST 24HR 1.47 ON 12-12 TO 1/4 MILE OR LESS
LOWEST: 29 ON 15 3 = THUNDER
SNOW, ICE PELLETS, HAIL 4 = ICE PELLETS
TOTAL MONTH: T 5 = HAIL
GRTST 24HR T ON 28-28 6 = FREEZING RAIN OR DRIZZLE
GRTST DEPTH: 0 7 = DUSTSTORM OR SANDSTORM:
VSBY 1/2 MILE OR LESS
8 = SMOKE OR HAZE
[NO. OF DAYS WITH] [WEATHER - DAYS WITH] 9 = BLOWING SNOW
X = TORNADO
MAX 32 OR BELOW: 0 0.01 INCH OR MORE: 12
MAX 90 OR ABOVE: 0 0.10 INCH OR MORE: 7
MIN 32 OR BELOW: 1 0.50 INCH OR MORE: 6
MIN 0 OR BELOW: 0 1.00 INCH OR MORE: 2
[HDD (BASE 65) ]
TOTAL THIS MO. 212 CLEAR (SCALE 0-3) 11
DPTR FM NORMAL 55 PTCLDY (SCALE 4-7) 14
TOTAL FM JUL 1 3092 CLOUDY (SCALE 8-10) 5
DPTR FM NORMAL -46
[CDD (BASE 65) ]
TOTAL THIS MO. 15
DPTR FM NORMAL -43 [PRESSURE DATA]
TOTAL FM JAN 1 30 HIGHEST SLP M ON M
DPTR FM NORMAL -44 LOWEST SLP M ON M
[REMARKS]
#FINAL-04-20#