000
CXUS53 KARX 011335
CF6LSE
PRELIMINARY LOCAL CLIMATOLOGICAL DATA (WS FORM: F-6)
STATION: LA CROSSE WI
MONTH: DECEMBER
YEAR: 2022
LATITUDE: 43 52 N
LONGITUDE: 91 15 W
TEMPERATURE IN F: :PCPN: SNOW: WIND :SUNSHINE: SKY :PK WND
================================================================================
1 2 3 4 5 6A 6B 7 8 9 10 11 12 13 14 15 16 17 18
12Z AVG MX 2MIN
DY MAX MIN AVG DEP HDD CDD WTR SNW DPTH SPD SPD DIR MIN PSBL S-S WX SPD DR
================================================================================
1 36 12 24 -6 41 0 0.00 0.0 1 11.5 23 180 M M 1 32 170
2 47 25 36 6 29 0 T T T 12.4 25 290 M M 4 35 310
3 25 11 18 -12 47 0 T T 0 12.0 29 300 M M 3 40 300
4 40 17 29 0 36 0 0.00 0.0 0 9.7 17 190 M M 0 22 180
5 40 27 34 5 31 0 0.00 0.0 0 7.9 13 350 M M 5 M M
6 32 19 26 -2 39 0 0.00 0.0 0 3.1 9 340 M M 4 12 340
7 29 12 21 -7 44 0 0.00 0.0 0 6.1 13 350 M M 6 1 M M
8 32 10 21 -7 44 0 0.00 0.0 0 1.4 7 340 M M 3 1 8 340
9 36 23 30 3 35 0 0.36 5.0 T 6.3 13 70 M M 9 12 18 60
10 36 32 34 7 31 0 T T 5 3.3 12 80 M M 10 12 17 90
11 38 33 36 10 29 0 0.00 0.0 4 1.1 6 110 M M 10 8 90
12 37 33 35 9 30 0 0.00 0.0 3 7.4 13 130 M M 10 22 130
13 37 35 36 10 29 0 0.32 0.0 2 11.3 20 120 M M 10 1 29 110
14 41 33 37 11 28 0 0.62 0.9 T 7.6 14 90 M M 10 1 24 80
15 34 26 30 5 35 0 0.40 3.4 2 10.3 22 170 M M 10 1 31 170
16 28 21 25 0 40 0 0.05 1.5 4 11.8 23 200 M M 10 30 200
17 26 17 22 -2 43 0 0.03 0.4 5 11.5 17 270 M M 10 22 270
18 18 -2 8 -16 57 0 T T 5 9.9 14 260 M M 5 M M
19 23 -4 10 -14 55 0 0.10 1.4 5 4.6 12 150 M M 7 1 14 160
20 22 -5 9 -15 56 0 0.02 0.5 6 9.6 17 320 M M 2 18 22 320
21 10 -8 1 -22 64 0 0.25 2.0 6 4.6 9 70 M M 7 1 12 70
22 9 -11 -1 -24 66 0 0.08 1.3 9 13.8 21 320 M M 6 18 25 320
23 1 -11 -5 -28 70 0 0.00 0.0 9 19.1 29 300 M M 9 8 40 330
24 9 -1 4 -18 61 0 0.00 0.0 9 17.2 29 310 M M 2 89 37 320
25 11 -2 5 -17 60 0 0.04 0.5 8 7.3 16 310 M M 3 1 M M
26 14 0 7 -15 58 0 T 0.1 7 7.3 15 330 M M 6 18 18 340
27 25 2 14 -8 51 0 0.00 0.0 7 13.7 23 170 M M 2 8 32 160
28 40 25 33 11 32 0 0.00 0.0 7 11.0 18 170 M M 0 26 190
29 45 35 40 19 25 0 0.10 0.0 6 5.9 16 270 M M 5 12 22 270
30 35 18 27 6 38 0 T T 5 7.3 20 270 M M 7 18 23 290
31 37 16 27 6 38 0 0.01 T 5 6.4 12 150 M M 5 15 170
================================================================================
SM 893 438 1342 0 2.38 17.0 272.4 M 181
================================================================================
AV 28.8 14.1 8.8 FASTST M M 6 MAX(MPH)
MISC ----> # 29 300 # 40 300
================================================================================
NOTES:
# LAST OF SEVERAL OCCURRENCES
COLUMN 17 PEAK WIND IN M.P.H.
PRELIMINARY LOCAL CLIMATOLOGICAL DATA (WS FORM: F-6) , PAGE 2
STATION: LA CROSSE WI
MONTH: DECEMBER
YEAR: 2022
LATITUDE: 43 52 N
LONGITUDE: 91 15 W
[TEMPERATURE DATA] [PRECIPITATION DATA] SYMBOLS USED IN COLUMN 16
AVERAGE MONTHLY: 21.5 TOTAL FOR MONTH: 2.38 1 = FOG OR MIST
DPTR FM NORMAL: -3.6 DPTR FM NORMAL: 0.89 2 = FOG REDUCING VISIBILITY
HIGHEST: 47 ON 2 GRTST 24HR 0.68 ON 14-15 TO 1/4 MILE OR LESS
LOWEST: -11 ON 23,22 3 = THUNDER
SNOW, ICE PELLETS, HAIL 4 = ICE PELLETS
TOTAL MONTH: 17.0 INCHES 5 = HAIL
GRTST 24HR 5.0 ON 9- 9 6 = FREEZING RAIN OR DRIZZLE
GRTST DEPTH: 9 ON 24,23 7 = DUSTSTORM OR SANDSTORM:
VSBY 1/2 MILE OR LESS
8 = SMOKE OR HAZE
[NO. OF DAYS WITH] [WEATHER - DAYS WITH] 9 = BLOWING SNOW
X = TORNADO
MAX 32 OR BELOW: 16 0.01 INCH OR MORE: 13
MAX 90 OR ABOVE: 0 0.10 INCH OR MORE: 7
MIN 32 OR BELOW: 26 0.50 INCH OR MORE: 1
MIN 0 OR BELOW: 9 1.00 INCH OR MORE: 0
[HDD (BASE 65) ]
TOTAL THIS MO. 1342 CLEAR (SCALE 0-3) 9
DPTR FM NORMAL 105 PTCLDY (SCALE 4-7) 12
TOTAL FM JUL 1 2680 CLOUDY (SCALE 8-10) 10
DPTR FM NORMAL 86
[CDD (BASE 65) ]
TOTAL THIS MO. 0
DPTR FM NORMAL 0 [PRESSURE DATA]
TOTAL FM JAN 1 1019 HIGHEST SLP 30.66 ON 21
DPTR FM NORMAL 77 LOWEST SLP 29.36 ON 15
[REMARKS]
#FINAL-12-22#