000
CXUS53 KARX 011000
CF6LSE
PRELIMINARY LOCAL CLIMATOLOGICAL DATA (WS FORM: F-6)
STATION: LA CROSSE WI
MONTH: FEBRUARY
YEAR: 2024
LATITUDE: 43 52 N
LONGITUDE: 91 15 W
TEMPERATURE IN F: :PCPN: SNOW: WIND :SUNSHINE: SKY :PK WND
================================================================================
1 2 3 4 5 6A 6B 7 8 9 10 11 12 13 14 15 16 17 18
12Z AVG MX 2MIN
DY MAX MIN AVG DEP HDD CDD WTR SNW DPTH SPD SPD DIR MIN PSBL S-S WX SPD DR
================================================================================
1 52 29 41 22 24 0 0.00 0.0 T 5.4 13 40 M M 3 12 17 40
2 38 30 34 14 31 0 0.00 0.0 0 7.6 13 140 M M 8 17 80
3 47 26 37 17 28 0 0.00 0.0 0 6.6 14 130 M M 5 19 130
4 51 21 36 16 29 0 0.00 0.0 0 2.2 6 290 M M 0 12 9 290
5 52 21 37 17 28 0 0.00 0.0 0 2.1 6 130 M M 0 11 290
6 54 27 41 21 24 0 0.00 0.0 0 8.0 15 160 M M 0 18 170
7 49 36 43 22 22 0 0.00 0.0 0 8.1 14 160 M M 1 8 21 160
8 59 42 51 30 14 0 0.02 0.0 0 13.8 29 180 M M 4 3 39 180
9 42 32 37 16 28 0 T 0.0 0 15.0 26 260 M M 10 36 250
10 39 28 34 12 31 0 T T 0 13.4 25 320 M M 8 31 310
11 42 23 33 11 32 0 0.00 0.0 0 6.3 16 290 M M 5 21 300
12 47 26 37 15 28 0 0.00 0.0 0 8.6 18 330 M M 3 23 330
13 41 22 32 10 33 0 0.00 0.0 0 2.7 9 330 M M 5 13 340
14 49 23 36 13 29 0 0.05 0.0 0 7.0 13 180 M M 9 M M
15 38 24 31 8 34 0 0.15 0.3 T 12.4 22 330 M M 4 1 29 340
16 25 13 19 -5 46 0 0.00 0.0 0 12.3 21 310 M M 1 29 300
17 36 11 24 0 41 0 0.00 0.0 0 12.8 28 220 M M 1 37 210
18 42 21 32 8 33 0 0.00 0.0 0 9.4 20 280 M M 0 26 280
19 47 20 34 9 31 0 0.00 0.0 0 4.8 12 110 M M 0 16 110
20 54 28 41 16 24 0 0.00 0.0 0 7.5 17 220 M M 1 23 230
21 54 25 40 14 25 0 0.00 0.0 0 2.8 9 340 M M 1 12 360
22 63 24 44 18 21 0 0.00 0.0 0 7.3 20 310 M M 0 28 310
23 41 18 30 4 35 0 T T 0 7.9 21 350 M M 5 27 350
24 41 13 27 0 38 0 0.00 0.0 0 10.1 22 180 M M 0 29 180
25 58 30 44 17 21 0 0.00 0.0 0 7.3 14 320 M M 1 M M
26 67 28 48 20 17 0 0.00 0.0 0 8.2 25 180 M M 0 31 170
27 69 20 45 17 20 0 0.06 1.0 0 12.2 31 320 M M 2 1 42 320
28 22 10 16 -13 49 0 T T 1 16.2 30 330 M M 3 39 320
29 53 12 33 4 32 0 0.00 0.0 T 12.7 28 180 M M 0 37 180
================================================================================
SM 1372 683 848 0 0.28 1.3 250.7 M 80
================================================================================
AV 47.3 23.6 8.6 FASTST M M 3 MAX(MPH)
MISC ----> 31 320 42 320
================================================================================
NOTES:
# LAST OF SEVERAL OCCURRENCES
COLUMN 17 PEAK WIND IN M.P.H.
PRELIMINARY LOCAL CLIMATOLOGICAL DATA (WS FORM: F-6) , PAGE 2
STATION: LA CROSSE WI
MONTH: FEBRUARY
YEAR: 2024
LATITUDE: 43 52 N
LONGITUDE: 91 15 W
[TEMPERATURE DATA] [PRECIPITATION DATA] SYMBOLS USED IN COLUMN 16
AVERAGE MONTHLY: 35.4 TOTAL FOR MONTH: 0.28 1 = FOG OR MIST
DPTR FM NORMAL: 12.1 DPTR FM NORMAL: -0.91 2 = FOG REDUCING VISIBILITY
HIGHEST: 69 ON 27 GRTST 24HR 0.15 ON 15-15 TO 1/4 MILE OR LESS
LOWEST: 10 ON 28 3 = THUNDER
SNOW, ICE PELLETS, HAIL 4 = ICE PELLETS
TOTAL MONTH: 1.3 INCHES 5 = HAIL
GRTST 24HR 1.0 ON 27-27 6 = FREEZING RAIN OR DRIZZLE
GRTST DEPTH: 2 ON M 7 = DUSTSTORM OR SANDSTORM:
VSBY 1/2 MILE OR LESS
8 = SMOKE OR HAZE
[NO. OF DAYS WITH] [WEATHER - DAYS WITH] 9 = BLOWING SNOW
X = TORNADO
MAX 32 OR BELOW: 2 0.01 INCH OR MORE: 4
MAX 90 OR ABOVE: 0 0.10 INCH OR MORE: 1
MIN 32 OR BELOW: 27 0.50 INCH OR MORE: 0
MIN 0 OR BELOW: 0 1.00 INCH OR MORE: 0
[HDD (BASE 65) ]
TOTAL THIS MO. 848 CLEAR (SCALE 0-3) 19
DPTR FM NORMAL -318 PTCLDY (SCALE 4-7) 8
TOTAL FM JUL 1 4222 CLOUDY (SCALE 8-10) 2
DPTR FM NORMAL -1040
[CDD (BASE 65) ]
TOTAL THIS MO. 0
DPTR FM NORMAL 0 [PRESSURE DATA]
TOTAL FM JAN 1 0 HIGHEST SLP 30.43 ON 29
DPTR FM NORMAL 0 LOWEST SLP 29.23 ON 27
[REMARKS]
#FINAL-02-24#