000
CXUS53 KARX 010650
CLMLSE
CLIMATE REPORT
NATIONAL WEATHER SERVICE LA CROSSE WI
150 AM CDT FRI SEP 01 2023
...................................
...THE LA CROSSE WI CLIMATE SUMMARY FOR THE MONTH OF AUGUST 2023...
CLIMATE NORMAL PERIOD 1991 TO 2020
CLIMATE RECORD PERIOD 1872 TO 2023
WEATHER OBSERVED NORMAL DEPART LAST YEAR`S
VALUE DATE(S) VALUE FROM VALUE DATE(S)
NORMAL
................................................................
TEMPERATURE (F)
RECORD
HIGH 105 08/01/1988
LOW 35 08/30/1915
HIGHEST 104 08/23 93 08/03
LOWEST 50 08/31 56 08/26
AVG. MAXIMUM 85.2 83.2 2.0 82.5
AVG. MINIMUM 63.2 62.3 0.9 62.9
MEAN 74.2 72.8 1.4 72.7
DAYS MAX >= 90 8 4.2 3.8 2
DAYS MAX <= 32 0 0.0 0.0 0
DAYS MIN <= 32 0 0.0 0.0 0
DAYS MIN <= 0 0 0.0 0.0 0
PRECIPITATION (INCHES)
RECORD
MAXIMUM 13.75 2007
TOTALS 1.38 3.90 -2.52 3.50
DAYS >= .01 5 9.4 -4.4 10
DAYS >= .10 2 6.4 -4.4 7
DAYS >= .50 1 2.9 -1.9 3
DAYS >= 1.00 1 1.0 0.0 1
GREATEST
24 HR. TOTAL 1.04 08/11 TO 08/11 1.24 08/27 TO 08/28
SNOWFALL (INCHES)
RECORDS
TOTAL 0.0 2020
SNOW DEPTH 0 08/31/2020
TOTALS 0.0 0.0 0.0 0.0
SINCE 7/1 0.0 0.0 0.0 MM
SNOWDEPTH AVG. 0 0
DAYS >= TRACE 0 0.0 0.0 0
DAYS >= 1.0 0 0.0 0.0 0
GREATEST
SNOW DEPTH 0 0 MM
DEGREE DAYS
HEATING TOTAL 1 8 -7 0
SINCE 7/1 2 5 -3 MM
COOLING TOTAL 294 248 46 248
SINCE 1/1 877 831 46 MM
................................................................
WIND (MPH)
AVERAGE WIND SPEED 7.0
HIGHEST WIND SPEED/DIRECTION 48/340 DATE 08/11
HIGHEST GUST SPEED/DIRECTION 68/330 DATE 08/11
AVERAGE RH (PERCENT) 67
WEATHER CONDITIONS. NUMBER OF DAYS WITH
THUNDERSTORM 3 MIXED PRECIP 0
HEAVY RAIN 1 RAIN 1
LIGHT RAIN 9 FREEZING RAIN 0
LT FREEZING RAIN 0 HAIL 0
HEAVY SNOW 0 SNOW 0
LIGHT SNOW 0 SLEET 0
FOG 12 FOG W/VIS <= 1/4 MILE 5
HAZE 1
- INDICATES NEGATIVE NUMBERS.
R INDICATES RECORD WAS SET OR TIED.
MM INDICATES DATA IS MISSING.
T INDICATES TRACE AMOUNT.
$$