000
CXUS54 KFWD 010731
CF6LUD
PRELIMINARY LOCAL CLIMATOLOGICAL DATA (WS FORM: F-6)
STATION: DECATUR
MONTH: AUGUST
YEAR: 2020
LATITUDE: 33 15 N
LONGITUDE: 97 30 W
TEMPERATURE IN F: :PCPN: SNOW: WIND :SUNSHINE: SKY :PK WND
================================================================================
1 2 3 4 5 6A 6B 7 8 9 10 11 12 13 14 15 16 17 18
12Z AVG MX 2MIN
DY MAX MIN AVG DEP HDD CDD WTR SNW DPTH SPD SPD DIR MIN PSBL S-S WX SPD DR
================================================================================
1 89 68 79 -4 0 14 0.00 0.0 0 0.9 5 340 M M 1 M M
2 93 71 82 -1 0 17 0.00 0.0 0 3.0 8 20 M M 0 M M
3 90 71 81 -2 0 16 0.00 0.0 0 5.2 12 30 M M 0 16 30
4 90 68 79 -4 0 14 0.00 0.0 0 7.8 12 70 M M 0 8 M M
5 86 71 79 -4 0 14 0.00 0.0 0 8.3 15 90 M M 1 22 40
6 98 73 86 3 0 21 0.00 0.0 0 9.0 14 150 M M 1 1 20 190
7 97 79 88 5 0 23 0.00 0.0 0 10.7 14 160 M M 0 22 160
8 98 78 88 5 0 23 0.00 0.0 0 10.6 15 140 M M 0 24 150
9 98 78 88 5 0 23 0.00 0.0 0 10.3 15 170 M M 0 21 170
10 100 78 89 6 0 24 0.00 0.0 0 10.6 17 190 M M 0 22 170
11 100 80 90 7 0 25 0.00 0.0 0 9.3 16 170 M M 0 23 170
12 102 81 92 9 0 27 0.00 0.0 0 8.9 13 130 M M 0 18 200
13 103 82 93 10 0 28 0.00 0.0 0 9.7 14 150 M M 0 20 190
14 106 80 93 10 0 28 0.00 0.0 0 8.8 13 170 M M 0 17 230
15 102 76 89 6 0 24 0.00 0.0 0 7.1 13 60 M M 0 18 60
16 103 69 86 3 0 21 0.31 0.0 0 5.5 22 80 M M 1 3 32 80
17 91 69 80 -2 0 15 0.00 0.0 0 2.6 8 200 M M 0 M M
18 94 72 83 1 0 18 0.00 0.0 0 4.3 10 30 M M 0 22 360
19 92 65 79 -3 0 14 0.00 0.0 0 3.6 9 60 M M 0 M M
20 92 65 79 -3 0 14 0.00 0.0 0 5.1 9 60 M M 0 M M
21 94 66 80 -2 0 15 0.00 0.0 0 4.9 10 150 M M 0 M M
22 96 69 83 1 0 18 0.00 0.0 0 4.7 10 80 M M 0 16 100
23 96 69 83 1 0 18 0.00 0.0 0 4.0 9 160 M M 1 M M
24 95 71 83 1 0 18 0.00 0.0 0 5.6 12 40 M M 0 18 60
25 95 71 83 2 0 18 0.00 0.0 0 4.4 10 90 M M 1 16 90
26 95 73 84 3 0 19 0.53 0.0 0 5.3 17 60 M M 2 8 25 60
27 93 70 82 1 0 17 0.02 0.0 0 3.9 16 70 M M 1 138 22 60
28 104 71 88 7 0 23 0.00 0.0 0 5.5 9 150 M M 0 M M
29 107 80 94 14 0 29 0.00 0.0 0 9.6 16 170 M M 0 28 170
30 96 70 83 3 0 18 0.75 0.0 0 7.0 18 150 M M 1 28 290
31 96 75 86 6 0 21 0.05 0.0 0 7.8 14 170 M M 0 1 20 170
================================================================================
SM 2991 2259 0 617 1.66 0.0 204.0 M 10
================================================================================
AV 96.5 72.9 6.6 FASTST M M 0 MAX(MPH)
MISC ----> # 22 80 # 32 80
================================================================================
NOTES:
# LAST OF SEVERAL OCCURRENCES
COLUMN 17 PEAK WIND IN M.P.H.
PRELIMINARY LOCAL CLIMATOLOGICAL DATA (WS FORM: F-6) , PAGE 2
STATION: DECATUR
MONTH: AUGUST
YEAR: 2020
LATITUDE: 33 15 N
LONGITUDE: 97 30 W
[TEMPERATURE DATA] [PRECIPITATION DATA] SYMBOLS USED IN COLUMN 16
AVERAGE MONTHLY: 84.7 TOTAL FOR MONTH: 1.66 1 = FOG OR MIST
DPTR FM NORMAL: 2.4 DPTR FM NORMAL: -0.49 2 = FOG REDUCING VISIBILITY
HIGHEST: 107 ON 29 GRTST 24HR 0.75 ON 30-30 TO 1/4 MILE OR LESS
LOWEST: 65 ON 20,19 3 = THUNDER
SNOW, ICE PELLETS, HAIL 4 = ICE PELLETS
TOTAL MONTH: 0.0 INCH 5 = HAIL
GRTST 24HR 0.0 6 = FREEZING RAIN OR DRIZZLE
GRTST DEPTH: 0 7 = DUSTSTORM OR SANDSTORM:
VSBY 1/2 MILE OR LESS
8 = SMOKE OR HAZE
[NO. OF DAYS WITH] [WEATHER - DAYS WITH] 9 = BLOWING SNOW
X = TORNADO
MAX 32 OR BELOW: 0 0.01 INCH OR MORE: 5
MAX 90 OR ABOVE: 29 0.10 INCH OR MORE: 3
MIN 32 OR BELOW: 0 0.50 INCH OR MORE: 2
MIN 0 OR BELOW: 0 1.00 INCH OR MORE: 0
[HDD (BASE 65) ]
TOTAL THIS MO. 0 CLEAR (SCALE 0-3) 31
DPTR FM NORMAL 0 PTCLDY (SCALE 4-7) 0
TOTAL FM JUL 1 0 CLOUDY (SCALE 8-10) 0
DPTR FM NORMAL 0
[CDD (BASE 65) ]
TOTAL THIS MO. 617
DPTR FM NORMAL 83 [PRESSURE DATA]
TOTAL FM JAN 1 2062 HIGHEST SLP M ON M
DPTR FM NORMAL 352 LOWEST SLP M ON M
[REMARKS]
#FINAL-08-20#