000
CXUS56 KOTX 020340
CF6LWS
PRELIMINARY LOCAL CLIMATOLOGICAL DATA (WS FORM: F-6)
STATION: LEWISTON ID AIRPORT
MONTH: OCTOBER
YEAR: 2020
LATITUDE: 46 22 N
LONGITUDE: 117 1 W
TEMPERATURE IN F: :PCPN: SNOW: WIND :SUNSHINE: SKY :PK WND
================================================================================
1 2 3 4 5 6A 6B 7 8 9 10 11 12 13 14 15 16 17 18
12Z AVG MX 2MIN
DY MAX MIN AVG DEP HDD CDD WTR SNW DPTH SPD SPD DIR MIN PSBL S-S WX SPD DR
================================================================================
1 78 51 65 7 0 0 0.00 0.0 0 2.1 7 90 M M 0 9 80
2 83 53 68 10 0 3 0.00 0.0 0 2.3 9 190 M M 0 10 200
3 82 51 67 10 0 2 0.00 0.0 0 2.3 7 160 M M 0 8 70
4 83 51 67 10 0 2 0.00 0.0 0 4.1 14 320 M M 0 8 17 330
5 81 51 66 10 0 1 0.00 0.0 0 2.0 9 190 M M 0 10 20
6 84 50 67 11 0 2 0.00 0.0 0 3.2 8 340 M M 0 11 60
7 85 53 69 13 0 4 0.00 0.0 0 3.2 10 150 M M 0 11 320
8 81 50 66 11 0 1 0.00 0.0 0 2.9 9 180 M M 0 8 16 340
9 81 50 66 11 0 1 0.00 0.0 0 3.9 9 310 M M 0 13 90
10 62 47 55 1 10 0 0.05 0.0 0 5.2 20 240 M M 5 18 26 290
11 66 49 58 4 7 0 0.08 0.0 0 11.7 32 210 M M 8 44 200
12 69 46 58 5 7 0 T 0.0 0 14.4 35 200 M M 3 45 210
13 65 46 56 3 9 0 0.19 0.0 0 8.5 36 250 M M 5 1 51 260
14 64 48 56 4 9 0 T 0.0 0 8.8 20 270 M M 6 25 280
15 62 40 51 -1 14 0 0.00 0.0 0 2.4 13 320 M M 2 16 330
16 68 41 55 3 10 0 0.00 0.0 0 4.1 20 280 M M 5 8 26 280
17 67 54 61 10 4 0 0.00 0.0 0 9.2 23 320 M M 6 29 310
18 57 50 54 3 11 0 0.05 0.0 0 3.9 12 70 M M 10 1 14 70
19 70 51 61 11 4 0 0.00 0.0 0 8.4 25 280 M M 5 36 270
20 61 49 55 5 10 0 0.00 0.0 0 4.9 15 280 M M 7 19 270
21 56 38 47 -3 18 0 0.03 0.0 0 4.7 28 290 M M 9 36 290
22 51 30 41 -8 24 0 0.00 0.0 0 2.8 13 320 M M 4 12 18 290
23 42 27 35 -14 30 0 0.51 T 0 5.8 14 70 M M 6 128 18 70
24 38 30 34 -15 31 0 0.01 0.0 0 6.8 14 300 M M 10 1 20 270
25 36 22 29 -19 36 0 0.00 0.0 0 4.6 13 60 M M 1 16 70
26 39 21 30 -18 35 0 0.00 0.0 0 2.3 8 320 M M 4 11 320
27 48 24 36 -12 29 0 0.00 0.0 0 2.3 7 160 M M 0 9 90
28 53 31 42 -5 23 0 0.00 0.0 0 1.5 7 140 M M 0 1 7 260
29 59 33 46 -1 19 0 0.00 0.0 0 2.8 7 160 M M 0 18 10 340
30 66 36 51 4 14 0 T 0.0 0 6.4 29 240 M M 1 18 35 240
31 58 34 46 0 19 0 0.00 0.0 0 3.1 9 210 M M 0 11 80
================================================================================
SM 1995 1307 373 16 0.92 T 150.6 M 97
================================================================================
AV 64.4 42.2 4.9 FASTST M M 3 MAX(MPH)
MISC ----> 36 250 51 260
================================================================================
NOTES:
# LAST OF SEVERAL OCCURRENCES
COLUMN 17 PEAK WIND IN M.P.H.
PRELIMINARY LOCAL CLIMATOLOGICAL DATA (WS FORM: F-6) , PAGE 2
STATION: LEWISTON ID AIRPORT
MONTH: OCTOBER
YEAR: 2020
LATITUDE: 46 22 N
LONGITUDE: 117 1 W
[TEMPERATURE DATA] [PRECIPITATION DATA] SYMBOLS USED IN COLUMN 16
AVERAGE MONTHLY: 53.3 TOTAL FOR MONTH: 0.92 1 = FOG OR MIST
DPTR FM NORMAL: 1.5 DPTR FM NORMAL: -0.04 2 = FOG REDUCING VISIBILITY
HIGHEST: 85 ON 7 GRTST 24HR 0.52 ON 23-24 TO 1/4 MILE OR LESS
LOWEST: 21 ON 26 3 = THUNDER
SNOW, ICE PELLETS, HAIL 4 = ICE PELLETS
TOTAL MONTH: T 5 = HAIL
GRTST 24HR T ON 23-23 6 = FREEZING RAIN OR DRIZZLE
GRTST DEPTH: 0 7 = DUSTSTORM OR SANDSTORM:
VSBY 1/2 MILE OR LESS
8 = SMOKE OR HAZE
[NO. OF DAYS WITH] [WEATHER - DAYS WITH] 9 = BLOWING SNOW
X = TORNADO
MAX 32 OR BELOW: 0 0.01 INCH OR MORE: 7
MAX 90 OR ABOVE: 0 0.10 INCH OR MORE: 2
MIN 32 OR BELOW: 7 0.50 INCH OR MORE: 1
MIN 0 OR BELOW: 0 1.00 INCH OR MORE: 0
[HDD (BASE 65) ]
TOTAL THIS MO. 373 CLEAR (SCALE 0-3) 16
DPTR FM NORMAL -38 PTCLDY (SCALE 4-7) 11
TOTAL FM JUL 1 404 CLOUDY (SCALE 8-10) 4
DPTR FM NORMAL -120
[CDD (BASE 65) ]
TOTAL THIS MO. 16
DPTR FM NORMAL 13 [PRESSURE DATA]
TOTAL FM JAN 1 943 HIGHEST SLP 30.63 ON 25
DPTR FM NORMAL 136 LOWEST SLP 29.59 ON 10
[REMARKS]
#FINAL-10-20#