000
CXUS53 KILX 011407
CLMLWV
CLIMATE REPORT
NATIONAL WEATHER SERVICE LINCOLN IL
907 AM CDT THU JUN 01 2023
...................................
...THE LAWRENCEVILLE IL AIRPORT CLIMATE SUMMARY FOR THE MONTH OF MAY 2023...
CLIMATE NORMAL PERIOD 1991 TO 2020
CLIMATE RECORD PERIOD 9999 TO 9999
WEATHER OBSERVED NORMAL DEPART LAST YEAR`S
VALUE DATE(S) VALUE FROM VALUE
NORMAL
..............................................................
TEMPERATURE (F)
RECORD
HIGH MM MM
LOW 39 05/10/2021
HIGHEST 92 05/30 MM MM 92
LOWEST 39R 05/04 MM MM 47
AVG. MAXIMUM 78.9 76.8 2.1 79.5
AVG. MINIMUM 53.8 56.0 -2.2 59.0
MEAN 66.3 66.4 -0.1 69.3
DAYS MAX >= 90 2 2.4 -0.4 7
DAYS MAX <= 32 0 0.0 0.0 0
DAYS MIN <= 32 0 0.0 0.0 0
DAYS MIN <= 0 0 0.0 0.0 0
PRECIPITATION (INCHES)
RECORD
MAXIMUM 3.45 2022
MINIMUM 2.88 2021
TOTALS 1.95R 4.85 -2.90 3.45
DAILY AVG. 0.06 0.16 -0.10 0.11
DAYS >= .01 10 12.2 -2.2 10
DAYS >= .10 7 7.8 -0.8 8
DAYS >= .50 0 3.3 -3.3 3
DAYS >= 1.00 0 1.4 -1.4 0
GREATEST
24 HR. TOTAL 0.47 05/14 TO 05/15 0.70
DEGREE DAYS
HEATING TOTAL 55 85 -30 42
SINCE 7/1 4136 4709 -573 MM
COOLING TOTAL 104 128 -24 183
SINCE 1/1 114 154 -40 MM
..............................................................
WIND (MPH)
AVERAGE WIND SPEED 7.6
HIGHEST WIND SPEED/DIRECTION 33/290 DATE 05/01
HIGHEST GUST SPEED/DIRECTION 46/180 DATE 05/07
AVERAGE RH (PERCENT) 64
WEATHER CONDITIONS. NUMBER OF DAYS WITH
THUNDERSTORM 8 MIXED PRECIP 0
HEAVY RAIN 6 RAIN 7
LIGHT RAIN 12 FREEZING RAIN 0
LT FREEZING RAIN 0 HAIL 0
HEAVY SNOW 0 SNOW 0
LIGHT SNOW 0 SLEET 0
FOG 12 FOG W/VIS <= 1/4 MILE 1
HAZE 0
- INDICATES NEGATIVE NUMBERS.
R INDICATES RECORD WAS SET OR TIED.
MM INDICATES DATA IS MISSING.
T INDICATES TRACE AMOUNT.
$$