000
CXUS53 KEAX 010736
CF6LXT
PRELIMINARY LOCAL CLIMATOLOGICAL DATA (WS FORM: F-6)
STATION: LEE`S SUMMIT MO
MONTH: JUNE
YEAR: 2022
LATITUDE: 38 57 N
LONGITUDE: 94 22 W
TEMPERATURE IN F: :PCPN: SNOW: WIND :SUNSHINE: SKY :PK WND
================================================================================
1 2 3 4 5 6A 6B 7 8 9 10 11 12 13 14 15 16 17 18
12Z AVG MX 2MIN
DY MAX MIN AVG DEP HDD CDD WTR SNW DPTH SPD SPD DIR MIN PSBL S-S WX SPD DR
================================================================================
1 71 54 63 -8 2 0 0.31 M M 7.2 17 10 M M 6 13 26 360
2 75 52 64 -7 1 0 0.00 M M 5.2 15 360 M M 0 23 350
3 81 54 68 -3 0 3 0.00 M M 5.7 13 190 M M 0 15 190
4 76 58 67 -5 0 2 0.02 M M 7.9 18 190 M M 5 26 210
5 76 62 69 -3 0 4 T M M 8.0 16 210 M M 2 23 210
6 84 65 75 3 0 10 0.03 M M 7.2 14 220 M M 4 3 18 220
7 84 67 76 3 0 11 0.23 M M 7.0 14 70 M M 3 13 19 360
8 79 61 70 -3 0 5 0.36 M M 8.1 35 300 M M 4 138 60 260
9 80 59 70 -3 0 5 T M M 4.4 14 220 M M 1 19 210
10 84 63 74 0 0 9 0.01 M M 6.1 20 170 M M 5 3 34 170
11 88 66 77 3 0 12 T M M 6.5 16 160 M M 0 3 23 160
12 89 76 83 9 0 18 T M M 9.6 28 170 M M 1 41 160
13 96 79 88 14 0 23 T M M 15.9 24 190 M M 0 38 200
14 92 79 86 11 0 21 0.00 M M 17.3 28 190 M M 0 40 180
15 90 77 84 9 0 19 0.00 M M 16.0 26 200 M M 1 37 190
16 94 76 85 10 0 20 0.00 M M 9.4 16 200 M M 1 22 200
17 94 71 83 8 0 18 0.00 M M 6.2 24 350 M M 1 33 350
18 92 74 83 7 0 18 0.00 M M 8.4 15 90 M M 1 21 100
19 90 72 81 5 0 16 0.00 M M 10.5 16 160 M M 0 22 170
20 92 69 81 5 0 16 0.00 M M 11.6 17 210 M M 0 24 190
21 97 70 84 8 0 19 0.21 M M 12.9 32 300 M M 1 13 51 310
22 86 69 78 2 0 13 0.02 M M 4.6 12 50 M M 2 15 20
23 81 67 74 -3 0 9 0.04 M M 6.4 14 150 M M 2 21 140
24 89 70 80 3 0 15 0.13 M M 11.4 20 90 M M 2 3 29 130
25 94 78 86 9 0 21 0.00 M M 12.3 23 200 M M 1 3 31 200
26 78 63 71 -6 0 6 T M M 11.2 23 360 M M 2 32 360
27 82 56 69 -8 0 4 0.00 M M 4.8 14 70 M M 0 21 80
28 86 63 75 -3 0 10 0.00 M M 8.5 16 220 M M 1 22 190
29 91 64 78 0 0 13 0.00 M M 8.4 15 200 M M 0 21 190
30 92 67 80 2 0 15 0.00 M M 12.5 22 200 M M 0 30 190
================================================================================
SM 2583 2001 3 355 1.36 M 271.2 M 46
================================================================================
AV 86.1 66.7 9.0 FASTST M M 2 MAX(MPH)
MISC ----> 35 300 60 260
================================================================================
NOTES:
# LAST OF SEVERAL OCCURRENCES
COLUMN 17 PEAK WIND IN M.P.H.
PRELIMINARY LOCAL CLIMATOLOGICAL DATA (WS FORM: F-6) , PAGE 2
STATION: LEE`S SUMMIT MO
MONTH: JUNE
YEAR: 2022
LATITUDE: 38 57 N
LONGITUDE: 94 22 W
[TEMPERATURE DATA] [PRECIPITATION DATA] SYMBOLS USED IN COLUMN 16
AVERAGE MONTHLY: 76.4 TOTAL FOR MONTH: 1.36 1 = FOG OR MIST
DPTR FM NORMAL: 1.7 DPTR FM NORMAL: -3.59 2 = FOG REDUCING VISIBILITY
HIGHEST: 97 ON 21 GRTST 24HR 0.94 ON 31- 1 TO 1/4 MILE OR LESS
LOWEST: 52 ON 2 3 = THUNDER
SNOW, ICE PELLETS, HAIL 4 = ICE PELLETS
TOTAL MONTH: M 5 = HAIL
GRTST 24HR M ON M 6 = FREEZING RAIN OR DRIZZLE
GRTST DEPTH: M ON M 7 = DUSTSTORM OR SANDSTORM:
VSBY 1/2 MILE OR LESS
8 = SMOKE OR HAZE
[NO. OF DAYS WITH] [WEATHER - DAYS WITH] 9 = BLOWING SNOW
X = TORNADO
MAX 32 OR BELOW: 0 0.01 INCH OR MORE: 10
MAX 90 OR ABOVE: 12 0.10 INCH OR MORE: 5
MIN 32 OR BELOW: 0 0.50 INCH OR MORE: 0
MIN 0 OR BELOW: 0 1.00 INCH OR MORE: 0
[HDD (BASE 65) ]
TOTAL THIS MO. 3 CLEAR (SCALE 0-3) 25
DPTR FM NORMAL -2 PTCLDY (SCALE 4-7) 5
TOTAL FM JUL 1 4414 CLOUDY (SCALE 8-10) 0
DPTR FM NORMAL -369
[CDD (BASE 65) ]
TOTAL THIS MO. 355
DPTR FM NORMAL 59 [PRESSURE DATA]
TOTAL FM JAN 1 505 HIGHEST SLP M ON M
DPTR FM NORMAL 77 LOWEST SLP 29.59 ON 12
[REMARKS]
#FINAL-06-22#