000
CXUS55 KPUB 021651
CF6LXV
PRELIMINARY LOCAL CLIMATOLOGICAL DATA (WS FORM: F-6)
STATION: LEADVILLE CO
MONTH: MAY
YEAR: 2022
LATITUDE: 39 15 N
LONGITUDE: 106 18 W
TEMPERATURE IN F: :PCPN: SNOW: WIND :SUNSHINE: SKY :PK WND
================================================================================
1 2 3 4 5 6A 6B 7 8 9 10 11 12 13 14 15 16 17 18
12Z AVG MX 2MIN
DY MAX MIN AVG DEP HDD CDD WTR SNW DPTH SPD SPD DIR MIN PSBL S-S WX SPD DR
================================================================================
1 52 25 39 4 26 0 0.00 M M 5.6 23 200 M M 4 35 180
2 47 27 37 1 28 0 0.12 M M 7.2 21 300 M M 6 12 32 310
3 54 22 38 2 27 0 0.06 M M 7.2 33 200 M M 3 128 53 220
4 40 23 32 -4 33 0 0.02 M M 7.3 18 350 M M 6 1 29 350
5 50 25 38 1 27 0 0.03 M M 8.7 22 310 M M 6 1 32 320
6 61 32 47 10 18 0 0.00 M M 7.8 21 270 M M 2 34 300
7 63 30 47 9 18 0 T M M 11.8 30 190 M M 3 51 220
8 60 35 48 10 17 0 0.00 M M 15.2 36 200 M M 5 58 220
9 56 38 47 9 18 0 0.00 M M 13.5 38 210 M M 2 62 200
10 64 30 47 8 18 0 0.00 M M 13.6 41 200 M M 0 60 200
11 64 29 47 8 18 0 0.00 M M 13.1 33 190 M M 0 53 180
12 50 27 39 0 26 0 0.00 M M 14.1 31 190 M M 0 41 180
13 54 25 40 0 25 0 0.00 M M 9.7 24 300 M M 0 8 37 300
14 60 30 45 5 20 0 0.00 M M 7.5 21 270 M M 1 32 300
15 66 29 48 7 17 0 0.00 M M 7.1 21 290 M M 1 33 300
16 66 27 47 6 18 0 0.00 M M 5.8 20 310 M M 1 27 320
17 67 27 47 6 18 0 0.00 M M 6.8 26 290 M M 1 34 280
18 64 28 46 4 19 0 0.00 M M 6.7 21 290 M M 2 32 300
19 65 39 52 10 13 0 0.00 M M 12.9 30 290 M M 1 46 280
20 51 22 37 -5 28 0 0.57 M M 9.0 25 220 M M 9 12 43 250
21 29 17 23 -20 42 0 0.22 M M 11.4 18 190 M M 10 12 26 180
22 35 22 29 -14 36 0 0.02 M M 4.0 15 180 M M 10 1 20 190
23 48 28 38 -6 27 0 0.03 M M 8.1 18 310 M M 5 12 33 320
24 41 26 34 -10 31 0 0.14 M M 6.0 25 20 M M 9 18 35 360
25 55 22 39 -5 26 0 0.00 M M 10.1 23 350 M M 1 38 360
26 65 27 46 1 19 0 0.00 M M 7.1 20 270 M M 0 30 330
27 68 29 49 4 16 0 0.00 M M 6.4 24 280 M M 0 40 270
28 64 32 48 3 17 0 0.00 M M 8.4 25 210 M M 2 40 210
29 53 29 41 -5 24 0 0.04 M M 8.7 31 220 M M 7 13 48 220
30 43 23 33 -13 32 0 0.04 M M 6.7 20 270 M M 6 12 29 310
31 52 20 36 -10 29 0 0.01 M M 6.9 28 190 M M 7 1 39 200
================================================================================
SM 1707 845 731 0 1.30 M 274.4 M 110
================================================================================
AV 55.1 27.3 8.9 FASTST M M 4 MAX(MPH)
MISC ----> 41 200 62 200
================================================================================
NOTES:
# LAST OF SEVERAL OCCURRENCES
COLUMN 17 PEAK WIND IN M.P.H.
PRELIMINARY LOCAL CLIMATOLOGICAL DATA (WS FORM: F-6) , PAGE 2
STATION: LEADVILLE CO
MONTH: MAY
YEAR: 2022
LATITUDE: 39 15 N
LONGITUDE: 106 18 W
[TEMPERATURE DATA] [PRECIPITATION DATA] SYMBOLS USED IN COLUMN 16
AVERAGE MONTHLY: 41.2 TOTAL FOR MONTH: 1.30 1 = FOG OR MIST
DPTR FM NORMAL: 0.3 DPTR FM NORMAL: 0.24 2 = FOG REDUCING VISIBILITY
HIGHEST: 68 ON 27 GRTST 24HR 0.73 ON 20-21 TO 1/4 MILE OR LESS
LOWEST: 17 ON 21 3 = THUNDER
SNOW, ICE PELLETS, HAIL 4 = ICE PELLETS
TOTAL MONTH: M 5 = HAIL
GRTST 24HR M ON M 6 = FREEZING RAIN OR DRIZZLE
GRTST DEPTH: M ON M 7 = DUSTSTORM OR SANDSTORM:
VSBY 1/2 MILE OR LESS
8 = SMOKE OR HAZE
[NO. OF DAYS WITH] [WEATHER - DAYS WITH] 9 = BLOWING SNOW
X = TORNADO
MAX 32 OR BELOW: 1 0.01 INCH OR MORE: 12
MAX 90 OR ABOVE: 0 0.10 INCH OR MORE: 4
MIN 32 OR BELOW: 28 0.50 INCH OR MORE: 1
MIN 0 OR BELOW: 0 1.00 INCH OR MORE: 0
[HDD (BASE 65) ]
TOTAL THIS MO. 731 CLEAR (SCALE 0-3) 17
DPTR FM NORMAL -18 PTCLDY (SCALE 4-7) 10
TOTAL FM JUL 1 10174 CLOUDY (SCALE 8-10) 4
DPTR FM NORMAL -441
[CDD (BASE 65) ]
TOTAL THIS MO. 0
DPTR FM NORMAL 0 [PRESSURE DATA]
TOTAL FM JAN 1 0 HIGHEST SLP 30.27 ON 21
DPTR FM NORMAL 0 LOWEST SLP 29.10 ON 20
[REMARKS]
#FINAL-05-22#