000
CXUS55 KPUB 011310
CF6LXV
PRELIMINARY LOCAL CLIMATOLOGICAL DATA (WS FORM: F-6)
STATION: LEADVILLE CO
MONTH: FEBRUARY
YEAR: 2022
LATITUDE: 39 15 N
LONGITUDE: 106 18 W
TEMPERATURE IN F: :PCPN: SNOW: WIND :SUNSHINE: SKY :PK WND
================================================================================
1 2 3 4 5 6A 6B 7 8 9 10 11 12 13 14 15 16 17 18
12Z AVG MX 2MIN
DY MAX MIN AVG DEP HDD CDD WTR SNW DPTH SPD SPD DIR MIN PSBL S-S WX SPD DR
================================================================================
1 25 9 17 0 48 0 0.05 M M 7.0 17 230 M M 7 18 27 220
2 9 -20 -5 -22 70 0 0.18 M M 9.3 18 190 M M 8 19 24 190
3 14 -22 -4 -21 69 0 0.00 M M 9.0 18 10 M M 0 27 10
4 32 -9 12 -5 53 0 0.00 M M 7.2 16 20 M M 0 22 20
5 29 5 17 0 48 0 0.00 M M 10.0 21 300 M M 0 33 290
6 24 0 12 -5 53 0 T M M 7.4 17 360 M M 3 1 25 20
7 37 -3 17 0 48 0 0.00 M M 8.0 16 310 M M 0 25 310
8 34 6 20 3 45 0 0.00 M M 10.7 24 310 M M 0 38 330
9 33 13 23 6 42 0 0.00 M M 10.6 26 310 M M 5 41 310
10 39 9 24 7 41 0 0.00 M M 8.9 28 310 M M 2 39 310
11 32 9 21 4 44 0 0.02 M M 13.8 37 300 M M 3 12 53 300
12 30 -4 13 -5 52 0 0.00 M M 10.4 25 300 M M 1 34 290
13 35 -1 17 -1 48 0 0.00 M M 8.2 21 300 M M 0 30 310
14 41 5 23 5 42 0 0.00 M M 5.4 18 310 M M 0 26 310
15 39 8 24 6 41 0 0.00 M M 5.7 20 280 M M 2 27 280
16 31 12 22 4 43 0 0.08 M M 7.1 18 360 M M 7 18 27 350
17 22 -5 9 -9 56 0 0.03 M M 6.7 20 300 M M 4 18 27 310
18 27 3 15 -3 50 0 0.00 M M 8.0 22 300 M M 7 30 300
19 38 1 20 2 45 0 0.00 M M 9.0 17 310 M M 0 32 350
20 38 15 27 8 38 0 0.00 M M 7.2 21 220 M M 0 31 230
21 30 18 24 5 41 0 0.05 M M 10.0 23 260 M M 3 1 35 260
22 18 -6 6 -13 59 0 0.28 M M 6.7 20 300 M M 10 128 26 290
23 13 -8 3 -16 62 0 0.36 M M 2.9 12 140 M M 10 128 20 130
24 15 -3 6 -14 59 0 0.03 M M 7.3 20 300 M M 9 1 29 290
25 20 -9 6 -14 59 0 0.00 M M 6.1 15 200 M M 4 21 180
26 24 -13 6 -14 59 0 0.00 M M 6.9 16 310 M M 1 1 24 310
27 43 -12 16 -4 49 0 0.00 M M 7.7 14 320 M M 0 21 320
28 45 12 29 9 36 0 0.00 M M 7.6 17 310 M M 0 22 310
================================================================================
SM 817 10 1400 0 1.08 M 224.8 M 86
================================================================================
AV 29.2 0.4 8.0 FASTST M M 3 MAX(MPH)
MISC ----> 37 300 53 300
================================================================================
NOTES:
# LAST OF SEVERAL OCCURRENCES
COLUMN 17 PEAK WIND IN M.P.H.
PRELIMINARY LOCAL CLIMATOLOGICAL DATA (WS FORM: F-6) , PAGE 2
STATION: LEADVILLE CO
MONTH: FEBRUARY
YEAR: 2022
LATITUDE: 39 15 N
LONGITUDE: 106 18 W
[TEMPERATURE DATA] [PRECIPITATION DATA] SYMBOLS USED IN COLUMN 16
AVERAGE MONTHLY: 14.8 TOTAL FOR MONTH: 1.08 1 = FOG OR MIST
DPTR FM NORMAL: -3.3 DPTR FM NORMAL: 0.17 2 = FOG REDUCING VISIBILITY
HIGHEST: 45 ON 28 GRTST 24HR 0.45 ON 22-23 TO 1/4 MILE OR LESS
LOWEST: -22 ON 3 3 = THUNDER
SNOW, ICE PELLETS, HAIL 4 = ICE PELLETS
TOTAL MONTH: M 5 = HAIL
GRTST 24HR M ON M 6 = FREEZING RAIN OR DRIZZLE
GRTST DEPTH: M ON M 7 = DUSTSTORM OR SANDSTORM:
VSBY 1/2 MILE OR LESS
8 = SMOKE OR HAZE
[NO. OF DAYS WITH] [WEATHER - DAYS WITH] 9 = BLOWING SNOW
X = TORNADO
MAX 32 OR BELOW: 17 0.01 INCH OR MORE: 9
MAX 90 OR ABOVE: 0 0.10 INCH OR MORE: 3
MIN 32 OR BELOW: 28 0.50 INCH OR MORE: 0
MIN 0 OR BELOW: 14 1.00 INCH OR MORE: 0
[HDD (BASE 65) ]
TOTAL THIS MO. 1400 CLEAR (SCALE 0-3) 18
DPTR FM NORMAL 88 PTCLDY (SCALE 4-7) 7
TOTAL FM JUL 1 7103 CLOUDY (SCALE 8-10) 3
DPTR FM NORMAL -493
[CDD (BASE 65) ]
TOTAL THIS MO. 0
DPTR FM NORMAL 0 [PRESSURE DATA]
TOTAL FM JAN 1 0 HIGHEST SLP 30.69 ON 4
DPTR FM NORMAL 0 LOWEST SLP 29.32 ON 21
[REMARKS]
#FINAL-02-22#