000
CXUS51 KRNK 010734
CLSLYH
CLIMATE REPORT
NATIONAL WEATHER SERVICE BLACKSBURG, VA
334 AM EDT TUE SEP 01 2020
...................................
...THE LYNCHBURG VA CLIMATE SUMMARY FOR THE SEASON, FROM
6/1/2020 TO 8/31/2020...
CLIMATE NORMAL PERIOD: 1981 TO 2010
CLIMATE RECORD PERIOD: 1893 TO 2020
WEATHER OBSERVED NORMAL DEPART LAST YEAR`S
VALUE DATE(S) VALUE FROM VALUE
NORMAL
..............................................................
TEMPERATURE (F)
RECORD
HIGH 106 07/10/1936
LOW 7 06/17/2015
HIGHEST 99 07/19 98
07/20
LOWEST 52 06/01 45
AVG. MAXIMUM 87.9 85.0 2.9 87.3
AVG. MINIMUM 67.1 62.4 4.7 63.9
MEAN 77.5 73.7 3.8 75.6
DAYS MAX >= 90 43 19.1 23.9 40
DAYS MAX <= 32 0 0.0 0.0 0
DAYS MIN <= 32 0 0.0 0.0 0
DAYS MIN <= 0 0 0.0 0.0 0
PRECIPITATION (INCHES)
RECORD
MAXIMUM 22.66 1989
MINIMUM 3.89 1930
TOTALS 19.61 11.24 8.37 10.27
DAYS >= .01 40 31.1 8.9 37
DAYS >= .10 27 19.1 7.9 17
DAYS >= .50 12 7.5 4.5 8
DAYS >= 1.00 7 2.9 4.1 4
GREATEST
24 HR. TOTAL 2.59 2.10
SNOWFALL (INCHES)
TOTALS 0.0 0.0
DAYS >= TRACE 0 0
DAYS >= 1.0 0 0
GREATEST
24 HR TOTAL 0.0 0.0
DEGREE DAYS
HEATING TOTAL 11 17 -6 2
COOLING TOTAL 1188 817 371 1003
..............................................................
WIND (MPH)
AVERAGE WIND SPEED 4.1
RESULTANT WIND SPEED/DIRECTION 1/160
HIGHEST WIND SPEED/DIRECTION 35/290 DATE 07/28
HIGHEST GUST SPEED/DIRECTION 44/290 DATE 07/28
- INDICATES NEGATIVE NUMBERS.
R INDICATES RECORD WAS SET OR TIED.
MM INDICATES DATA IS MISSING.
T INDICATES TRACE AMOUNT.
$$