000
CXUS52 KTAE 010900
CF6MAI
PRELIMINARY LOCAL CLIMATOLOGICAL DATA (WS FORM: F-6)
STATION: MARIANNA
MONTH: FEBRUARY
YEAR: 2023
LATITUDE: 30 50 N
LONGITUDE: 85 11 W
TEMPERATURE IN F: :PCPN: SNOW: WIND :SUNSHINE: SKY :PK WND
================================================================================
1 2 3 4 5 6A 6B 7 8 9 10 11 12 13 14 15 16 17 18
12Z AVG MX 2MIN
DY MAX MIN AVG DEP HDD CDD WTR SNW DPTH SPD SPD DIR MIN PSBL S-S WX SPD DR
================================================================================
1 79 60 70 17 0 5 0.00 0.0 M 3.1 10 250 M M 6 1 13 330
2 77 56 67 14 0 2 0.05 0.0 M 8.6 23 220 M M 9 12 29 220
3 62 42 52 -1 13 0 0.12 0.0 M 11.5 20 350 M M 4 1 26 10
4 64 34 49 -4 16 0 0.00 0.0 0 7.9 15 60 M M 0 20 290
5 70 45 58 4 7 0 0.00 0.0 M 3.5 10 60 M M 5 26 340
6 72 41 57 3 8 0 0.00 0.0 0 2.1 13 40 M M 0 1 17 30
7 74 39 57 3 8 0 0.00 0.0 0 3.6 14 170 M M 2 19 200
8 81 51 66 12 0 1 0.00 0.0 0 5.6 18 190 M M 2 22 190
9 77 54 66 12 0 1 0.02 0.0 0 5.1 16 170 M M 5 20 160
10 65 53 59 5 6 0 0.40 0.0 M 5.7 16 350 M M 10 1 23 30
11 57 48 53 -2 12 0 1.26 0.0 M 9.3 24 260 M M 9 1 31 260
12 54 36 45 -10 20 0 T 0.0 0 9.8 24 280 M M 6 33 270
13 69 34 52 -3 13 0 0.00 0.0 0 3.5 13 300 M M 0 20 330
14 75 36 56 1 9 0 0.00 M M 5.0 16 180 M M 0 1 22 160
15 78 47 63 7 2 0 0.00 0.0 0 6.2 18 200 M M 4 1 22 190
16 81 55 68 12 0 3 0.00 0.0 0 8.8 23 190 M M 6 1 31 190
17 73 40 57 1 8 0 0.16 0.0 M 14.5 25 310 M M 6 1 32 310
18 58 31 45 -11 20 0 0.00 0.0 M 8.2 18 40 M M 0 24 10
19 71 37 54 -2 11 0 0.00 0.0 0 2.7 10 270 M M 1 16 290
20 76 46 61 5 4 0 0.00 0.0 0 9.4 21 230 M M 0 24 220
21 80 63 72 15 0 7 T 0.0 M 11.5 22 250 M M 4 29 260
22 85 66 76 19 0 11 0.00 0.0 M 12.9 28 200 M M 6 36 190
23 85 68 77 20 0 12 0.00 0.0 M 10.5 21 240 M M 6 1 27 230
24 84 66 75 18 0 10 0.00 0.0 M 6.4 15 210 M M 4 12 19 180
25 82 63 73 15 0 8 0.00 0.0 M 6.1 14 280 M M 6 18 250
26 83 61 72 14 0 7 0.00 0.0 M 5.7 15 220 M M 4 1 20 220
27 82 62 72 14 0 7 0.00 0.0 M 14.3 28 230 M M 6 1 33 230
28 85 68 77 19 0 12 0.00 0.0 0 10.6 20 210 M M 6 25 250
================================================================================
SM 2079 1402 157 86 2.01 0.0 212.1 M 117
================================================================================
AV 74.3 50.1 7.6 FASTST M M 4 MAX(MPH)
MISC ----> # 28 200 36 190
================================================================================
NOTES:
# LAST OF SEVERAL OCCURRENCES
COLUMN 17 PEAK WIND IN M.P.H.
PRELIMINARY LOCAL CLIMATOLOGICAL DATA (WS FORM: F-6) , PAGE 2
STATION: MARIANNA
MONTH: FEBRUARY
YEAR: 2023
LATITUDE: 30 50 N
LONGITUDE: 85 11 W
[TEMPERATURE DATA] [PRECIPITATION DATA] SYMBOLS USED IN COLUMN 16
AVERAGE MONTHLY: 62.2 TOTAL FOR MONTH: 2.01 1 = FOG OR MIST
DPTR FM NORMAL: 6.8 DPTR FM NORMAL: -2.48 2 = FOG REDUCING VISIBILITY
HIGHEST: 85 ON 28,23 GRTST 24HR 1.60 ON 10-11 TO 1/4 MILE OR LESS
LOWEST: 31 ON 18 3 = THUNDER
SNOW, ICE PELLETS, HAIL 4 = ICE PELLETS
TOTAL MONTH: 0.0 INCH 5 = HAIL
GRTST 24HR 0.0 6 = FREEZING RAIN OR DRIZZLE
GRTST DEPTH: 0 7 = DUSTSTORM OR SANDSTORM:
VSBY 1/2 MILE OR LESS
8 = SMOKE OR HAZE
[NO. OF DAYS WITH] [WEATHER - DAYS WITH] 9 = BLOWING SNOW
X = TORNADO
MAX 32 OR BELOW: 0 0.01 INCH OR MORE: 6
MAX 90 OR ABOVE: 0 0.10 INCH OR MORE: 4
MIN 32 OR BELOW: 1 0.50 INCH OR MORE: 1
MIN 0 OR BELOW: 0 1.00 INCH OR MORE: 1
[HDD (BASE 65) ]
TOTAL THIS MO. 157 CLEAR (SCALE 0-3) 9
DPTR FM NORMAL -128 PTCLDY (SCALE 4-7) 16
TOTAL FM JUL 1 1008 CLOUDY (SCALE 8-10) 3
DPTR FM NORMAL -300
[CDD (BASE 65) ]
TOTAL THIS MO. 86
DPTR FM NORMAL 69 [PRESSURE DATA]
TOTAL FM JAN 1 118 HIGHEST SLP 30.50 ON 4
DPTR FM NORMAL 90 LOWEST SLP 29.75 ON 11
[REMARKS]
#FINAL-02-23#