000
CXUS53 KABR 011326
CLAMBG
CLIMATE REPORT
NATIONAL WEATHER SERVICE ABERDEEN SD
726 AM CST MON JAN 01 2024
...................................
...THE MOBRIDGE SD CLIMATE SUMMARY FOR THE YEAR OF 2023...
CLIMATE NORMAL PERIOD 1991 TO 2020
CLIMATE RECORD PERIOD 1911 TO 2023
WEATHER OBSERVED NORMAL DEPART LAST YEAR`S
VALUE DATE(S) VALUE FROM VALUE DATE(S)
NORMAL
................................................................
TEMPERATURE (F)
RECORD
HIGH 116 07/15/2006
07/16/1936
LOW -44 02/19/1929
HIGHEST 101 07/26 MM MM 106 08/02
09/02
LOWEST -22 02/24 MM MM -20 02/23
AVG. MAXIMUM 58.7 58.2 0.5 58.3
AVG. MINIMUM 35.0 34.6 0.4 33.0
MEAN 46.9 46.4 0.5 45.7
DAYS MAX >= 90 28 28.9 -0.9 39
DAYS MAX <= 32 62 64.9 -2.9 70
DAYS MIN <= 32 178 170.8 7.2 179
DAYS MIN <= 0 12 29.0 -17.0 36
PRECIPITATION (INCHES)
RECORD
MAXIMUM 29.53 2019
MINIMUM 6.15 1934
TOTALS 21.55 17.99 3.56 16.98
DAILY AVG. 0.06 0.05 0.01 0.05
DAYS >= .01 79 91.2 -12.2 86
DAYS >= .10 44 38.1 5.9 31
DAYS >= .50 10 9.8 0.2 12
DAYS >= 1.00 6 2.7 3.3 2
SNOWFALL (INCHES)
RECORDS
TOTAL 104.1 2019
TOTALS 38.5 31.0 7.5 15.7
LIQUID EQUIV 3.90 3.10 0.80 1.60
SINCE 7/1 4.5 11.0 -6.5 MM
LIQUID 7/1 0.45 1.00 -0.55 MM
DAYS >= TRACE 56 23.0 33.0 66
DAYS >= 1.0 14 10.5 3.5 7
DEGREE DAYS
HEATING TOTAL 7318 7549 -231 7881
SINCE 7/1 2493 2961 -468 MM
COOLING TOTAL 831 812 19 968
SINCE 1/1 831 812 19 MM
................................................................
WIND (MPH)
AVERAGE WIND SPEED 9.3
HIGHEST WIND SPEED/DIRECTION 41/310 DATE 01/27
HIGHEST GUST SPEED/DIRECTION 57/320 DATE 10/17
- INDICATES NEGATIVE NUMBERS.
R INDICATES RECORD WAS SET OR TIED.
MM INDICATES DATA IS MISSING.
T INDICATES TRACE AMOUNT.
$$