000
CXUS53 KDTX 031528
CF6MBS
PRELIMINARY LOCAL CLIMATOLOGICAL DATA (WS FORM: F-6)
STATION: TRI CITIES MI
MONTH: DECEMBER
YEAR: 2021
LATITUDE: 43 31 N
LONGITUDE: 84 5 W
TEMPERATURE IN F: :PCPN: SNOW: WIND :SUNSHINE: SKY :PK WND
================================================================================
1 2 3 4 5 6A 6B 7 8 9 10 11 12 13 14 15 16 17 18
12Z AVG MX 2MIN
DY MAX MIN AVG DEP HDD CDD WTR SNW DPTH SPD SPD DIR MIN PSBL S-S WX SPD DR
================================================================================
1 42 27 35 2 30 0 0.00 0.0 T 8.6 17 190 M M 7 18 26 210
2 49 32 41 8 24 0 T 0.0 0 15.3 30 310 M M 6 18 48 320
3 37 31 34 2 31 0 0.00 0.0 0 2.9 8 220 M M 8 11 310
4 40 29 35 3 30 0 0.00 0.0 0 11.6 22 280 M M 2 33 270
5 33 27 30 -2 35 0 0.20 0.5 0 7.9 24 100 M M 9 16 30 90
6 36 23 30 -2 35 0 0.01 0.2 0 17.7 36 260 M M 10 1 47 250
7 23 18 21 -10 44 0 T T 0 9.9 21 260 M M 7 27 280
8 27 18 23 -8 42 0 0.04 1.9 2 6.9 14 180 M M 8 1 18 180
9 36 18 27 -4 38 0 T T 2 8.2 18 130 M M 7 18 24 90
10 41 31 36 6 29 0 0.29 0.0 1 7.4 21 100 M M 5 18 31 100
11 60 32 46 16 19 0 0.41 0.0 0 20.1 45 240 M M 7 1 60 250
12 46 30 38 8 27 0 0.00 0.0 0 15.9 26 230 M M 0 36 230
13 48 31 40 10 25 0 0.00 0.0 0 13.6 23 220 M M 0 31 230
14 46 29 38 9 27 0 0.00 0.0 0 7.9 15 120 M M 2 20 120
15 62 41 52 23 13 0 0.19 0.0 0 12.2 23 200 M M 10 1 32 200
16 62 35 49 20 16 0 0.00 0.0 0 24.2 43 230 M M 4 8 62 230
17 36 28 32 4 33 0 0.00 0.0 0 10.4 26 250 M M 1 36 250
18 33 29 31 3 34 0 0.09 1.3 0 9.3 14 350 M M 10 1 19 60
19 30 20 25 -3 40 0 0.00 0.0 1 7.4 16 190 M M 6 22 190
20 38 28 33 5 32 0 0.00 0.0 T 15.1 28 220 M M 7 36 230
21 37 24 31 3 34 0 0.00 0.0 0 11.2 31 260 M M 4 8 40 250
22 30 19 25 -2 40 0 T T 0 14.7 26 280 M M 9 37 300
23 31 20 26 -1 39 0 0.09 1.0 0 7.9 17 160 M M 9 128 24 170
24 47 29 38 11 27 0 0.00 0.0 2 6.5 16 180 M M 9 1 22 190
25 46 29 38 11 27 0 0.06 0.0 0 8.1 16 330 M M 6 12 20 320
26 36 23 30 4 35 0 0.00 0.0 0 5.8 12 100 M M 2 14 100
27 36 29 33 7 32 0 0.09 1.9 2 11.2 21 110 M M 9 1 27 120
28 34 27 31 5 34 0 0.06 0.7 1 9.1 22 260 M M 5 1 30 250
29 36 27 32 6 33 0 0.02 0.1 2 6.9 22 260 M M 9 1 30 270
30 33 26 30 4 35 0 0.12 1.8 4 4.7 13 20 M M 10 12 15 340
31 37 32 35 10 30 0 0.02 T 2 5.8 10 220 M M 10 18 14 200
================================================================================
SM 1228 842 970 0 1.69 9.4 324.4 M 198
================================================================================
AV 39.6 27.2 10.5 FASTST M M 6 MAX(MPH)
MISC ----> 45 240 62 230
================================================================================
NOTES:
# LAST OF SEVERAL OCCURRENCES
COLUMN 17 PEAK WIND IN M.P.H.
PRELIMINARY LOCAL CLIMATOLOGICAL DATA (WS FORM: F-6) , PAGE 2
STATION: TRI CITIES MI
MONTH: DECEMBER
YEAR: 2021
LATITUDE: 43 31 N
LONGITUDE: 84 5 W
[TEMPERATURE DATA] [PRECIPITATION DATA] SYMBOLS USED IN COLUMN 16
AVERAGE MONTHLY: 33.4 TOTAL FOR MONTH: 1.69 1 = FOG OR MIST
DPTR FM NORMAL: 4.5 DPTR FM NORMAL: -0.16 2 = FOG REDUCING VISIBILITY
HIGHEST: 62 ON 16,15 GRTST 24HR 0.70 ON 10-11 TO 1/4 MILE OR LESS
LOWEST: 18 ON 9, 8 3 = THUNDER
SNOW, ICE PELLETS, HAIL 4 = ICE PELLETS
TOTAL MONTH: 9.6 INCHES 5 = HAIL
GRTST 24HR 1.9 ON 8- 8 6 = FREEZING RAIN OR DRIZZLE
GRTST DEPTH: 4 ON 30 7 = DUSTSTORM OR SANDSTORM:
VSBY 1/2 MILE OR LESS
8 = SMOKE OR HAZE
[NO. OF DAYS WITH] [WEATHER - DAYS WITH] 9 = BLOWING SNOW
X = TORNADO
MAX 32 OR BELOW: 5 0.01 INCH OR MORE: 14
MAX 90 OR ABOVE: 0 0.10 INCH OR MORE: 5
MIN 32 OR BELOW: 29 0.50 INCH OR MORE: 0
MIN 0 OR BELOW: 0 1.00 INCH OR MORE: 0
[HDD (BASE 65) ]
TOTAL THIS MO. 970 CLEAR (SCALE 0-3) 6
DPTR FM NORMAL -149 PTCLDY (SCALE 4-7) 14
TOTAL FM JUL 1 2074 CLOUDY (SCALE 8-10) 11
DPTR FM NORMAL -436
[CDD (BASE 65) ]
TOTAL THIS MO. 0
DPTR FM NORMAL 0 [PRESSURE DATA]
TOTAL FM JAN 1 834 HIGHEST SLP 30.54 ON 14
DPTR FM NORMAL 202 LOWEST SLP 29.05 ON 11
[REMARKS]
#FINAL-12-21#